{"id":9754,"date":"2025-01-30T23:51:20","date_gmt":"2025-01-30T23:51:20","guid":{"rendered":"https:\/\/institutounao.com.mx\/?page_id=9754"},"modified":"2025-01-30T23:51:36","modified_gmt":"2025-01-30T23:51:36","slug":"se25-5-constancia-de-culminacion-de-estudios-estudiantes-que-cursaron-y-acreditaron-la-especialidad-en-intervencion-pedagogica-en-el-lenguaje","status":"publish","type":"page","link":"https:\/\/institutounao.com.mx\/index.php\/se25-5-constancia-de-culminacion-de-estudios-estudiantes-que-cursaron-y-acreditaron-la-especialidad-en-intervencion-pedagogica-en-el-lenguaje\/","title":{"rendered":"SE25.5 -Constancia de culminaci\u00f3n de estudios -Estudiantes que cursaron y acreditaron la Especialidad en Intervenci\u00f3n Pedag\u00f3gica en el Lenguaje."},"content":{"rendered":"\t\t<div data-elementor-type=\"wp-page\" data-elementor-id=\"9754\" class=\"elementor elementor-9754\">\n\t\t\t\t\t\t<section class=\"elementor-section elementor-top-section elementor-element elementor-element-9712614 elementor-section-boxed elementor-section-height-default elementor-section-height-default\" data-id=\"9712614\" data-element_type=\"section\" data-e-type=\"section\">\n\t\t\t\t\t\t<div class=\"elementor-container elementor-column-gap-default\">\n\t\t\t\t\t<div class=\"elementor-column elementor-col-100 elementor-top-column elementor-element elementor-element-ada4d52\" data-id=\"ada4d52\" data-element_type=\"column\" data-e-type=\"column\">\n\t\t\t<div class=\"elementor-widget-wrap elementor-element-populated\">\n\t\t\t\t\t\t<div class=\"elementor-element elementor-element-256339b elementor-widget elementor-widget-text-editor\" data-id=\"256339b\" data-element_type=\"widget\" data-e-type=\"widget\" data-widget_type=\"text-editor.default\">\n\t\t\t\t<div class=\"elementor-widget-container\">\n\t\t\t\t\t\t\t\t\t<section class=\"elementor-section elementor-top-section elementor-element elementor-element-2071441 elementor-section-boxed elementor-section-height-default elementor-section-height-default\" data-id=\"2071441\" data-element_type=\"section\">\n<div class=\"elementor-container elementor-column-gap-default\">\n<div class=\"elementor-column elementor-col-100 elementor-top-column elementor-element elementor-element-5a84434\" data-id=\"5a84434\" data-element_type=\"column\">\n<div class=\"elementor-widget-wrap elementor-element-populated\">\n<div class=\"elementor-element elementor-element-3688ba3 elementor-widget elementor-widget-text-editor\" data-id=\"3688ba3\" data-element_type=\"widget\" data-widget_type=\"text-editor.default\">\n<div class=\"elementor-widget-container\">\n<h1><span style=\"color: #99cc00;\">ESPECIALIDAD EN INTERVENCI\u00d3N PEDAG\u00d3GICA EN EL LENGUAJE.<\/span><\/h1>\n<p><span style=\"color: #000000;\"><strong>Estudiantes que cursaron y acreditaron la Especialidad en Intervenci\u00f3n Pedag\u00f3gica en el Lenguaje.<\/strong><\/span><\/p>\n<\/div>\n<\/div>\n<\/div>\n<\/div>\n<\/div>\n<\/section>\n<section class=\"elementor-section elementor-top-section elementor-element elementor-element-8bc111c elementor-section-boxed elementor-section-height-default elementor-section-height-default\" data-id=\"8bc111c\" data-element_type=\"section\">\n<div class=\"elementor-container elementor-column-gap-default\">\n<div class=\"elementor-column elementor-col-100 elementor-top-column elementor-element elementor-element-673cd87\" data-id=\"673cd87\" data-element_type=\"column\">\n<div class=\"elementor-widget-wrap elementor-element-populated\">\n<div class=\"elementor-element elementor-element-1fb212f elementor-widget elementor-widget-text-editor\" data-id=\"1fb212f\" data-element_type=\"widget\" data-widget_type=\"text-editor.default\">\n<div class=\"elementor-widget-container\">\n<p>Instituci\u00f3n: Instituto Universitario Antequera de Oaxaca.&nbsp;<br>Programa: Especialidad en Intervenci\u00f3n Pedag\u00f3gica en el Lenguaje.<br>Modalidad: No Escolarizada.<\/p>\n<p>Estudiantes que acreditaron:&nbsp;<\/p>\n<p>ARANZA MICHELLE LOPEZ NU\u00d1EZ.<\/p>\n<p>EDUARDO ALEJANDRO RICO MARTINEZ.<\/p>\n<p>NORMA NDAITA SUAREZ ARTERO.<\/p>\n<p>EVA MONICA RAMIREZ RAMIREZ.<\/p>\n<p>LITZI CLARISA SEL PERALTA.<\/p>\n<p>HERNAN ALBERTO TUZ SANCHEZ.<\/p>\n<p>MIRIAM BUENROSTRO LOPEZ.<\/p>\n<p>ARELI MAYTE CORONADO CHAVEZ.<\/p>\n<p>VIRIDIANA GARCIA RODRIGUEZ.<\/p>\n<p>ELDA JIMENA DE JESUS HUERTA.<\/p>\n<p>IVONNE AVENDA\u00d1O GARCIA.<\/p>\n<p>MAYRA MONICA GONZALEZ VARELA.<\/p>\n<p>ELVIRA GUADALUPE BERSOZA LOPEZ.<\/p>\n<p>ANGELICA PAOLA TORRES CHAGOYA.<\/p>\n<p>DIANA PALAFOZ LINARES.<\/p>\n<p>ALMA DANIELA MARTINEZ VAZQUEZ.<\/p>\n<\/div>\n<\/div>\n<\/div>\n<\/div>\n<\/div>\n<\/section>\t\t\t\t\t\t\t\t<\/div>\n\t\t\t\t<\/div>\n\t\t\t\t\t<\/div>\n\t\t<\/div>\n\t\t\t\t\t<\/div>\n\t\t<\/section>\n\t\t\t\t<\/div>\n\t\t","protected":false},"excerpt":{"rendered":"<p>ESPECIALIDAD EN INTERVENCI\u00d3N PEDAG\u00d3GICA EN EL LENGUAJE. Estudiantes que cursaron y acreditaron la Especialidad en Intervenci\u00f3n Pedag\u00f3gica en el Lenguaje. Instituci\u00f3n: Instituto Universitario Antequera de Oaxaca.&nbsp;Programa: Especialidad en Intervenci\u00f3n Pedag\u00f3gica en el Lenguaje.Modalidad: No Escolarizada. Estudiantes que acreditaron:&nbsp; ARANZA MICHELLE LOPEZ NU\u00d1EZ. EDUARDO ALEJANDRO RICO MARTINEZ. NORMA NDAITA SUAREZ ARTERO. <a class=\"read-more\" href=\"https:\/\/institutounao.com.mx\/index.php\/se25-5-constancia-de-culminacion-de-estudios-estudiantes-que-cursaron-y-acreditaron-la-especialidad-en-intervencion-pedagogica-en-el-lenguaje\/\">Read More&#8230;<\/a><\/p>\n","protected":false},"author":1,"featured_media":0,"parent":0,"menu_order":0,"comment_status":"closed","ping_status":"closed","template":"","meta":{"_joinchat":[],"footnotes":""},"class_list":["post-9754","page","type-page","status-publish","hentry"],"jetpack_sharing_enabled":true,"_links":{"self":[{"href":"https:\/\/institutounao.com.mx\/index.php\/wp-json\/wp\/v2\/pages\/9754","targetHints":{"allow":["GET"]}}],"collection":[{"href":"https:\/\/institutounao.com.mx\/index.php\/wp-json\/wp\/v2\/pages"}],"about":[{"href":"https:\/\/institutounao.com.mx\/index.php\/wp-json\/wp\/v2\/types\/page"}],"author":[{"embeddable":true,"href":"https:\/\/institutounao.com.mx\/index.php\/wp-json\/wp\/v2\/users\/1"}],"replies":[{"embeddable":true,"href":"https:\/\/institutounao.com.mx\/index.php\/wp-json\/wp\/v2\/comments?post=9754"}],"version-history":[{"count":5,"href":"https:\/\/institutounao.com.mx\/index.php\/wp-json\/wp\/v2\/pages\/9754\/revisions"}],"predecessor-version":[{"id":9759,"href":"https:\/\/institutounao.com.mx\/index.php\/wp-json\/wp\/v2\/pages\/9754\/revisions\/9759"}],"wp:attachment":[{"href":"https:\/\/institutounao.com.mx\/index.php\/wp-json\/wp\/v2\/media?parent=9754"}],"curies":[{"name":"wp","href":"https:\/\/api.w.org\/{rel}","templated":true}]}}