{"id":9399,"date":"2025-01-24T00:19:38","date_gmt":"2025-01-24T00:19:38","guid":{"rendered":"https:\/\/institutounao.com.mx\/?page_id=9399"},"modified":"2025-08-05T05:19:13","modified_gmt":"2025-08-05T05:19:13","slug":"se24-100-inscripciones-especialidad-en-intervencion-pedagogica-en-el-lenguaje-estudiantes-inscritos-al-ciclo-escolar-enero-junio-2025-2025-2","status":"publish","type":"page","link":"https:\/\/institutounao.com.mx\/index.php\/se24-100-inscripciones-especialidad-en-intervencion-pedagogica-en-el-lenguaje-estudiantes-inscritos-al-ciclo-escolar-enero-junio-2025-2025-2\/","title":{"rendered":"SE24-100-Inscripciones-Especialidad en Intervenci\u00f3n Pedag\u00f3gica en el Lenguaje-Estudiantes inscritos al ciclo escolar enero-junio 2025 (2025-2)."},"content":{"rendered":"\t\t<div data-elementor-type=\"wp-page\" data-elementor-id=\"9399\" class=\"elementor elementor-9399\">\n\t\t\t\t\t\t<section class=\"elementor-section elementor-top-section elementor-element elementor-element-0a63abe elementor-section-boxed elementor-section-height-default elementor-section-height-default\" data-id=\"0a63abe\" data-element_type=\"section\" data-e-type=\"section\">\n\t\t\t\t\t\t<div class=\"elementor-container elementor-column-gap-default\">\n\t\t\t\t\t<div class=\"elementor-column elementor-col-100 elementor-top-column elementor-element elementor-element-835f92a\" data-id=\"835f92a\" data-element_type=\"column\" data-e-type=\"column\">\n\t\t\t<div class=\"elementor-widget-wrap elementor-element-populated\">\n\t\t\t\t\t\t<div class=\"elementor-element elementor-element-3e37f6c elementor-widget elementor-widget-heading\" data-id=\"3e37f6c\" data-element_type=\"widget\" data-e-type=\"widget\" data-widget_type=\"heading.default\">\n\t\t\t\t<div class=\"elementor-widget-container\">\n\t\t\t\t\t<h2 class=\"elementor-heading-title elementor-size-default\">Especialidad en Intervenci\u00f3n Pedag\u00f3gica en el Lenguaje.<br><\/h2>\t\t\t\t<\/div>\n\t\t\t\t<\/div>\n\t\t\t\t\t<\/div>\n\t\t<\/div>\n\t\t\t\t\t<\/div>\n\t\t<\/section>\n\t\t\t\t<section class=\"elementor-section elementor-top-section elementor-element elementor-element-93d1b14 elementor-section-boxed elementor-section-height-default elementor-section-height-default\" data-id=\"93d1b14\" data-element_type=\"section\" data-e-type=\"section\">\n\t\t\t\t\t\t<div class=\"elementor-container elementor-column-gap-default\">\n\t\t\t\t\t<div class=\"elementor-column elementor-col-100 elementor-top-column elementor-element elementor-element-eecc2a8\" data-id=\"eecc2a8\" data-element_type=\"column\" data-e-type=\"column\">\n\t\t\t<div class=\"elementor-widget-wrap elementor-element-populated\">\n\t\t\t\t\t\t<div class=\"elementor-element elementor-element-35fa03d elementor-widget__width-initial elementor-widget elementor-widget-text-editor\" data-id=\"35fa03d\" data-element_type=\"widget\" data-e-type=\"widget\" data-widget_type=\"text-editor.default\">\n\t\t\t\t<div class=\"elementor-widget-container\">\n\t\t\t\t\t\t\t\t\t<p><span style=\"font-family: Poppins, sans-serif; font-size: 16px;\">Estudiantes inscritos al ciclo escolar enero &#8211; junio 2025 (2025-2) en la Especialidad en Intervenci\u00f3n Pedag\u00f3gica en el Lenguaje y que recibieron de conformidad la siguiente documentaci\u00f3n:<\/span><\/p>\t\t\t\t\t\t\t\t<\/div>\n\t\t\t\t<\/div>\n\t\t\t\t\t<\/div>\n\t\t<\/div>\n\t\t\t\t\t<\/div>\n\t\t<\/section>\n\t\t\t\t<section class=\"elementor-section elementor-top-section elementor-element elementor-element-fd1291f elementor-section-boxed elementor-section-height-default elementor-section-height-default\" data-id=\"fd1291f\" data-element_type=\"section\" data-e-type=\"section\">\n\t\t\t\t\t\t<div class=\"elementor-container elementor-column-gap-default\">\n\t\t\t\t\t<div class=\"elementor-column elementor-col-100 elementor-top-column elementor-element elementor-element-0fc6810\" data-id=\"0fc6810\" data-element_type=\"column\" data-e-type=\"column\">\n\t\t\t<div class=\"elementor-widget-wrap elementor-element-populated\">\n\t\t\t\t\t\t<div class=\"elementor-element elementor-element-6c8ea7b elementor-widget elementor-widget-text-editor\" data-id=\"6c8ea7b\" data-element_type=\"widget\" data-e-type=\"widget\" data-widget_type=\"text-editor.default\">\n\t\t\t\t<div class=\"elementor-widget-container\">\n\t\t\t\t\t\t\t\t\t<ul style=\"font-size: 16px; font-family: Poppins, sans-serif;\"><li>Formato de inscripci\u00f3n al plan de estudios.<\/li><li>Solicitud de beca.<\/li><li>Oficio de asignaci\u00f3n de beca.<\/li><li>Carta compromiso de pagos.<\/li><\/ul>\t\t\t\t\t\t\t\t<\/div>\n\t\t\t\t<\/div>\n\t\t\t\t\t<\/div>\n\t\t<\/div>\n\t\t\t\t\t<\/div>\n\t\t<\/section>\n\t\t\t\t<section class=\"elementor-section elementor-top-section elementor-element elementor-element-f02b57b elementor-section-boxed elementor-section-height-default elementor-section-height-default\" data-id=\"f02b57b\" data-element_type=\"section\" data-e-type=\"section\">\n\t\t\t\t\t\t<div class=\"elementor-container elementor-column-gap-default\">\n\t\t\t\t\t<div class=\"elementor-column elementor-col-100 elementor-top-column elementor-element elementor-element-c2d04f2\" data-id=\"c2d04f2\" data-element_type=\"column\" data-e-type=\"column\">\n\t\t\t<div class=\"elementor-widget-wrap elementor-element-populated\">\n\t\t\t\t\t\t<div class=\"elementor-element elementor-element-2f4eb3c elementor-widget elementor-widget-text-editor\" data-id=\"2f4eb3c\" data-element_type=\"widget\" data-e-type=\"widget\" data-widget_type=\"text-editor.default\">\n\t\t\t\t<div class=\"elementor-widget-container\">\n\t\t\t\t\t\t\t\t\t<ul><li>CITLALLI CASTILLO RUGEIRO.<\/li><li>ELVIA ROMAN RIOS<\/li><li>OLIVER RESENDIZ SANCHEZ<\/li><li>TRACY MARIELA SALAZAR SIERRA<\/li><li>ROSA MARIA GOMEZ QUIROZ<\/li><li>CYNTHIA GABRIELA CABRERA AVILA<\/li><li>KARLA MARIANA RAMIREZ TORRALVA<\/li><li>OLIVIA ELIZABETH MARTINEZ VILLAR<\/li><li>EDUARDO RAMIREZ GONZALEZ<\/li><li>NAYELI BAUTISTA MARGARITO<\/li><li>EDGAR EDUARDO GUTIERREZ ALCANTARA<\/li><li>DIANA LAURA LARA LARA<\/li><li>DULCE ISABELE MALDONADO HERNANDEZ<\/li><li>MILCA ANDREA LIMON CRUZ<\/li><li>MARIA TERESA REYES IBA\u00d1EZ<\/li><li>MIRELLA ITZEL RODRIGUEZ LEYTE<\/li><li>PAULINA ORTEGA MOTA<\/li><li>DIANA LAURA ROMERO SANCHEZ<\/li><li>NAIL ELENA PATRICIA ALVAREZ ARAGON<\/li><li>CATALINA TORRES GALLEGOS<\/li><li>JOHANNA ALESSANDRA MARRUFO MOO<\/li><li>MARIA DEL SOL VAZQUEZ NIETO<\/li><li>ERICK EMMANUEL RODRIGUEZ CRUZ\u00a0<\/li><li>LAURA LILIANA VAZQUEZ RODRIGUEZ<\/li><li>EUSEBIO ARELLANO ARO\u00d1A<\/li><li>DEISY LIZZETH REYES PACHECO<\/li><li>KARINA DOMINGUEZ PAZ<\/li><li>LILIANA MORALES RIVERA<\/li><li>SINDY LUZANILLA CHAVEZ<\/li><li>ARIAGNA ITZEL CRUZ RAMOS<\/li><li>MARYCRUZ PEREZ ARELLANES<\/li><\/ul>\t\t\t\t\t\t\t\t<\/div>\n\t\t\t\t<\/div>\n\t\t\t\t\t<\/div>\n\t\t<\/div>\n\t\t\t\t\t<\/div>\n\t\t<\/section>\n\t\t\t\t<\/div>\n\t\t","protected":false},"excerpt":{"rendered":"<p>Especialidad en Intervenci\u00f3n Pedag\u00f3gica en el Lenguaje. Estudiantes inscritos al ciclo escolar enero &#8211; junio 2025 (2025-2) en la Especialidad en Intervenci\u00f3n Pedag\u00f3gica en el Lenguaje y que recibieron de conformidad la siguiente documentaci\u00f3n: Formato de inscripci\u00f3n al plan de estudios. Solicitud de beca. Oficio de asignaci\u00f3n de beca. Carta <a class=\"read-more\" href=\"https:\/\/institutounao.com.mx\/index.php\/se24-100-inscripciones-especialidad-en-intervencion-pedagogica-en-el-lenguaje-estudiantes-inscritos-al-ciclo-escolar-enero-junio-2025-2025-2\/\">Read More&#8230;<\/a><\/p>\n","protected":false},"author":1,"featured_media":0,"parent":0,"menu_order":0,"comment_status":"closed","ping_status":"closed","template":"","meta":{"_joinchat":[],"footnotes":""},"class_list":["post-9399","page","type-page","status-publish","hentry"],"jetpack_sharing_enabled":true,"_links":{"self":[{"href":"https:\/\/institutounao.com.mx\/index.php\/wp-json\/wp\/v2\/pages\/9399","targetHints":{"allow":["GET"]}}],"collection":[{"href":"https:\/\/institutounao.com.mx\/index.php\/wp-json\/wp\/v2\/pages"}],"about":[{"href":"https:\/\/institutounao.com.mx\/index.php\/wp-json\/wp\/v2\/types\/page"}],"author":[{"embeddable":true,"href":"https:\/\/institutounao.com.mx\/index.php\/wp-json\/wp\/v2\/users\/1"}],"replies":[{"embeddable":true,"href":"https:\/\/institutounao.com.mx\/index.php\/wp-json\/wp\/v2\/comments?post=9399"}],"version-history":[{"count":10,"href":"https:\/\/institutounao.com.mx\/index.php\/wp-json\/wp\/v2\/pages\/9399\/revisions"}],"predecessor-version":[{"id":10788,"href":"https:\/\/institutounao.com.mx\/index.php\/wp-json\/wp\/v2\/pages\/9399\/revisions\/10788"}],"wp:attachment":[{"href":"https:\/\/institutounao.com.mx\/index.php\/wp-json\/wp\/v2\/media?parent=9399"}],"curies":[{"name":"wp","href":"https:\/\/api.w.org\/{rel}","templated":true}]}}