{"id":9205,"date":"2024-12-18T19:29:40","date_gmt":"2024-12-18T19:29:40","guid":{"rendered":"https:\/\/institutounao.com.mx\/?page_id=9205"},"modified":"2024-12-18T19:29:53","modified_gmt":"2024-12-18T19:29:53","slug":"se24-83-taller-de-habilidades-investigativas-redaccion-de-textos-academicos","status":"publish","type":"page","link":"https:\/\/institutounao.com.mx\/index.php\/se24-83-taller-de-habilidades-investigativas-redaccion-de-textos-academicos\/","title":{"rendered":"SE24.83 Taller de Habilidades Investigativas: Redacci\u00f3n de Textos Acad\u00e9micos."},"content":{"rendered":"\t\t<div data-elementor-type=\"wp-page\" data-elementor-id=\"9205\" class=\"elementor elementor-9205\">\n\t\t\t\t\t\t<section class=\"elementor-section elementor-top-section elementor-element elementor-element-4ba26dc elementor-section-boxed elementor-section-height-default elementor-section-height-default\" data-id=\"4ba26dc\" data-element_type=\"section\" data-e-type=\"section\">\n\t\t\t\t\t\t<div class=\"elementor-container elementor-column-gap-default\">\n\t\t\t\t\t<div class=\"elementor-column elementor-col-100 elementor-top-column elementor-element elementor-element-e369ce5\" data-id=\"e369ce5\" data-element_type=\"column\" data-e-type=\"column\">\n\t\t\t<div class=\"elementor-widget-wrap elementor-element-populated\">\n\t\t\t\t\t\t<div class=\"elementor-element elementor-element-7dd5b72 elementor-widget elementor-widget-heading\" data-id=\"7dd5b72\" data-element_type=\"widget\" data-e-type=\"widget\" data-widget_type=\"heading.default\">\n\t\t\t\t<div class=\"elementor-widget-container\">\n\t\t\t\t\t<h2 class=\"elementor-heading-title elementor-size-default\">Maestr\u00eda en Pedagog\u00eda.<\/h2>\t\t\t\t<\/div>\n\t\t\t\t<\/div>\n\t\t\t\t\t<\/div>\n\t\t<\/div>\n\t\t\t\t\t<\/div>\n\t\t<\/section>\n\t\t\t\t<section class=\"elementor-section elementor-top-section elementor-element elementor-element-44cf9e8 elementor-section-boxed elementor-section-height-default elementor-section-height-default\" data-id=\"44cf9e8\" data-element_type=\"section\" data-e-type=\"section\">\n\t\t\t\t\t\t<div class=\"elementor-container elementor-column-gap-default\">\n\t\t\t\t\t<div class=\"elementor-column elementor-col-100 elementor-top-column elementor-element elementor-element-f4376b9\" data-id=\"f4376b9\" data-element_type=\"column\" data-e-type=\"column\">\n\t\t\t<div class=\"elementor-widget-wrap elementor-element-populated\">\n\t\t\t\t\t\t<div class=\"elementor-element elementor-element-b841499 elementor-widget elementor-widget-text-editor\" data-id=\"b841499\" data-element_type=\"widget\" data-e-type=\"widget\" data-widget_type=\"text-editor.default\">\n\t\t\t\t<div class=\"elementor-widget-container\">\n\t\t\t\t\t\t\t\t\t<p><strong>Taller de Habilidades Investigativas: Redacci\u00f3n\u00a0 de Textos Acad\u00e9micos.<\/strong><\/p>\t\t\t\t\t\t\t\t<\/div>\n\t\t\t\t<\/div>\n\t\t\t\t\t<\/div>\n\t\t<\/div>\n\t\t\t\t\t<\/div>\n\t\t<\/section>\n\t\t\t\t<section class=\"elementor-section elementor-top-section elementor-element elementor-element-7c02ad8 elementor-section-boxed elementor-section-height-default elementor-section-height-default\" data-id=\"7c02ad8\" data-element_type=\"section\" data-e-type=\"section\">\n\t\t\t\t\t\t<div class=\"elementor-container elementor-column-gap-default\">\n\t\t\t\t\t<div class=\"elementor-column elementor-col-100 elementor-top-column elementor-element elementor-element-d278c82\" data-id=\"d278c82\" data-element_type=\"column\" data-e-type=\"column\">\n\t\t\t<div class=\"elementor-widget-wrap elementor-element-populated\">\n\t\t\t\t\t\t<div class=\"elementor-element elementor-element-2635f19 elementor-widget elementor-widget-text-editor\" data-id=\"2635f19\" data-element_type=\"widget\" data-e-type=\"widget\" data-widget_type=\"text-editor.default\">\n\t\t\t\t<div class=\"elementor-widget-container\">\n\t\t\t\t\t\t\t\t\t<p>Instituci\u00f3n: Instituto Universitario Antequera de Oaxaca.&nbsp;<br>Ciclo Escolar: julio &#8211; diciembre de 2024 (2025-1).<br>Programa: Maestr\u00eda en Pedagog\u00eda.<br>Semestre: Segundo.<br>Modalidad: Virtual.<br>Horas lectivas: 15 horas lectivas.<br>Imparte: Dr. JOSE G\u00dcNTER PETRAK ROMERO.<\/p>\n<p>Participantes que acreditaron:&nbsp;<\/p>\n<ul>\n<li>PMP1 2024-2&nbsp; &nbsp;ANGELINA CASTILLO PEREZ.<\/li>\n<li>PMP2 2024-2&nbsp; &nbsp;VERONICA GARCIA MONFIL.<\/li>\n<li>PMP3 2024-2&nbsp; &nbsp;CARMELA TORRES GARCIA.<\/li>\n<li>PMP5 2024-2&nbsp; &nbsp;MONICA HERNANDEZ CORTES.<\/li>\n<li>PMP8 2024-2&nbsp; &nbsp;MARITZA PEREZ CRUZ.<\/li>\n<\/ul>\t\t\t\t\t\t\t\t<\/div>\n\t\t\t\t<\/div>\n\t\t\t\t\t<\/div>\n\t\t<\/div>\n\t\t\t\t\t<\/div>\n\t\t<\/section>\n\t\t\t\t<\/div>\n\t\t","protected":false},"excerpt":{"rendered":"<p>Maestr\u00eda en Pedagog\u00eda. Taller de Habilidades Investigativas: Redacci\u00f3n\u00a0 de Textos Acad\u00e9micos. Instituci\u00f3n: Instituto Universitario Antequera de Oaxaca.&nbsp;Ciclo Escolar: julio &#8211; diciembre de 2024 (2025-1).Programa: Maestr\u00eda en Pedagog\u00eda.Semestre: Segundo.Modalidad: Virtual.Horas lectivas: 15 horas lectivas.Imparte: Dr. JOSE G\u00dcNTER PETRAK ROMERO. Participantes que acreditaron:&nbsp; PMP1 2024-2&nbsp; &nbsp;ANGELINA CASTILLO PEREZ. PMP2 2024-2&nbsp; &nbsp;VERONICA GARCIA <a class=\"read-more\" href=\"https:\/\/institutounao.com.mx\/index.php\/se24-83-taller-de-habilidades-investigativas-redaccion-de-textos-academicos\/\">Read More&#8230;<\/a><\/p>\n","protected":false},"author":1,"featured_media":0,"parent":0,"menu_order":0,"comment_status":"closed","ping_status":"closed","template":"","meta":{"_joinchat":[],"footnotes":""},"class_list":["post-9205","page","type-page","status-publish","hentry"],"jetpack_sharing_enabled":true,"_links":{"self":[{"href":"https:\/\/institutounao.com.mx\/index.php\/wp-json\/wp\/v2\/pages\/9205","targetHints":{"allow":["GET"]}}],"collection":[{"href":"https:\/\/institutounao.com.mx\/index.php\/wp-json\/wp\/v2\/pages"}],"about":[{"href":"https:\/\/institutounao.com.mx\/index.php\/wp-json\/wp\/v2\/types\/page"}],"author":[{"embeddable":true,"href":"https:\/\/institutounao.com.mx\/index.php\/wp-json\/wp\/v2\/users\/1"}],"replies":[{"embeddable":true,"href":"https:\/\/institutounao.com.mx\/index.php\/wp-json\/wp\/v2\/comments?post=9205"}],"version-history":[{"count":5,"href":"https:\/\/institutounao.com.mx\/index.php\/wp-json\/wp\/v2\/pages\/9205\/revisions"}],"predecessor-version":[{"id":9210,"href":"https:\/\/institutounao.com.mx\/index.php\/wp-json\/wp\/v2\/pages\/9205\/revisions\/9210"}],"wp:attachment":[{"href":"https:\/\/institutounao.com.mx\/index.php\/wp-json\/wp\/v2\/media?parent=9205"}],"curies":[{"name":"wp","href":"https:\/\/api.w.org\/{rel}","templated":true}]}}