{"id":9106,"date":"2024-11-22T22:15:12","date_gmt":"2024-11-22T22:15:12","guid":{"rendered":"https:\/\/institutounao.com.mx\/?page_id=9106"},"modified":"2024-11-22T22:18:54","modified_gmt":"2024-11-22T22:18:54","slug":"ecp25-38-taller-pedagogico-la-neuropsicomotricidad-como-base-del-pensamiento-matematico-nem","status":"publish","type":"page","link":"https:\/\/institutounao.com.mx\/index.php\/ecp25-38-taller-pedagogico-la-neuropsicomotricidad-como-base-del-pensamiento-matematico-nem\/","title":{"rendered":"ECP25.38 TALLER PEDAG\u00d3GICO LA NEUROPSICOMOTRICIDAD COMO BASE DEL PENSAMIENTO MATEMATICO (NEM)."},"content":{"rendered":"\t\t<div data-elementor-type=\"wp-page\" data-elementor-id=\"9106\" class=\"elementor elementor-9106\">\n\t\t\t\t\t\t<section class=\"elementor-section elementor-top-section elementor-element elementor-element-0f0f4da elementor-section-boxed elementor-section-height-default elementor-section-height-default\" data-id=\"0f0f4da\" data-element_type=\"section\" data-e-type=\"section\">\n\t\t\t\t\t\t<div class=\"elementor-container elementor-column-gap-default\">\n\t\t\t\t\t<div class=\"elementor-column elementor-col-100 elementor-top-column elementor-element elementor-element-7416e7b\" data-id=\"7416e7b\" data-element_type=\"column\" data-e-type=\"column\">\n\t\t\t<div class=\"elementor-widget-wrap elementor-element-populated\">\n\t\t\t\t\t\t<div class=\"elementor-element elementor-element-cce1736 elementor-widget elementor-widget-text-editor\" data-id=\"cce1736\" data-element_type=\"widget\" data-e-type=\"widget\" data-widget_type=\"text-editor.default\">\n\t\t\t\t<div class=\"elementor-widget-container\">\n\t\t\t\t\t\t\t\t\t<p><strong><span style=\"color: #a4a430;\" data-sheets-root=\"1\">TALLER PEDAG\u00d3GICO LA NEUROPSICOMOTRICIDAD COMO BASE DEL PENSAMIENTO MATEMATICO (NEM).<\/span><\/strong><\/p><p>Acreditaci\u00f3n de Actividades.<\/p><p><b>Datos Generales:<\/b><\/p><p>Instituci\u00f3n: Instituto Universitario Antequera de Oaxaca.<br \/>Clave de Plantel: 20MSY0104Y.<br \/>Periodo: 23 de noviembre 2024.<br \/>Modalidad:\u00a0Presencial.<br \/>Horas lectivas:\u00a010 horas lectivas.<br \/>Imparte: Mtra. Ver\u00f3nica Camacho \u00c1vila.<\/p><p><span style=\"color: #000000;\"><strong>Participantes que acreditaron:<\/strong><\/span><\/p><ol><li>ANNETTE MICHEL MENDEZ MONTES<\/li><li>ARIANE CARMONA DE LA ROSA<\/li><li>BLANCA ESTELA PACHECO MENDEZ<\/li><li>CLAUDIA CORONA REYES<\/li><li>GLORIA GARCIA PEREZ<\/li><li>IRIS CID GUTIERREZ<\/li><li>MARIA TERESA CORTES HERRERA<\/li><li>MARIANA MACUIL PEREZ<\/li><li>ROSARIO PAREDES HERNANDEZ<\/li><li>VICTORIA RUIZ GONZALEZ<\/li><li>YADIRA MEZA PEDRAZA<\/li><li>ZUAD GUADALUPE MONTES DE LA ROSA<\/li><\/ol>\t\t\t\t\t\t\t\t<\/div>\n\t\t\t\t<\/div>\n\t\t\t\t\t<\/div>\n\t\t<\/div>\n\t\t\t\t\t<\/div>\n\t\t<\/section>\n\t\t\t\t<\/div>\n\t\t","protected":false},"excerpt":{"rendered":"<p>TALLER PEDAG\u00d3GICO LA NEUROPSICOMOTRICIDAD COMO BASE DEL PENSAMIENTO MATEMATICO (NEM). Acreditaci\u00f3n de Actividades. Datos Generales: Instituci\u00f3n: Instituto Universitario Antequera de Oaxaca.Clave de Plantel: 20MSY0104Y.Periodo: 23 de noviembre 2024.Modalidad:\u00a0Presencial.Horas lectivas:\u00a010 horas lectivas.Imparte: Mtra. Ver\u00f3nica Camacho \u00c1vila. Participantes que acreditaron: ANNETTE MICHEL MENDEZ MONTES ARIANE CARMONA DE LA ROSA BLANCA ESTELA PACHECO <a class=\"read-more\" href=\"https:\/\/institutounao.com.mx\/index.php\/ecp25-38-taller-pedagogico-la-neuropsicomotricidad-como-base-del-pensamiento-matematico-nem\/\">Read More&#8230;<\/a><\/p>\n","protected":false},"author":1,"featured_media":0,"parent":0,"menu_order":0,"comment_status":"closed","ping_status":"closed","template":"","meta":{"_joinchat":[],"footnotes":""},"class_list":["post-9106","page","type-page","status-publish","hentry"],"jetpack_sharing_enabled":true,"_links":{"self":[{"href":"https:\/\/institutounao.com.mx\/index.php\/wp-json\/wp\/v2\/pages\/9106","targetHints":{"allow":["GET"]}}],"collection":[{"href":"https:\/\/institutounao.com.mx\/index.php\/wp-json\/wp\/v2\/pages"}],"about":[{"href":"https:\/\/institutounao.com.mx\/index.php\/wp-json\/wp\/v2\/types\/page"}],"author":[{"embeddable":true,"href":"https:\/\/institutounao.com.mx\/index.php\/wp-json\/wp\/v2\/users\/1"}],"replies":[{"embeddable":true,"href":"https:\/\/institutounao.com.mx\/index.php\/wp-json\/wp\/v2\/comments?post=9106"}],"version-history":[{"count":4,"href":"https:\/\/institutounao.com.mx\/index.php\/wp-json\/wp\/v2\/pages\/9106\/revisions"}],"predecessor-version":[{"id":9111,"href":"https:\/\/institutounao.com.mx\/index.php\/wp-json\/wp\/v2\/pages\/9106\/revisions\/9111"}],"wp:attachment":[{"href":"https:\/\/institutounao.com.mx\/index.php\/wp-json\/wp\/v2\/media?parent=9106"}],"curies":[{"name":"wp","href":"https:\/\/api.w.org\/{rel}","templated":true}]}}