{"id":9035,"date":"2024-11-13T18:45:25","date_gmt":"2024-11-13T18:45:25","guid":{"rendered":"https:\/\/institutounao.com.mx\/?page_id=9035"},"modified":"2025-01-29T23:32:30","modified_gmt":"2025-01-29T23:32:30","slug":"epc25-35-taller-pedagogico-cutting-como-prevenirlo-y-gestionarlo-en-el-aula","status":"publish","type":"page","link":"https:\/\/institutounao.com.mx\/index.php\/epc25-35-taller-pedagogico-cutting-como-prevenirlo-y-gestionarlo-en-el-aula\/","title":{"rendered":"EPC25.35 TALLER PEDAG\u00d3GICO CUTTING \u00bfC\u00d3MO PREVENIRLO Y GESTIONARLO EN EL AULA?"},"content":{"rendered":"\t\t<div data-elementor-type=\"wp-page\" data-elementor-id=\"9035\" class=\"elementor elementor-9035\">\n\t\t\t\t\t\t<section class=\"elementor-section elementor-top-section elementor-element elementor-element-2a9ee08 elementor-section-boxed elementor-section-height-default elementor-section-height-default\" data-id=\"2a9ee08\" data-element_type=\"section\" data-e-type=\"section\">\n\t\t\t\t\t\t<div class=\"elementor-container elementor-column-gap-default\">\n\t\t\t\t\t<div class=\"elementor-column elementor-col-100 elementor-top-column elementor-element elementor-element-75a8f2b\" data-id=\"75a8f2b\" data-element_type=\"column\" data-e-type=\"column\">\n\t\t\t<div class=\"elementor-widget-wrap elementor-element-populated\">\n\t\t\t\t\t\t<div class=\"elementor-element elementor-element-ef34b03 elementor-widget elementor-widget-heading\" data-id=\"ef34b03\" data-element_type=\"widget\" data-e-type=\"widget\" data-widget_type=\"heading.default\">\n\t\t\t\t<div class=\"elementor-widget-container\">\n\t\t\t\t\t<h4 class=\"elementor-heading-title elementor-size-default\">TALLER PEDAG\u00d3GICO CUTTING \u00bfC\u00d3MO PREVENIRLO Y GESTIONARLO EN EL AULA?<\/h4>\t\t\t\t<\/div>\n\t\t\t\t<\/div>\n\t\t\t\t\t<\/div>\n\t\t<\/div>\n\t\t\t\t\t<\/div>\n\t\t<\/section>\n\t\t\t\t<section class=\"elementor-section elementor-top-section elementor-element elementor-element-7a5fff9 elementor-section-boxed elementor-section-height-default elementor-section-height-default\" data-id=\"7a5fff9\" data-element_type=\"section\" data-e-type=\"section\">\n\t\t\t\t\t\t<div class=\"elementor-container elementor-column-gap-default\">\n\t\t\t\t\t<div class=\"elementor-column elementor-col-100 elementor-top-column elementor-element elementor-element-3c2f933\" data-id=\"3c2f933\" data-element_type=\"column\" data-e-type=\"column\">\n\t\t\t<div class=\"elementor-widget-wrap elementor-element-populated\">\n\t\t\t\t\t\t<div class=\"elementor-element elementor-element-1aa6bc6 elementor-widget elementor-widget-text-editor\" data-id=\"1aa6bc6\" data-element_type=\"widget\" data-e-type=\"widget\" data-widget_type=\"text-editor.default\">\n\t\t\t\t<div class=\"elementor-widget-container\">\n\t\t\t\t\t\t\t\t\t<p style=\"text-align: center;\"><strong>Acreditaci\u00f3n de Actividades.<\/strong><\/p><p><b>Datos Generales:<\/b><\/p><p>Instituci\u00f3n: Instituto Universitario Antequera de Oaxaca.<br \/>Clave de Plantel: 20MSY0104Y.<br \/>Periodo: 08 de diciembre 2024.<br \/>Modalidad:\u00a0Virtual.<br \/>Horas lectivas:\u00a010 horas lectivas.<br \/>Imparte: MTRA. BARBARA MU\u00d1OZ ALONSO REYES.<\/p><p><strong>Participantes que acreditaron:<\/strong><\/p><ol><li>ALEJANDRA NALLELY SEGURA JUAREZ<\/li><li>ANGELICA MARIA BALDERRAMA LOPEZ<\/li><li>ARIADNA REMES SANDOVAL<\/li><li>CLARA VICTORIA RUIZ URIARTE<\/li><li>DAVID ABRAHAN CHI ZUM<\/li><li>EMPERATRIZ DONAJI SANCHEZ SOLANO<\/li><li>ERICA MATA LUCERO<\/li><li>EVA KARLA DIAZ GARCIA<\/li><li>FRANCISCO JAVIER MU\u00d1OZ CARRETAS<\/li><li>GERARDO MATUS ROJAS<\/li><li>IRENE MARTINA JANDETTE SALAS<\/li><li>IVETH CORTES HERRERA<\/li><li>IVONNE GALINDO GARCIA<\/li><li>JORGE SOTO OCHOA<\/li><li>LEILANI YAZIL TORRES ORGANISTA<\/li><li>MARCIA CATALINA GONZALEZ MONTOYA<\/li><li>MARIA DEL CARMEN REMENTERIA ESCALANTE<\/li><li>MARIA DEL CARMEN VELASCO MONROY<\/li><li>MARIANA MONSERRATH FLORES VELASCO<\/li><li>MIRIAM GONZALEZ GALVAN<\/li><li>PENELOPE ACIREY GARCIA GALICIA<\/li><li>RAQUEL HERNANDEZ MELENDEZ<\/li><li>KARLA ELENA GARCIA VALLE<\/li><li>YESENIA MEDRANO CALIXTO<\/li><\/ol>\t\t\t\t\t\t\t\t<\/div>\n\t\t\t\t<\/div>\n\t\t\t\t\t<\/div>\n\t\t<\/div>\n\t\t\t\t\t<\/div>\n\t\t<\/section>\n\t\t\t\t<\/div>\n\t\t","protected":false},"excerpt":{"rendered":"<p>TALLER PEDAG\u00d3GICO CUTTING \u00bfC\u00d3MO PREVENIRLO Y GESTIONARLO EN EL AULA? Acreditaci\u00f3n de Actividades. Datos Generales: Instituci\u00f3n: Instituto Universitario Antequera de Oaxaca.Clave de Plantel: 20MSY0104Y.Periodo: 08 de diciembre 2024.Modalidad:\u00a0Virtual.Horas lectivas:\u00a010 horas lectivas.Imparte: MTRA. BARBARA MU\u00d1OZ ALONSO REYES. Participantes que acreditaron: ALEJANDRA NALLELY SEGURA JUAREZ ANGELICA MARIA BALDERRAMA LOPEZ ARIADNA REMES SANDOVAL <a class=\"read-more\" href=\"https:\/\/institutounao.com.mx\/index.php\/epc25-35-taller-pedagogico-cutting-como-prevenirlo-y-gestionarlo-en-el-aula\/\">Read More&#8230;<\/a><\/p>\n","protected":false},"author":1,"featured_media":0,"parent":0,"menu_order":0,"comment_status":"closed","ping_status":"closed","template":"","meta":{"_joinchat":[],"footnotes":""},"class_list":["post-9035","page","type-page","status-publish","hentry"],"jetpack_sharing_enabled":true,"_links":{"self":[{"href":"https:\/\/institutounao.com.mx\/index.php\/wp-json\/wp\/v2\/pages\/9035","targetHints":{"allow":["GET"]}}],"collection":[{"href":"https:\/\/institutounao.com.mx\/index.php\/wp-json\/wp\/v2\/pages"}],"about":[{"href":"https:\/\/institutounao.com.mx\/index.php\/wp-json\/wp\/v2\/types\/page"}],"author":[{"embeddable":true,"href":"https:\/\/institutounao.com.mx\/index.php\/wp-json\/wp\/v2\/users\/1"}],"replies":[{"embeddable":true,"href":"https:\/\/institutounao.com.mx\/index.php\/wp-json\/wp\/v2\/comments?post=9035"}],"version-history":[{"count":19,"href":"https:\/\/institutounao.com.mx\/index.php\/wp-json\/wp\/v2\/pages\/9035\/revisions"}],"predecessor-version":[{"id":9596,"href":"https:\/\/institutounao.com.mx\/index.php\/wp-json\/wp\/v2\/pages\/9035\/revisions\/9596"}],"wp:attachment":[{"href":"https:\/\/institutounao.com.mx\/index.php\/wp-json\/wp\/v2\/media?parent=9035"}],"curies":[{"name":"wp","href":"https:\/\/api.w.org\/{rel}","templated":true}]}}