{"id":8978,"date":"2024-11-08T19:24:23","date_gmt":"2024-11-08T19:24:23","guid":{"rendered":"https:\/\/institutounao.com.mx\/?page_id=8978"},"modified":"2025-01-29T23:12:16","modified_gmt":"2025-01-29T23:12:16","slug":"ecp25-28-taller-pedagogico-tecnicas-para-desarrollar-la-comprension-lectora","status":"publish","type":"page","link":"https:\/\/institutounao.com.mx\/index.php\/ecp25-28-taller-pedagogico-tecnicas-para-desarrollar-la-comprension-lectora\/","title":{"rendered":"ECP25.28 TALLER PEDAG\u00d3GICO T\u00c9CNICAS PARA DESARROLLAR LA COMPRENSI\u00d3N LECTORA."},"content":{"rendered":"\t\t<div data-elementor-type=\"wp-page\" data-elementor-id=\"8978\" class=\"elementor elementor-8978\">\n\t\t\t\t\t\t<section class=\"elementor-section elementor-top-section elementor-element elementor-element-e0e2345 elementor-section-boxed elementor-section-height-default elementor-section-height-default\" data-id=\"e0e2345\" data-element_type=\"section\" data-e-type=\"section\">\n\t\t\t\t\t\t<div class=\"elementor-container elementor-column-gap-default\">\n\t\t\t\t\t<div class=\"elementor-column elementor-col-100 elementor-top-column elementor-element elementor-element-6d93d2b\" data-id=\"6d93d2b\" data-element_type=\"column\" data-e-type=\"column\">\n\t\t\t<div class=\"elementor-widget-wrap elementor-element-populated\">\n\t\t\t\t\t\t<div class=\"elementor-element elementor-element-ebe2164 elementor-widget elementor-widget-heading\" data-id=\"ebe2164\" data-element_type=\"widget\" data-e-type=\"widget\" data-widget_type=\"heading.default\">\n\t\t\t\t<div class=\"elementor-widget-container\">\n\t\t\t\t\t<h4 class=\"elementor-heading-title elementor-size-default\">TALLER PEDAG\u00d3GICO T\u00c9CNICAS PARA DESARROLLAR LA COMPRENSI\u00d3N LECTORA.<\/h4>\t\t\t\t<\/div>\n\t\t\t\t<\/div>\n\t\t\t\t\t<\/div>\n\t\t<\/div>\n\t\t\t\t\t<\/div>\n\t\t<\/section>\n\t\t\t\t<section class=\"elementor-section elementor-top-section elementor-element elementor-element-6078f76 elementor-section-boxed elementor-section-height-default elementor-section-height-default\" data-id=\"6078f76\" data-element_type=\"section\" data-e-type=\"section\">\n\t\t\t\t\t\t<div class=\"elementor-container elementor-column-gap-default\">\n\t\t\t\t\t<div class=\"elementor-column elementor-col-100 elementor-top-column elementor-element elementor-element-8bbd035\" data-id=\"8bbd035\" data-element_type=\"column\" data-e-type=\"column\">\n\t\t\t<div class=\"elementor-widget-wrap elementor-element-populated\">\n\t\t\t\t\t\t<div class=\"elementor-element elementor-element-cca2ebc elementor-widget elementor-widget-text-editor\" data-id=\"cca2ebc\" data-element_type=\"widget\" data-e-type=\"widget\" data-widget_type=\"text-editor.default\">\n\t\t\t\t<div class=\"elementor-widget-container\">\n\t\t\t\t\t\t\t\t\t<p style=\"text-align: center;\"><strong>Acreditaci\u00f3n de Actividades.<\/strong><\/p><p><span style=\"color: #000000;\"><b>Datos Generales:<\/b><\/span><\/p><p>Instituci\u00f3n: Instituto Universitario Antequera de Oaxaca.<br \/>Clave de Plantel: 20MSY0104Y.<br \/>Periodo: 07 y 08 de noviembre 2024.<br \/>Modalidad:\u00a0Virtual.<br \/>Horas lectivas:\u00a010 horas lectivas.<br \/>Imparte: MTRA. PATRICIA GABRIELA CORTES CARRION.<\/p><p><span style=\"color: #000000;\"><strong>Participantes que acreditaron:<\/strong><\/span><\/p><p>1. ALAYN ROBYSEL MARTINEZ CRUZ.<br \/>2. ALICIA GUTIERREZ GARCIA.<br \/>3. ANTONIO SALOMON TELLEZ.<br \/>4. BERENICE VAZQUEZ SANCHEZ.<br \/>5. BLANCA IVONNE LOPEZ VILLALOBOS.<br \/>6. DIANA CAROLINA RIOS PEREZ DE LEON.<br \/>7. FRANCISCO JAVIER RICO AVALOS.<br \/>8. GRISELDA RODRIGUEZ MU\u00d1OZ.<br \/>9. ITAYETZI CARREON ORTIZ.<br \/>10. JAQUELINE ARELIS VASQUEZ SANCHEZ.<br \/>11. JORGE SOTO OCHOA.<br \/>12. LAURA LILIANA VAZQUEZ RODRIGUEZ.<br \/>13. LENNIN ALBERTO CASTILLO REYES.<br \/>14. LISTYERY FERNANDEZ PEREZ.<br \/>15. MA. APOLONIA POMPEYA BAUTISTA MORENO.<br \/>16. MAGDA CIELO RAMIREZ MONTEJO.<br \/>17. MARIA DE LOS ANGELES RAMIREZ MEJIA.<br \/>18. MARIA DE LOURDES ARREDONDO DIAZ.<br \/>19. MARIA TERESA DEL BOSQUE DE LA BARRERA.<br \/>20. MARTHA ELENA ESPINOSA CARRASCO.<br \/>21. MAYRA CRUZ CLAVEL.<br \/>22. PAOLA MANCERA GARCIA.<br \/>23. PATRICIA CANCINO DELGADO.<br \/>24. RAUL RIVERA ANIMAS<br \/>25. CHRISTIAN ELIZABETH ALFONZO MELGAR.<br \/>26. MARIA YESENIA GOMEZ DE LA CRUZ.<\/p>\t\t\t\t\t\t\t\t<\/div>\n\t\t\t\t<\/div>\n\t\t\t\t\t<\/div>\n\t\t<\/div>\n\t\t\t\t\t<\/div>\n\t\t<\/section>\n\t\t\t\t<\/div>\n\t\t","protected":false},"excerpt":{"rendered":"<p>TALLER PEDAG\u00d3GICO T\u00c9CNICAS PARA DESARROLLAR LA COMPRENSI\u00d3N LECTORA. Acreditaci\u00f3n de Actividades. Datos Generales: Instituci\u00f3n: Instituto Universitario Antequera de Oaxaca.Clave de Plantel: 20MSY0104Y.Periodo: 07 y 08 de noviembre 2024.Modalidad:\u00a0Virtual.Horas lectivas:\u00a010 horas lectivas.Imparte: MTRA. PATRICIA GABRIELA CORTES CARRION. Participantes que acreditaron: 1. ALAYN ROBYSEL MARTINEZ CRUZ.2. ALICIA GUTIERREZ GARCIA.3. ANTONIO SALOMON TELLEZ.4. <a class=\"read-more\" href=\"https:\/\/institutounao.com.mx\/index.php\/ecp25-28-taller-pedagogico-tecnicas-para-desarrollar-la-comprension-lectora\/\">Read More&#8230;<\/a><\/p>\n","protected":false},"author":1,"featured_media":0,"parent":0,"menu_order":0,"comment_status":"closed","ping_status":"closed","template":"","meta":{"_joinchat":[],"footnotes":""},"class_list":["post-8978","page","type-page","status-publish","hentry"],"jetpack_sharing_enabled":true,"_links":{"self":[{"href":"https:\/\/institutounao.com.mx\/index.php\/wp-json\/wp\/v2\/pages\/8978","targetHints":{"allow":["GET"]}}],"collection":[{"href":"https:\/\/institutounao.com.mx\/index.php\/wp-json\/wp\/v2\/pages"}],"about":[{"href":"https:\/\/institutounao.com.mx\/index.php\/wp-json\/wp\/v2\/types\/page"}],"author":[{"embeddable":true,"href":"https:\/\/institutounao.com.mx\/index.php\/wp-json\/wp\/v2\/users\/1"}],"replies":[{"embeddable":true,"href":"https:\/\/institutounao.com.mx\/index.php\/wp-json\/wp\/v2\/comments?post=8978"}],"version-history":[{"count":22,"href":"https:\/\/institutounao.com.mx\/index.php\/wp-json\/wp\/v2\/pages\/8978\/revisions"}],"predecessor-version":[{"id":9569,"href":"https:\/\/institutounao.com.mx\/index.php\/wp-json\/wp\/v2\/pages\/8978\/revisions\/9569"}],"wp:attachment":[{"href":"https:\/\/institutounao.com.mx\/index.php\/wp-json\/wp\/v2\/media?parent=8978"}],"curies":[{"name":"wp","href":"https:\/\/api.w.org\/{rel}","templated":true}]}}