{"id":861,"date":"2020-06-20T17:37:40","date_gmt":"2020-06-20T17:37:40","guid":{"rendered":"http:\/\/institutounao.com.mx\/?page_id=861"},"modified":"2020-06-20T17:37:41","modified_gmt":"2020-06-20T17:37:41","slug":"tecnicas-para-fortalecer-la-autoestima-en-el-aula","status":"publish","type":"page","link":"https:\/\/institutounao.com.mx\/index.php\/tecnicas-para-fortalecer-la-autoestima-en-el-aula\/","title":{"rendered":"T\u00e9cnicas para fortalecer la autoestima en el aula."},"content":{"rendered":"\n<p class=\"has-background has-cyan-bluish-gray-background-color\"><strong>Prop\u00f3sitos.<br><\/strong>a) Reconocer los factores que influyen en la construcci\u00f3n de la autoestima.<br>b) Comprender las t\u00e9cnicas psicopedag\u00f3gicas que permitan favorecer la autoestima de los estudiantes.<\/p>\n\n\n\n<p class=\"has-background has-cyan-bluish-gray-background-color\"><strong>Contenido.<br>I. <\/strong>La autoestima: Una mirada desde la Psicolog\u00eda.<br>II. Las dolencias de la infancia y el desarrollo de la autoestima.]<br>III. Factores que influyen en la autoestima.<br>IV. El desarrollo de la autoestima en el Siglo XXI.<br>V. T\u00e9cnicas psicopedag\u00f3gicas para favorecer la autoestima en ambientes de aprendizaje.<\/p>\n\n\n\n<p class=\"has-background has-cyan-bluish-gray-background-color\"><strong>Pueden participar en el taller.<br><\/strong>a) Profesores y profesoras de Educaci\u00f3n B\u00e1sica.<br>b) Directores y coordinadores de Educaci\u00f3n B\u00e1sica.<br>c) Auxiliares educativos.<br>d) Estudiantes en las \u00e1reas: Psicolog\u00eda, Educaci\u00f3n Especial, Pedagog\u00eda, Ciencias de la Educaci\u00f3n.<br>e) Personas interesadas en el trabajo con ni\u00f1os.<\/p>\n\n\n\n<p class=\"has-background has-cyan-bluish-gray-background-color\"> <strong>El proceso de inscripci\u00f3n.<br><\/strong>Realiza tu pago en santander, oxxo, o transferencia.<br>Registra tu inscripci\u00f3n. <\/p>\n\n\n\n<p class=\"has-background has-cyan-bluish-gray-background-color\"> <em>Al finalizar, se otorga constancia con valor curricular equivalente a 20 horas lectivas.<\/em> <br><\/p>\n","protected":false},"excerpt":{"rendered":"<p>Prop\u00f3sitos.a) Reconocer los factores que influyen en la construcci\u00f3n de la autoestima.b) Comprender las t\u00e9cnicas psicopedag\u00f3gicas que permitan favorecer la autoestima de los estudiantes. Contenido.I. La autoestima: Una mirada desde la Psicolog\u00eda.II. Las dolencias de la infancia y el desarrollo de la autoestima.]III. Factores que influyen en la autoestima.IV. El <a class=\"read-more\" href=\"https:\/\/institutounao.com.mx\/index.php\/tecnicas-para-fortalecer-la-autoestima-en-el-aula\/\">Read More&#8230;<\/a><\/p>\n","protected":false},"author":1,"featured_media":862,"parent":0,"menu_order":0,"comment_status":"closed","ping_status":"closed","template":"","meta":{"_joinchat":[],"footnotes":""},"class_list":["post-861","page","type-page","status-publish","has-post-thumbnail","hentry"],"jetpack_sharing_enabled":true,"_links":{"self":[{"href":"https:\/\/institutounao.com.mx\/index.php\/wp-json\/wp\/v2\/pages\/861","targetHints":{"allow":["GET"]}}],"collection":[{"href":"https:\/\/institutounao.com.mx\/index.php\/wp-json\/wp\/v2\/pages"}],"about":[{"href":"https:\/\/institutounao.com.mx\/index.php\/wp-json\/wp\/v2\/types\/page"}],"author":[{"embeddable":true,"href":"https:\/\/institutounao.com.mx\/index.php\/wp-json\/wp\/v2\/users\/1"}],"replies":[{"embeddable":true,"href":"https:\/\/institutounao.com.mx\/index.php\/wp-json\/wp\/v2\/comments?post=861"}],"version-history":[{"count":1,"href":"https:\/\/institutounao.com.mx\/index.php\/wp-json\/wp\/v2\/pages\/861\/revisions"}],"predecessor-version":[{"id":863,"href":"https:\/\/institutounao.com.mx\/index.php\/wp-json\/wp\/v2\/pages\/861\/revisions\/863"}],"wp:featuredmedia":[{"embeddable":true,"href":"https:\/\/institutounao.com.mx\/index.php\/wp-json\/wp\/v2\/media\/862"}],"wp:attachment":[{"href":"https:\/\/institutounao.com.mx\/index.php\/wp-json\/wp\/v2\/media?parent=861"}],"curies":[{"name":"wp","href":"https:\/\/api.w.org\/{rel}","templated":true}]}}

Técnicas para fortalecer la autoestima en el aula.

<p class="has-background has-cyan-bluish-gray-background-color"><strong>Propósitos.<br></strong>a) Reconocer los factores que influyen en la construcción de la autoestima.<br>b) Comprender las técnicas psicopedagógicas que permitan favorecer la autoestima de los estudiantes.</p>



<p class="has-background has-cyan-bluish-gray-background-color"><strong>Contenido.<br>I. </strong>La autoestima: Una mirada desde la Psicología.<br>II. Las dolencias de la infancia y el desarrollo de la autoestima.]<br>III. Factores que influyen en la autoestima.<br>IV. El desarrollo de la autoestima en el Siglo XXI.<br>V. Técnicas psicopedagógicas para favorecer la autoestima en ambientes de aprendizaje.</p>



<p class="has-background has-cyan-bluish-gray-background-color"><strong>Pueden participar en el taller.<br></strong>a) Profesores y profesoras de Educación Básica.<br>b) Directores y coordinadores de Educación Básica.<br>c) Auxiliares educativos.<br>d) Estudiantes en las áreas: Psicología, Educación Especial, Pedagogía, Ciencias de la Educación.<br>e) Personas interesadas en el trabajo con niños.</p>



<p class="has-background has-cyan-bluish-gray-background-color"> <strong>El proceso de inscripción.<br></strong>Realiza tu pago en santander, oxxo, o transferencia.<br>Registra tu inscripción. </p>



<p class="has-background has-cyan-bluish-gray-background-color"> <em>Al finalizar, se otorga constancia con valor curricular equivalente a 20 horas lectivas.</em> <br></p>

<p>Propósitos.a) Reconocer los factores que influyen en la construcción de la autoestima.b) Comprender las técnicas psicopedagógicas que permitan favorecer la autoestima de los estudiantes. Contenido.I. La autoestima: Una mirada desde la Psicología.II. Las dolencias de la infancia y el desarrollo de la autoestima.]III. Factores que influyen en la autoestima.IV. El <a class="read-more" href="https://institutounao.com.mx/index.php/tecnicas-para-fortalecer-la-autoestima-en-el-aula/">Read More&#8230;</a></p>
