{"id":8418,"date":"2024-08-05T20:40:37","date_gmt":"2024-08-05T20:40:37","guid":{"rendered":"https:\/\/institutounao.com.mx\/?page_id=8418"},"modified":"2025-01-29T20:55:12","modified_gmt":"2025-01-29T20:55:12","slug":"ecp25-6-taller-pedagogico-strategias-montessori-para-la-correccion-de-ortografia-en-aula-regular","status":"publish","type":"page","link":"https:\/\/institutounao.com.mx\/index.php\/ecp25-6-taller-pedagogico-strategias-montessori-para-la-correccion-de-ortografia-en-aula-regular\/","title":{"rendered":"ECP25.6 TALLER PEDAG\u00d3GICO: STRATEGIAS MONTESSORI PARA LA CORRECCI\u00d3N DE ORTOGRAF\u00cdA EN AULA REGULAR."},"content":{"rendered":"\t\t<div data-elementor-type=\"wp-page\" data-elementor-id=\"8418\" class=\"elementor elementor-8418\">\n\t\t\t\t\t\t<section class=\"elementor-section elementor-top-section elementor-element elementor-element-f1625ee elementor-section-boxed elementor-section-height-default elementor-section-height-default\" data-id=\"f1625ee\" data-element_type=\"section\" data-e-type=\"section\">\n\t\t\t\t\t\t<div class=\"elementor-container elementor-column-gap-default\">\n\t\t\t\t\t<div class=\"elementor-column elementor-col-100 elementor-top-column elementor-element elementor-element-ee041e7\" data-id=\"ee041e7\" data-element_type=\"column\" data-e-type=\"column\">\n\t\t\t<div class=\"elementor-widget-wrap elementor-element-populated\">\n\t\t\t\t\t\t<div class=\"elementor-element elementor-element-1aebea9 elementor-widget elementor-widget-heading\" data-id=\"1aebea9\" data-element_type=\"widget\" data-e-type=\"widget\" data-widget_type=\"heading.default\">\n\t\t\t\t<div class=\"elementor-widget-container\">\n\t\t\t\t\t<h4 class=\"elementor-heading-title elementor-size-default\">TALLER PEDAG\u00d3GICO: ESTRATEGIAS MONTESSORI PARA LA CORRECCI\u00d3N DE ORTOGRAF\u00cdA EN AULA REGULAR.<\/h4>\t\t\t\t<\/div>\n\t\t\t\t<\/div>\n\t\t\t\t\t<\/div>\n\t\t<\/div>\n\t\t\t\t\t<\/div>\n\t\t<\/section>\n\t\t\t\t<section class=\"elementor-section elementor-top-section elementor-element elementor-element-c7f122d elementor-section-boxed elementor-section-height-default elementor-section-height-default\" data-id=\"c7f122d\" data-element_type=\"section\" data-e-type=\"section\">\n\t\t\t\t\t\t<div class=\"elementor-container elementor-column-gap-default\">\n\t\t\t\t\t<div class=\"elementor-column elementor-col-100 elementor-top-column elementor-element elementor-element-1aa3acc\" data-id=\"1aa3acc\" data-element_type=\"column\" data-e-type=\"column\">\n\t\t\t<div class=\"elementor-widget-wrap elementor-element-populated\">\n\t\t\t\t\t\t<div class=\"elementor-element elementor-element-dcfa987 elementor-widget elementor-widget-text-editor\" data-id=\"dcfa987\" data-element_type=\"widget\" data-e-type=\"widget\" data-widget_type=\"text-editor.default\">\n\t\t\t\t<div class=\"elementor-widget-container\">\n\t\t\t\t\t\t\t\t\t<p style=\"text-align: center;\"><strong> Acreditaci\u00f3n de actividades.<\/strong><\/p><div class=\"elementor-element elementor-element-bd3ea6a elementor-widget elementor-widget-text-editor\" data-id=\"bd3ea6a\" data-element_type=\"widget\" data-widget_type=\"text-editor.default\"><div class=\"elementor-widget-container\"><p><strong>Datos Generales:<\/strong><\/p><p>Instituci\u00f3n: Instituto Universitario Antequera de Oaxaca.<br \/>Clave de Plantel: 20MSY0104Y.<br \/>Periodo: 30 Y 31 de julio de 2014.<br \/>Modalidad: Virtual.<br \/>Horas lectivas: 10 horas lectivas.<br \/>Imparte: MTRA. MIRIAM MAGA\u00d1A DOMINGUEZ.\u00a0<\/p><\/div><\/div><div class=\"elementor-element elementor-element-f11bf06 elementor-widget elementor-widget-text-editor\" data-id=\"f11bf06\" data-element_type=\"widget\" data-widget_type=\"text-editor.default\"><div class=\"elementor-widget-container\"><p><strong>Participantes que acreditaron:\u00a0<\/strong><\/p><p>1. ANA BEATRIZ GONZALEZ RAMIREZ<br \/>2. ANA KARINA TEJEDA GONZALEZ<br \/>3. BERENICE VAZQUEZ SANCHEZ<br \/>4. BIANEY PERDOMO LUNA<br \/>5. DULCE KARINA CRUZ SALAZAR<br \/>6. ELIA LYNETTE GARCIA MARTINEZ<br \/>7. FLOR ELIZABETH PEREZ GONZALEZ<br \/>8. LETICIA CAXANTEJE BAUTISTA<br \/>9. MARGARITA CECILIA TORRES CORDOBA<br \/>10. MARIANA RAMIREZ MARQUEZ<br \/>11. MARTHA ESPINOSA GUADARRAMA<br \/>12. SANDRA ELIZABETH CANCINO PEREZ <br \/>13. SARA TAPIA SANCHEZ <br \/>14. VERONICA AMALIA 15. IVONNE JIMENEZ ALDRETE<br \/>16. VERONICA CLAUDIA RAMIREZ PEREZ<br \/>17. ZAIDA SELINA RODRIGUEZ MEZA <br \/>18. ZULEIMA IZQUIERDO CORDOVA<\/p><\/div><\/div>\t\t\t\t\t\t\t\t<\/div>\n\t\t\t\t<\/div>\n\t\t\t\t\t<\/div>\n\t\t<\/div>\n\t\t\t\t\t<\/div>\n\t\t<\/section>\n\t\t\t\t<\/div>\n\t\t","protected":false},"excerpt":{"rendered":"<p>TALLER PEDAG\u00d3GICO: ESTRATEGIAS MONTESSORI PARA LA CORRECCI\u00d3N DE ORTOGRAF\u00cdA EN AULA REGULAR. Acreditaci\u00f3n de actividades. Datos Generales: Instituci\u00f3n: Instituto Universitario Antequera de Oaxaca.Clave de Plantel: 20MSY0104Y.Periodo: 30 Y 31 de julio de 2014.Modalidad: Virtual.Horas lectivas: 10 horas lectivas.Imparte: MTRA. MIRIAM MAGA\u00d1A DOMINGUEZ.\u00a0 Participantes que acreditaron:\u00a0 1. ANA BEATRIZ GONZALEZ RAMIREZ2. <a class=\"read-more\" href=\"https:\/\/institutounao.com.mx\/index.php\/ecp25-6-taller-pedagogico-strategias-montessori-para-la-correccion-de-ortografia-en-aula-regular\/\">Read More&#8230;<\/a><\/p>\n","protected":false},"author":1,"featured_media":0,"parent":0,"menu_order":0,"comment_status":"closed","ping_status":"closed","template":"","meta":{"_joinchat":[],"footnotes":""},"class_list":["post-8418","page","type-page","status-publish","hentry"],"jetpack_sharing_enabled":true,"_links":{"self":[{"href":"https:\/\/institutounao.com.mx\/index.php\/wp-json\/wp\/v2\/pages\/8418","targetHints":{"allow":["GET"]}}],"collection":[{"href":"https:\/\/institutounao.com.mx\/index.php\/wp-json\/wp\/v2\/pages"}],"about":[{"href":"https:\/\/institutounao.com.mx\/index.php\/wp-json\/wp\/v2\/types\/page"}],"author":[{"embeddable":true,"href":"https:\/\/institutounao.com.mx\/index.php\/wp-json\/wp\/v2\/users\/1"}],"replies":[{"embeddable":true,"href":"https:\/\/institutounao.com.mx\/index.php\/wp-json\/wp\/v2\/comments?post=8418"}],"version-history":[{"count":6,"href":"https:\/\/institutounao.com.mx\/index.php\/wp-json\/wp\/v2\/pages\/8418\/revisions"}],"predecessor-version":[{"id":9479,"href":"https:\/\/institutounao.com.mx\/index.php\/wp-json\/wp\/v2\/pages\/8418\/revisions\/9479"}],"wp:attachment":[{"href":"https:\/\/institutounao.com.mx\/index.php\/wp-json\/wp\/v2\/media?parent=8418"}],"curies":[{"name":"wp","href":"https:\/\/api.w.org\/{rel}","templated":true}]}}