{"id":829,"date":"2020-04-04T02:41:46","date_gmt":"2020-04-04T02:41:46","guid":{"rendered":"http:\/\/institutounao.com.mx\/?page_id=829"},"modified":"2020-04-04T02:41:47","modified_gmt":"2020-04-04T02:41:47","slug":"docentes-emocionalmente-inteligentes","status":"publish","type":"page","link":"https:\/\/institutounao.com.mx\/index.php\/docentes-emocionalmente-inteligentes\/","title":{"rendered":"Docentes emocionalmente inteligentes."},"content":{"rendered":"\n<p class=\"has-background has-cyan-bluish-gray-background-color\"><strong>Prop\u00f3sitos.<br><\/strong>a) Analizar los fundamentos te\u00f3rico-metodol\u00f3gicos de la inteligencia emocional.<br>b) Comprender la vivencia emocional como complemento del desarrollo integral del docente en el contexto educativo.<br>c) Dise\u00f1ar estrategias que favorezcan el desarrollo de habilidades  emocionales en la cotidianidad para favorecer el desarrollo personal y profesional.<\/p>\n\n\n\n<p class=\"has-background has-cyan-bluish-gray-background-color\"><strong>Contenido.<br><\/strong>I. T\u00f3picos sobre las emociones.<br>II. Caracter\u00edsticas de una persona sana: una visi\u00f3n desde el humanismo.<br>III. El crecimiento personal y desarrollo profesional como parte esencial del proyecto de vida.<br>IV. La importancia de educar en los tiempos actuales: educaci\u00f3n para la libertad.<\/p>\n\n\n\n<p class=\"has-background has-cyan-bluish-gray-background-color\"><strong>Pueden participar en el taller.<br><\/strong>-Profesores de educaci\u00f3n b\u00e1sica, media superior y superior.<br>-Directivos de centros escolares.<br>-Coordinadores acad\u00e9micos.<br>-Auxiliares en educaci\u00f3n.<br>-Psic\u00f3logos educativos., Orientadores \u2013 tutores.<br>-Trabajadores sociales.<br>-Estudiantes de educaci\u00f3n y \u00e1reas afines. <\/p>\n\n\n\n<p class=\"has-background has-cyan-bluish-gray-background-color\"><strong>El proceso de inscripci\u00f3n.<br><\/strong>Realiza tu pago en santander, oxxo, o transferencia.<br>Registra tu inscripci\u00f3n.\n\n<\/p>\n","protected":false},"excerpt":{"rendered":"<p>Prop\u00f3sitos.a) Analizar los fundamentos te\u00f3rico-metodol\u00f3gicos de la inteligencia emocional.b) Comprender la vivencia emocional como complemento del desarrollo integral del docente en el contexto educativo.c) Dise\u00f1ar estrategias que favorezcan el desarrollo de habilidades emocionales en la cotidianidad para favorecer el desarrollo personal y profesional. Contenido.I. T\u00f3picos sobre las emociones.II. Caracter\u00edsticas de <a class=\"read-more\" href=\"https:\/\/institutounao.com.mx\/index.php\/docentes-emocionalmente-inteligentes\/\">Read More&#8230;<\/a><\/p>\n","protected":false},"author":1,"featured_media":830,"parent":0,"menu_order":0,"comment_status":"closed","ping_status":"closed","template":"","meta":{"_joinchat":[],"footnotes":""},"class_list":["post-829","page","type-page","status-publish","has-post-thumbnail","hentry"],"jetpack_sharing_enabled":true,"_links":{"self":[{"href":"https:\/\/institutounao.com.mx\/index.php\/wp-json\/wp\/v2\/pages\/829","targetHints":{"allow":["GET"]}}],"collection":[{"href":"https:\/\/institutounao.com.mx\/index.php\/wp-json\/wp\/v2\/pages"}],"about":[{"href":"https:\/\/institutounao.com.mx\/index.php\/wp-json\/wp\/v2\/types\/page"}],"author":[{"embeddable":true,"href":"https:\/\/institutounao.com.mx\/index.php\/wp-json\/wp\/v2\/users\/1"}],"replies":[{"embeddable":true,"href":"https:\/\/institutounao.com.mx\/index.php\/wp-json\/wp\/v2\/comments?post=829"}],"version-history":[{"count":1,"href":"https:\/\/institutounao.com.mx\/index.php\/wp-json\/wp\/v2\/pages\/829\/revisions"}],"predecessor-version":[{"id":831,"href":"https:\/\/institutounao.com.mx\/index.php\/wp-json\/wp\/v2\/pages\/829\/revisions\/831"}],"wp:featuredmedia":[{"embeddable":true,"href":"https:\/\/institutounao.com.mx\/index.php\/wp-json\/wp\/v2\/media\/830"}],"wp:attachment":[{"href":"https:\/\/institutounao.com.mx\/index.php\/wp-json\/wp\/v2\/media?parent=829"}],"curies":[{"name":"wp","href":"https:\/\/api.w.org\/{rel}","templated":true}]}}