{"id":7692,"date":"2024-01-16T18:30:50","date_gmt":"2024-01-16T18:30:50","guid":{"rendered":"https:\/\/institutounao.com.mx\/?page_id=7692"},"modified":"2024-01-16T18:45:05","modified_gmt":"2024-01-16T18:45:05","slug":"ecp24-5-planeacion-didactica-nivel-secundaria-nem","status":"publish","type":"page","link":"https:\/\/institutounao.com.mx\/index.php\/ecp24-5-planeacion-didactica-nivel-secundaria-nem\/","title":{"rendered":"ECP24.5 PLANEACI\u00d3N DID\u00c1CTICA NIVEL SECUNDARIA, NEM"},"content":{"rendered":"\t\t<div data-elementor-type=\"wp-page\" data-elementor-id=\"7692\" class=\"elementor elementor-7692\">\n\t\t\t\t\t\t<section class=\"elementor-section elementor-top-section elementor-element elementor-element-3d39b8b elementor-section-boxed elementor-section-height-default elementor-section-height-default\" data-id=\"3d39b8b\" data-element_type=\"section\" data-e-type=\"section\">\n\t\t\t\t\t\t<div class=\"elementor-container elementor-column-gap-default\">\n\t\t\t\t\t<div class=\"elementor-column elementor-col-100 elementor-top-column elementor-element elementor-element-c9bb3c0\" data-id=\"c9bb3c0\" data-element_type=\"column\" data-e-type=\"column\">\n\t\t\t<div class=\"elementor-widget-wrap elementor-element-populated\">\n\t\t\t\t\t\t<div class=\"elementor-element elementor-element-7b4c6d1 elementor-widget elementor-widget-heading\" data-id=\"7b4c6d1\" data-element_type=\"widget\" data-e-type=\"widget\" data-widget_type=\"heading.default\">\n\t\t\t\t<div class=\"elementor-widget-container\">\n\t\t\t\t\t<h2 class=\"elementor-heading-title elementor-size-default\">Planeaci\u00f3n Did\u00e1ctica Nivel Secundaria: NEM.<\/h2>\t\t\t\t<\/div>\n\t\t\t\t<\/div>\n\t\t\t\t\t<\/div>\n\t\t<\/div>\n\t\t\t\t\t<\/div>\n\t\t<\/section>\n\t\t\t\t<section class=\"elementor-section elementor-top-section elementor-element elementor-element-eebf9e3 elementor-section-boxed elementor-section-height-default elementor-section-height-default\" data-id=\"eebf9e3\" data-element_type=\"section\" data-e-type=\"section\">\n\t\t\t\t\t\t<div class=\"elementor-container elementor-column-gap-default\">\n\t\t\t\t\t<div class=\"elementor-column elementor-col-100 elementor-top-column elementor-element elementor-element-be8f084\" data-id=\"be8f084\" data-element_type=\"column\" data-e-type=\"column\">\n\t\t\t<div class=\"elementor-widget-wrap elementor-element-populated\">\n\t\t\t\t\t\t<div class=\"elementor-element elementor-element-f3168d4 elementor-widget elementor-widget-text-editor\" data-id=\"f3168d4\" data-element_type=\"widget\" data-e-type=\"widget\" data-widget_type=\"text-editor.default\">\n\t\t\t\t<div class=\"elementor-widget-container\">\n\t\t\t\t\t\t\t\t\t<p style=\"text-align: center;\">Acreditaci\u00f3n de Actividades.<\/p>\t\t\t\t\t\t\t\t<\/div>\n\t\t\t\t<\/div>\n\t\t\t\t<div class=\"elementor-element elementor-element-8f10298 elementor-widget elementor-widget-text-editor\" data-id=\"8f10298\" data-element_type=\"widget\" data-e-type=\"widget\" data-widget_type=\"text-editor.default\">\n\t\t\t\t<div class=\"elementor-widget-container\">\n\t\t\t\t\t\t\t\t\t<p><strong>Datos Generales:<\/strong><\/p><p>Instituci\u00f3n: Instituto Universitario Antequera de Oaxaca.<br \/>Clave de Plantel: 20MSY0104Y.<br \/>Periodo: 14 de enero de 2024.<br \/>Modalidad: Virtual.<br \/>Horas lectivas: 10 horas lectivas.<br \/>Imparte: DR. ALBERTO AGUILAR ALVAREZ.<\/p>\t\t\t\t\t\t\t\t<\/div>\n\t\t\t\t<\/div>\n\t\t\t\t<div class=\"elementor-element elementor-element-555e1e5 elementor-widget elementor-widget-text-editor\" data-id=\"555e1e5\" data-element_type=\"widget\" data-e-type=\"widget\" data-widget_type=\"text-editor.default\">\n\t\t\t\t<div class=\"elementor-widget-container\">\n\t\t\t\t\t\t\t\t\t<p style=\"margin-top: 16px; font-size: 16px;\"><span style=\"font-weight: bold; line-height: inherit;\">Participantes que acreditaron:\u00a0<\/span><\/p><ul style=\"font-size: 16px;\"><li><p>CITLALLI DE JESUS FLORES<\/p><\/li><li><p>DANIEL GARCIA VELAZQUEZ<\/p><\/li><li><p>ERIC ESPINOSA MENDEZ<\/p><\/li><li><p>ESBEYDI ORTEGA SANTIAGO<\/p><\/li><li><p>FELIPE RAMIREZ LOPEZ<\/p><\/li><li><p>GABRIELA ADRIANA MEJIA GARCILAZO<\/p><\/li><li><p>GEORGINA ALVAREZ FERNANDEZ<\/p><\/li><li><p>GUADALUPE ADRIANA JUAREZ PLASENCIA<\/p><\/li><li><p>ISABEL AZCOYTIA DIAZ<\/p><\/li><li><p>IVAN NIEVES CUAUHTLE<\/p><\/li><li><p>JORGE SOTO OCHOA<\/p><\/li><li><p>KARLA IVETTE SANCHEZ CARPIO<\/p><\/li><li><p>MANUEL RAMIREZ ACU\u00d1A<\/p><\/li><li><p>MARBELLA MAY REYES<\/p><\/li><li><p>MARGOT EUFRACIA CARRERA SANCHEZ<\/p><\/li><li><p>MARIA DE JESUS RODRIGUEZ LOPEZ<\/p><\/li><li><p>MARIA MAGDALENA GARCIA TOVAR<\/p><\/li><li><p>MIRIAM MEDELLIN MARQUEZ<\/p><\/li><li><p>NORMA MERCED ANGELES VELASQUEZ<\/p><\/li><li><p>RUBEN GUILLERMO MARTINEZ HERNANDEZ<\/p><\/li><li><p>SANJUANITA SANCHEZ GUTIERREZ<\/p><\/li><li><p>SELMY GUADALUPE LOPEZ ANASTACIO<\/p><\/li><li><p>TANIA IBETH SALTO MENDOZA<\/p><\/li><li><p>ZEIDY GUADALUPE MARTINEZ RODRIGUEZ<\/p><\/li><\/ul>\t\t\t\t\t\t\t\t<\/div>\n\t\t\t\t<\/div>\n\t\t\t\t\t<\/div>\n\t\t<\/div>\n\t\t\t\t\t<\/div>\n\t\t<\/section>\n\t\t\t\t<\/div>\n\t\t","protected":false},"excerpt":{"rendered":"<p>Planeaci\u00f3n Did\u00e1ctica Nivel Secundaria: NEM. Acreditaci\u00f3n de Actividades. Datos Generales: Instituci\u00f3n: Instituto Universitario Antequera de Oaxaca.Clave de Plantel: 20MSY0104Y.Periodo: 14 de enero de 2024.Modalidad: Virtual.Horas lectivas: 10 horas lectivas.Imparte: DR. ALBERTO AGUILAR ALVAREZ. Participantes que acreditaron:\u00a0 CITLALLI DE JESUS FLORES DANIEL GARCIA VELAZQUEZ ERIC ESPINOSA MENDEZ ESBEYDI ORTEGA SANTIAGO FELIPE <a class=\"read-more\" href=\"https:\/\/institutounao.com.mx\/index.php\/ecp24-5-planeacion-didactica-nivel-secundaria-nem\/\">Read More&#8230;<\/a><\/p>\n","protected":false},"author":1,"featured_media":0,"parent":0,"menu_order":0,"comment_status":"closed","ping_status":"closed","template":"","meta":{"_joinchat":[],"footnotes":""},"class_list":["post-7692","page","type-page","status-publish","hentry"],"jetpack_sharing_enabled":true,"_links":{"self":[{"href":"https:\/\/institutounao.com.mx\/index.php\/wp-json\/wp\/v2\/pages\/7692","targetHints":{"allow":["GET"]}}],"collection":[{"href":"https:\/\/institutounao.com.mx\/index.php\/wp-json\/wp\/v2\/pages"}],"about":[{"href":"https:\/\/institutounao.com.mx\/index.php\/wp-json\/wp\/v2\/types\/page"}],"author":[{"embeddable":true,"href":"https:\/\/institutounao.com.mx\/index.php\/wp-json\/wp\/v2\/users\/1"}],"replies":[{"embeddable":true,"href":"https:\/\/institutounao.com.mx\/index.php\/wp-json\/wp\/v2\/comments?post=7692"}],"version-history":[{"count":4,"href":"https:\/\/institutounao.com.mx\/index.php\/wp-json\/wp\/v2\/pages\/7692\/revisions"}],"predecessor-version":[{"id":7697,"href":"https:\/\/institutounao.com.mx\/index.php\/wp-json\/wp\/v2\/pages\/7692\/revisions\/7697"}],"wp:attachment":[{"href":"https:\/\/institutounao.com.mx\/index.php\/wp-json\/wp\/v2\/media?parent=7692"}],"curies":[{"name":"wp","href":"https:\/\/api.w.org\/{rel}","templated":true}]}}