{"id":6005,"date":"2023-06-06T18:15:24","date_gmt":"2023-06-06T18:15:24","guid":{"rendered":"https:\/\/institutounao.com.mx\/?page_id=6005"},"modified":"2023-06-06T19:10:47","modified_gmt":"2023-06-06T19:10:47","slug":"ecp23-01-diplomado-en-en-planeacion-y-evaluacion","status":"publish","type":"page","link":"https:\/\/institutounao.com.mx\/index.php\/ecp23-01-diplomado-en-en-planeacion-y-evaluacion\/","title":{"rendered":"ECP23-01 Diplomado en en Planeaci\u00f3n y Evaluaci\u00f3n"},"content":{"rendered":"\t\t<div data-elementor-type=\"wp-page\" data-elementor-id=\"6005\" class=\"elementor elementor-6005\">\n\t\t\t\t\t\t<section class=\"elementor-section elementor-top-section elementor-element elementor-element-77834ef elementor-section-boxed elementor-section-height-default elementor-section-height-default\" data-id=\"77834ef\" data-element_type=\"section\" data-e-type=\"section\">\n\t\t\t\t\t\t<div class=\"elementor-container elementor-column-gap-default\">\n\t\t\t\t\t<div class=\"elementor-column elementor-col-100 elementor-top-column elementor-element elementor-element-e4442d7\" data-id=\"e4442d7\" data-element_type=\"column\" data-e-type=\"column\">\n\t\t\t<div class=\"elementor-widget-wrap elementor-element-populated\">\n\t\t\t\t\t\t<div class=\"elementor-element elementor-element-cf35373 elementor-widget elementor-widget-image\" data-id=\"cf35373\" data-element_type=\"widget\" data-e-type=\"widget\" data-widget_type=\"image.default\">\n\t\t\t\t<div class=\"elementor-widget-container\">\n\t\t\t\t\t\t\t\t\t\t\t\t\t\t\t<img fetchpriority=\"high\" decoding=\"async\" width=\"1024\" height=\"161\" src=\"https:\/\/institutounao.com.mx\/wp-content\/uploads\/2023\/06\/PAG-WEB-1-1024x161.png\" class=\"attachment-large size-large wp-image-6009\" alt=\"\" srcset=\"https:\/\/institutounao.com.mx\/wp-content\/uploads\/2023\/06\/PAG-WEB-1-1024x161.png 1024w, https:\/\/institutounao.com.mx\/wp-content\/uploads\/2023\/06\/PAG-WEB-1-300x47.png 300w, https:\/\/institutounao.com.mx\/wp-content\/uploads\/2023\/06\/PAG-WEB-1-768x121.png 768w, https:\/\/institutounao.com.mx\/wp-content\/uploads\/2023\/06\/PAG-WEB-1.png 1500w\" sizes=\"(max-width: 1024px) 100vw, 1024px\" \/>\t\t\t\t\t\t\t\t\t\t\t\t\t\t\t<\/div>\n\t\t\t\t<\/div>\n\t\t\t\t\t<\/div>\n\t\t<\/div>\n\t\t\t\t\t<\/div>\n\t\t<\/section>\n\t\t\t\t<section class=\"elementor-section elementor-top-section elementor-element elementor-element-b511d17 elementor-section-boxed elementor-section-height-default elementor-section-height-default\" data-id=\"b511d17\" data-element_type=\"section\" data-e-type=\"section\">\n\t\t\t\t\t\t<div class=\"elementor-container elementor-column-gap-default\">\n\t\t\t\t\t<div class=\"elementor-column elementor-col-100 elementor-top-column elementor-element elementor-element-142209f\" data-id=\"142209f\" data-element_type=\"column\" data-e-type=\"column\">\n\t\t\t<div class=\"elementor-widget-wrap elementor-element-populated\">\n\t\t\t\t\t\t<div class=\"elementor-element elementor-element-b1470a2 elementor-tabs-view-vertical elementor-widget elementor-widget-tabs\" data-id=\"b1470a2\" data-element_type=\"widget\" data-e-type=\"widget\" data-widget_type=\"tabs.default\">\n\t\t\t\t<div class=\"elementor-widget-container\">\n\t\t\t\t\t\t\t<div class=\"elementor-tabs\">\n\t\t\t<div class=\"elementor-tabs-wrapper\" role=\"tablist\" >\n\t\t\t\t\t\t\t\t\t<div id=\"elementor-tab-title-1851\" class=\"elementor-tab-title elementor-tab-desktop-title\" aria-selected=\"true\" data-tab=\"1\" role=\"tab\" tabindex=\"0\" aria-controls=\"elementor-tab-content-1851\" aria-expanded=\"false\">Informaci\u00f3n General: <\/div>\n\t\t\t\t\t\t\t\t\t<div id=\"elementor-tab-title-1852\" class=\"elementor-tab-title elementor-tab-desktop-title\" aria-selected=\"false\" data-tab=\"2\" role=\"tab\" tabindex=\"-1\" aria-controls=\"elementor-tab-content-1852\" aria-expanded=\"false\">Contenido:<\/div>\n\t\t\t\t\t\t\t\t\t<div id=\"elementor-tab-title-1853\" class=\"elementor-tab-title elementor-tab-desktop-title\" aria-selected=\"false\" data-tab=\"3\" role=\"tab\" tabindex=\"-1\" aria-controls=\"elementor-tab-content-1853\" aria-expanded=\"false\">Costo y formas de pago: <\/div>\n\t\t\t\t\t\t\t\t\t<div id=\"elementor-tab-title-1854\" class=\"elementor-tab-title elementor-tab-desktop-title\" aria-selected=\"false\" data-tab=\"4\" role=\"tab\" tabindex=\"-1\" aria-controls=\"elementor-tab-content-1854\" aria-expanded=\"false\">Acreditaci\u00f3n:<\/div>\n\t\t\t\t\t\t\t\t\t<div id=\"elementor-tab-title-1855\" class=\"elementor-tab-title elementor-tab-desktop-title\" aria-selected=\"false\" data-tab=\"5\" role=\"tab\" tabindex=\"-1\" aria-controls=\"elementor-tab-content-1855\" aria-expanded=\"false\">Tutor Pedag\u00f3gico:<\/div>\n\t\t\t\t\t\t\t<\/div>\n\t\t\t<div class=\"elementor-tabs-content-wrapper\" role=\"tablist\" aria-orientation=\"vertical\">\n\t\t\t\t\t\t\t\t\t<div class=\"elementor-tab-title elementor-tab-mobile-title\" aria-selected=\"true\" data-tab=\"1\" role=\"tab\" tabindex=\"0\" aria-controls=\"elementor-tab-content-1851\" aria-expanded=\"false\">Informaci\u00f3n General: <\/div>\n\t\t\t\t\t<div id=\"elementor-tab-content-1851\" class=\"elementor-tab-content elementor-clearfix\" data-tab=\"1\" role=\"tabpanel\" aria-labelledby=\"elementor-tab-title-1851\" tabindex=\"0\" hidden=\"false\"><p><span style=\"font-weight: 400;\">En este Diplomado revisaremos los principios filos\u00f3ficos y pedag\u00f3gicos de la NEM, para comprender la estructura curricular del Plan de Estudios 2022.<\/span><\/p><p><span style=\"font-weight: 400;\">Dise\u00f1aremos un programa anal\u00edtico y determinaremos indicadores e instrumentos que permitan una evaluaci\u00f3n del proceso formativo de nuestros estudiantes.<\/span><\/p><p><span style=\"font-weight: 400;\">Dirigido a:<\/span><\/p><p><span style=\"font-weight: 400;\">\ud83d\udd16 Profesores (as) de educaci\u00f3n b\u00e1sica, educaci\u00f3n especial o \u00e1reas afines.<\/span><\/p><p><span style=\"font-weight: 400;\">\ud83d\udd16 Psic\u00f3logos, pedagogos, psicopedagogos, orientadores educativos, trabajadores sociales, coordinadores acad\u00e9micos, directivos y toda persona involucrada en procesos educativos y con inter\u00e9s en dificultades del aprendizaje.<\/span><\/p><p><span style=\"font-weight: 400;\">\ud83d\udd16 Estudiantes en \u00e1reas del conocimiento de la educaci\u00f3n.<\/span><\/p><p><span style=\"font-weight: 400;\">\ud83d\udcbb Modalidad Virtual (plataforma de ZOOM).<\/span><\/p><p><span style=\"font-weight: 400;\">\u23f0 Inicio 17 de junio.<\/span><\/p><p><span style=\"font-weight: 400;\">\u00a0\ud83d\udda5\ufe0f Las sesiones sincr\u00f3nicas son los d\u00edas s<\/span><span style=\"font-weight: 400;\">\u00e1bado; de 09:00-12:00 h<\/span><span style=\"font-weight: 400;\">. (hora centro de M\u00e9xico).<\/span><\/p><\/div>\n\t\t\t\t\t\t\t\t\t<div class=\"elementor-tab-title elementor-tab-mobile-title\" aria-selected=\"false\" data-tab=\"2\" role=\"tab\" tabindex=\"-1\" aria-controls=\"elementor-tab-content-1852\" aria-expanded=\"false\">Contenido:<\/div>\n\t\t\t\t\t<div id=\"elementor-tab-content-1852\" class=\"elementor-tab-content elementor-clearfix\" data-tab=\"2\" role=\"tabpanel\" aria-labelledby=\"elementor-tab-title-1852\" tabindex=\"0\" hidden=\"hidden\"><p><strong>M\u00f3dulos:<\/strong><\/p><ul><li><span style=\"font-weight: 400;\">M\u00f3dulo I. Fundamentaci\u00f3n y Orientaci\u00f3n de la Nueva Escuela Mexicana.<\/span><\/li><li>M\u00f3dulo II. Estructura Curricular del Plan de Estudios 2022 de la Nueva Escuela Mexicana.<\/li><li>M\u00f3dulo III. Dise\u00f1o del Programa Anal\u00edtico: Planeaci\u00f3n Did\u00e1ctica.<\/li><li>M\u00f3dulo IV. Evaluaci\u00f3n Formativa y Acreditaci\u00f3n de Aprendizajes.<\/li><\/ul><\/div>\n\t\t\t\t\t\t\t\t\t<div class=\"elementor-tab-title elementor-tab-mobile-title\" aria-selected=\"false\" data-tab=\"3\" role=\"tab\" tabindex=\"-1\" aria-controls=\"elementor-tab-content-1853\" aria-expanded=\"false\">Costo y formas de pago: <\/div>\n\t\t\t\t\t<div id=\"elementor-tab-content-1853\" class=\"elementor-tab-content elementor-clearfix\" data-tab=\"3\" role=\"tabpanel\" aria-labelledby=\"elementor-tab-title-1853\" tabindex=\"0\" hidden=\"hidden\"><p><strong>$5,500.00 M. N.<\/strong><\/p><p><em>Becas para este diplomado:<\/em><\/p><ul><li><span style=\"font-weight: 400;\">Inscripci\u00f3n\u00a0 hasta el 5 de junio, realiza un \u00fanico pago con el 40% de beca: $3,300.00.<\/span><\/li><li>Inscripci\u00f3n hasta el 12 de junio, realiza un \u00fanico pago con el 30% de beca, costo final\u00a0 $3,850.00.<\/li><\/ul><p>Puedes usar tu tarjeta de cr\u00e9dito a\u00a0 3 y 6 meses sin intereses, aplica en cualquiera de las dos opciones.<\/p><p>\u00a0<\/p><p><strong>Formas de pago:<\/strong><\/p><p>1. Realiza tu pago por medio de transferencia, dep\u00f3sito bancario, oxxo o con tarjeta de cr\u00e9dito.<\/p><p>Nota: En el concepto del pago, escribe tu nombre completo.<\/p><p>2. Env\u00eda tu comprobante de pago, v\u00eda WhatsApp al siguiente n\u00famero: 951 226 83 23.<\/p><p>Datos bancarios<br \/>Titular de la cuenta: Universidad Antequera de Oaxaca A.C.<br \/>RFC: UAO1603011L5<\/p><p>\u2705 BBVA BANCOMER.<br \/>\u25ab\ufe0f N\u00famero de cuenta: 0117466188<br \/>\u25ab\ufe0f CLABE: 0126 1000 1174 6618 88<\/p><p>\u2705 SANTANDER <br \/>\u25ab\ufe0f N\u00famero de cuenta: 65505544709<br \/>\u25ab\ufe0f CLABE: 0146 1065 5055 4470 96<br \/>\u25ab\ufe0f No de tarjeta: 5579 0890 0420 8982<\/p><p>\u2705 Pago en tiendas OXXO:<br \/>\u25ab\ufe0f No de tarjeta: 5579 0890 0420 8982 (Santander).<\/p><p>\u2705 Pago con tarjeta de cr\u00e9dito (solicite el link).<\/p><\/div>\n\t\t\t\t\t\t\t\t\t<div class=\"elementor-tab-title elementor-tab-mobile-title\" aria-selected=\"false\" data-tab=\"4\" role=\"tab\" tabindex=\"-1\" aria-controls=\"elementor-tab-content-1854\" aria-expanded=\"false\">Acreditaci\u00f3n:<\/div>\n\t\t\t\t\t<div id=\"elementor-tab-content-1854\" class=\"elementor-tab-content elementor-clearfix\" data-tab=\"4\" role=\"tabpanel\" aria-labelledby=\"elementor-tab-title-1854\" tabindex=\"0\" hidden=\"hidden\"><p><span style=\"font-weight: 400;\">\ud83d\udcdd Diploma\u00a0 con validez curricular: 120 horas lectivas.<\/span><\/p><\/div>\n\t\t\t\t\t\t\t\t\t<div class=\"elementor-tab-title elementor-tab-mobile-title\" aria-selected=\"false\" data-tab=\"5\" role=\"tab\" tabindex=\"-1\" aria-controls=\"elementor-tab-content-1855\" aria-expanded=\"false\">Tutor Pedag\u00f3gico:<\/div>\n\t\t\t\t\t<div id=\"elementor-tab-content-1855\" class=\"elementor-tab-content elementor-clearfix\" data-tab=\"5\" role=\"tabpanel\" aria-labelledby=\"elementor-tab-title-1855\" tabindex=\"0\" hidden=\"hidden\"><p><img decoding=\"async\" class=\"wp-image-6011 alignleft\" src=\"https:\/\/institutounao.com.mx\/wp-content\/uploads\/2023\/06\/PONENTE-WEB.png\" alt=\"\" width=\"131\" height=\"135\" \/><\/p><p><strong>DR. ALBERTO AGUILAR ALVAREZ.<\/strong><\/p><ul><li><span style=\"font-size: 0.875rem;\">Tutor pedag\u00f3gico del Instituto UNAO.<\/span><\/li><li><span style=\"font-size: 0.875rem;\">Pr\u00e1ctica profesional y especializada en Innovaci\u00f3n y Desarrollo de la Educaci\u00f3n.\u00a0<\/span><\/li><\/ul><\/div>\n\t\t\t\t\t\t\t<\/div>\n\t\t<\/div>\n\t\t\t\t\t\t<\/div>\n\t\t\t\t<\/div>\n\t\t\t\t\t<\/div>\n\t\t<\/div>\n\t\t\t\t\t<\/div>\n\t\t<\/section>\n\t\t\t\t<\/div>\n\t\t","protected":false},"excerpt":{"rendered":"<p>Informaci\u00f3n General: Contenido: Costo y formas de pago: Acreditaci\u00f3n: Tutor Pedag\u00f3gico: Informaci\u00f3n General: En este Diplomado revisaremos los principios filos\u00f3ficos y pedag\u00f3gicos de la NEM, para comprender la estructura curricular del Plan de Estudios 2022. Dise\u00f1aremos un programa anal\u00edtico y determinaremos indicadores e instrumentos que permitan una evaluaci\u00f3n del proceso <a class=\"read-more\" href=\"https:\/\/institutounao.com.mx\/index.php\/ecp23-01-diplomado-en-en-planeacion-y-evaluacion\/\">Read More&#8230;<\/a><\/p>\n","protected":false},"author":1,"featured_media":0,"parent":0,"menu_order":0,"comment_status":"closed","ping_status":"closed","template":"","meta":{"_joinchat":[],"footnotes":""},"class_list":["post-6005","page","type-page","status-publish","hentry"],"jetpack_sharing_enabled":true,"_links":{"self":[{"href":"https:\/\/institutounao.com.mx\/index.php\/wp-json\/wp\/v2\/pages\/6005","targetHints":{"allow":["GET"]}}],"collection":[{"href":"https:\/\/institutounao.com.mx\/index.php\/wp-json\/wp\/v2\/pages"}],"about":[{"href":"https:\/\/institutounao.com.mx\/index.php\/wp-json\/wp\/v2\/types\/page"}],"author":[{"embeddable":true,"href":"https:\/\/institutounao.com.mx\/index.php\/wp-json\/wp\/v2\/users\/1"}],"replies":[{"embeddable":true,"href":"https:\/\/institutounao.com.mx\/index.php\/wp-json\/wp\/v2\/comments?post=6005"}],"version-history":[{"count":16,"href":"https:\/\/institutounao.com.mx\/index.php\/wp-json\/wp\/v2\/pages\/6005\/revisions"}],"predecessor-version":[{"id":6028,"href":"https:\/\/institutounao.com.mx\/index.php\/wp-json\/wp\/v2\/pages\/6005\/revisions\/6028"}],"wp:attachment":[{"href":"https:\/\/institutounao.com.mx\/index.php\/wp-json\/wp\/v2\/media?parent=6005"}],"curies":[{"name":"wp","href":"https:\/\/api.w.org\/{rel}","templated":true}]}}