{"id":1404,"date":"2021-07-25T15:16:15","date_gmt":"2021-07-25T15:16:15","guid":{"rendered":"http:\/\/institutounao.com.mx\/?page_id=1404"},"modified":"2022-01-25T22:43:22","modified_gmt":"2022-01-25T22:43:22","slug":"dos-metodologias-basicas-en-la-planeacion-didactica","status":"publish","type":"page","link":"https:\/\/institutounao.com.mx\/index.php\/dos-metodologias-basicas-en-la-planeacion-didactica\/","title":{"rendered":"Dos Metodolog\u00edas B\u00e1sicas en la Planeaci\u00f3n Did\u00e1ctica."},"content":{"rendered":"\n<figure class=\"wp-block-image\"><img fetchpriority=\"high\" decoding=\"async\" width=\"791\" height=\"1024\" src=\"http:\/\/institutounao.com.mx\/wp-content\/uploads\/2021\/08\/61.DOS-METODOLOGIAS-BASICAS_page-0001-791x1024.jpg\" alt=\"\" class=\"wp-image-1455\" srcset=\"https:\/\/institutounao.com.mx\/wp-content\/uploads\/2021\/08\/61.DOS-METODOLOGIAS-BASICAS_page-0001-791x1024.jpg 791w, https:\/\/institutounao.com.mx\/wp-content\/uploads\/2021\/08\/61.DOS-METODOLOGIAS-BASICAS_page-0001-600x776.jpg 600w, https:\/\/institutounao.com.mx\/wp-content\/uploads\/2021\/08\/61.DOS-METODOLOGIAS-BASICAS_page-0001-232x300.jpg 232w, https:\/\/institutounao.com.mx\/wp-content\/uploads\/2021\/08\/61.DOS-METODOLOGIAS-BASICAS_page-0001-768x994.jpg 768w, https:\/\/institutounao.com.mx\/wp-content\/uploads\/2021\/08\/61.DOS-METODOLOGIAS-BASICAS_page-0001.jpg 1275w\" sizes=\"(max-width: 791px) 100vw, 791px\" \/><\/figure>\n\n\n\n<figure class=\"wp-block-image size-large\"><img decoding=\"async\" width=\"791\" height=\"1024\" src=\"https:\/\/institutounao.com.mx\/wp-content\/uploads\/2022\/01\/51.-DOS-METODOLOGIAS-PARA-LA-PLANEACION-DIDACTICA..docx_page-0001-791x1024.jpg\" alt=\"\" class=\"wp-image-2545\" srcset=\"https:\/\/institutounao.com.mx\/wp-content\/uploads\/2022\/01\/51.-DOS-METODOLOGIAS-PARA-LA-PLANEACION-DIDACTICA..docx_page-0001-791x1024.jpg 791w, https:\/\/institutounao.com.mx\/wp-content\/uploads\/2022\/01\/51.-DOS-METODOLOGIAS-PARA-LA-PLANEACION-DIDACTICA..docx_page-0001-232x300.jpg 232w, https:\/\/institutounao.com.mx\/wp-content\/uploads\/2022\/01\/51.-DOS-METODOLOGIAS-PARA-LA-PLANEACION-DIDACTICA..docx_page-0001-768x994.jpg 768w, https:\/\/institutounao.com.mx\/wp-content\/uploads\/2022\/01\/51.-DOS-METODOLOGIAS-PARA-LA-PLANEACION-DIDACTICA..docx_page-0001-1187x1536.jpg 1187w, https:\/\/institutounao.com.mx\/wp-content\/uploads\/2022\/01\/51.-DOS-METODOLOGIAS-PARA-LA-PLANEACION-DIDACTICA..docx_page-0001-600x776.jpg 600w, https:\/\/institutounao.com.mx\/wp-content\/uploads\/2022\/01\/51.-DOS-METODOLOGIAS-PARA-LA-PLANEACION-DIDACTICA..docx_page-0001.jpg 1275w\" sizes=\"(max-width: 791px) 100vw, 791px\" \/><\/figure>\n\n\n\n<p><\/p>\n","protected":false},"excerpt":{"rendered":"","protected":false},"author":1,"featured_media":0,"parent":0,"menu_order":0,"comment_status":"closed","ping_status":"closed","template":"","meta":{"_joinchat":[],"footnotes":""},"class_list":["post-1404","page","type-page","status-publish","hentry"],"jetpack_sharing_enabled":true,"_links":{"self":[{"href":"https:\/\/institutounao.com.mx\/index.php\/wp-json\/wp\/v2\/pages\/1404","targetHints":{"allow":["GET"]}}],"collection":[{"href":"https:\/\/institutounao.com.mx\/index.php\/wp-json\/wp\/v2\/pages"}],"about":[{"href":"https:\/\/institutounao.com.mx\/index.php\/wp-json\/wp\/v2\/types\/page"}],"author":[{"embeddable":true,"href":"https:\/\/institutounao.com.mx\/index.php\/wp-json\/wp\/v2\/users\/1"}],"replies":[{"embeddable":true,"href":"https:\/\/institutounao.com.mx\/index.php\/wp-json\/wp\/v2\/comments?post=1404"}],"version-history":[{"count":3,"href":"https:\/\/institutounao.com.mx\/index.php\/wp-json\/wp\/v2\/pages\/1404\/revisions"}],"predecessor-version":[{"id":2546,"href":"https:\/\/institutounao.com.mx\/index.php\/wp-json\/wp\/v2\/pages\/1404\/revisions\/2546"}],"wp:attachment":[{"href":"https:\/\/institutounao.com.mx\/index.php\/wp-json\/wp\/v2\/media?parent=1404"}],"curies":[{"name":"wp","href":"https:\/\/api.w.org\/{rel}","templated":true}]}}