{"id":11542,"date":"2025-12-30T03:26:00","date_gmt":"2025-12-30T03:26:00","guid":{"rendered":"https:\/\/institutounao.com.mx\/?page_id=11542"},"modified":"2026-03-29T14:33:11","modified_gmt":"2026-03-29T14:33:11","slug":"se26-1-45-maestria-en-pedagogia-estudiantes-inscritos-al-ciclo-escolar-enero-junio-2026-2026-2","status":"publish","type":"page","link":"https:\/\/institutounao.com.mx\/index.php\/se26-1-45-maestria-en-pedagogia-estudiantes-inscritos-al-ciclo-escolar-enero-junio-2026-2026-2\/","title":{"rendered":"SE26-1.45 Maestr\u00eda en Pedagog\u00eda \/ Estudiantes inscritos al ciclo escolar enero-junio 2026 (2026-2)"},"content":{"rendered":"\t\t<div data-elementor-type=\"wp-page\" data-elementor-id=\"11542\" class=\"elementor elementor-11542\">\n\t\t\t\t\t\t<section class=\"elementor-section elementor-top-section elementor-element elementor-element-2b34cc1 elementor-section-boxed elementor-section-height-default elementor-section-height-default\" data-id=\"2b34cc1\" data-element_type=\"section\" data-e-type=\"section\">\n\t\t\t\t\t\t<div class=\"elementor-container elementor-column-gap-default\">\n\t\t\t\t\t<div class=\"elementor-column elementor-col-100 elementor-top-column elementor-element elementor-element-2a4d2f5\" data-id=\"2a4d2f5\" data-element_type=\"column\" data-e-type=\"column\">\n\t\t\t<div class=\"elementor-widget-wrap elementor-element-populated\">\n\t\t\t\t\t\t<div class=\"elementor-element elementor-element-144d3ae elementor-widget elementor-widget-heading\" data-id=\"144d3ae\" data-element_type=\"widget\" data-e-type=\"widget\" data-widget_type=\"heading.default\">\n\t\t\t\t<div class=\"elementor-widget-container\">\n\t\t\t\t\t<h2 class=\"elementor-heading-title elementor-size-default\">Maestr\u00eda en Pedagog\u00eda.<\/h2>\t\t\t\t<\/div>\n\t\t\t\t<\/div>\n\t\t\t\t\t<\/div>\n\t\t<\/div>\n\t\t\t\t\t<\/div>\n\t\t<\/section>\n\t\t\t\t<section class=\"elementor-section elementor-top-section elementor-element elementor-element-bce0f44 elementor-section-boxed elementor-section-height-default elementor-section-height-default\" data-id=\"bce0f44\" data-element_type=\"section\" data-e-type=\"section\">\n\t\t\t\t\t\t<div class=\"elementor-container elementor-column-gap-default\">\n\t\t\t\t\t<div class=\"elementor-column elementor-col-100 elementor-top-column elementor-element elementor-element-c2e0fe1\" data-id=\"c2e0fe1\" data-element_type=\"column\" data-e-type=\"column\">\n\t\t\t<div class=\"elementor-widget-wrap elementor-element-populated\">\n\t\t\t\t\t\t<div class=\"elementor-element elementor-element-23fa867 elementor-widget__width-initial elementor-widget elementor-widget-text-editor\" data-id=\"23fa867\" data-element_type=\"widget\" data-e-type=\"widget\" data-widget_type=\"text-editor.default\">\n\t\t\t\t<div class=\"elementor-widget-container\">\n\t\t\t\t\t\t\t\t\t<p><span style=\"font-family: Poppins, sans-serif; font-size: 16px;\">Estudiantes inscritos al ciclo escolar enero &#8211; junio\u00a0 2026 (2026-2) en la Maestr\u00eda en Pedagog\u00eda y que recibieron de conformidad la siguiente documentaci\u00f3n:\u00a0<\/span><\/p>\t\t\t\t\t\t\t\t<\/div>\n\t\t\t\t<\/div>\n\t\t\t\t\t<\/div>\n\t\t<\/div>\n\t\t\t\t\t<\/div>\n\t\t<\/section>\n\t\t\t\t<section class=\"elementor-section elementor-top-section elementor-element elementor-element-ed51710 elementor-section-boxed elementor-section-height-default elementor-section-height-default\" data-id=\"ed51710\" data-element_type=\"section\" data-e-type=\"section\">\n\t\t\t\t\t\t<div class=\"elementor-container elementor-column-gap-default\">\n\t\t\t\t\t<div class=\"elementor-column elementor-col-100 elementor-top-column elementor-element elementor-element-79d3674\" data-id=\"79d3674\" data-element_type=\"column\" data-e-type=\"column\">\n\t\t\t<div class=\"elementor-widget-wrap elementor-element-populated\">\n\t\t\t\t\t\t<div class=\"elementor-element elementor-element-f991e8c elementor-widget elementor-widget-text-editor\" data-id=\"f991e8c\" data-element_type=\"widget\" data-e-type=\"widget\" data-widget_type=\"text-editor.default\">\n\t\t\t\t<div class=\"elementor-widget-container\">\n\t\t\t\t\t\t\t\t\t<ul style=\"font-size: 16px; font-family: Poppins, sans-serif;\"><li>Formato de inscripci\u00f3n al plan de estudios.<\/li><li>Solicitud de beca.<\/li><li>Oficio de asignaci\u00f3n de beca.<\/li><li>Carta compromiso de pagos.<\/li><\/ul>\t\t\t\t\t\t\t\t<\/div>\n\t\t\t\t<\/div>\n\t\t\t\t\t<\/div>\n\t\t<\/div>\n\t\t\t\t\t<\/div>\n\t\t<\/section>\n\t\t\t\t<section class=\"elementor-section elementor-top-section elementor-element elementor-element-57bdbf6 elementor-section-boxed elementor-section-height-default elementor-section-height-default\" data-id=\"57bdbf6\" data-element_type=\"section\" data-e-type=\"section\">\n\t\t\t\t\t\t<div class=\"elementor-container elementor-column-gap-default\">\n\t\t\t\t\t<div class=\"elementor-column elementor-col-100 elementor-top-column elementor-element elementor-element-49a9bf0\" data-id=\"49a9bf0\" data-element_type=\"column\" data-e-type=\"column\">\n\t\t\t<div class=\"elementor-widget-wrap elementor-element-populated\">\n\t\t\t\t\t\t<div class=\"elementor-element elementor-element-a6c42a5 elementor-widget elementor-widget-text-editor\" data-id=\"a6c42a5\" data-element_type=\"widget\" data-e-type=\"widget\" data-widget_type=\"text-editor.default\">\n\t\t\t\t<div class=\"elementor-widget-container\">\n\t\t\t\t\t\t\t\t\t<p><ul><li>PAOLA IVONNE GARCIA GARCIA.<\/li><li>LUIS JESUS PEREZ SANTIAGO.<\/li><li>MINERVA MERINO MEJIA.<\/li><li>MARTINA GUADALUPE CHAVEZ JUAREZ.<\/li><li>YAEL ADILENY AQUINO CABALLERO.<\/li><li>BRENDA CONCEPCION CORTES LOPEZ.<\/li><li>PATRICIA DOLORES MENDEZ GOMEZ.<\/li><li>TERESA NOEMI GARCIA MEDINA.<\/li><li>PATRICIA PELAEZ MARTINEZ.<\/li><li>JEANETTE MELINA MARTINEZ GOMEZ.<\/li><\/ul><\/p><p><br><\/p>\t\t\t\t\t\t\t\t<\/div>\n\t\t\t\t<\/div>\n\t\t\t\t\t<\/div>\n\t\t<\/div>\n\t\t\t\t\t<\/div>\n\t\t<\/section>\n\t\t\t\t<\/div>\n\t\t","protected":false},"excerpt":{"rendered":"<p>Maestr\u00eda en Pedagog\u00eda. Estudiantes inscritos al ciclo escolar enero &#8211; junio\u00a0 2026 (2026-2) en la Maestr\u00eda en Pedagog\u00eda y que recibieron de conformidad la siguiente documentaci\u00f3n:\u00a0 Formato de inscripci\u00f3n al plan de estudios. Solicitud de beca. Oficio de asignaci\u00f3n de beca. Carta compromiso de pagos. PAOLA IVONNE GARCIA GARCIA. LUIS <a class=\"read-more\" href=\"https:\/\/institutounao.com.mx\/index.php\/se26-1-45-maestria-en-pedagogia-estudiantes-inscritos-al-ciclo-escolar-enero-junio-2026-2026-2\/\">Read More&#8230;<\/a><\/p>\n","protected":false},"author":1,"featured_media":0,"parent":0,"menu_order":0,"comment_status":"closed","ping_status":"closed","template":"","meta":{"_joinchat":[],"footnotes":""},"class_list":["post-11542","page","type-page","status-publish","hentry"],"jetpack_sharing_enabled":true,"_links":{"self":[{"href":"https:\/\/institutounao.com.mx\/index.php\/wp-json\/wp\/v2\/pages\/11542","targetHints":{"allow":["GET"]}}],"collection":[{"href":"https:\/\/institutounao.com.mx\/index.php\/wp-json\/wp\/v2\/pages"}],"about":[{"href":"https:\/\/institutounao.com.mx\/index.php\/wp-json\/wp\/v2\/types\/page"}],"author":[{"embeddable":true,"href":"https:\/\/institutounao.com.mx\/index.php\/wp-json\/wp\/v2\/users\/1"}],"replies":[{"embeddable":true,"href":"https:\/\/institutounao.com.mx\/index.php\/wp-json\/wp\/v2\/comments?post=11542"}],"version-history":[{"count":13,"href":"https:\/\/institutounao.com.mx\/index.php\/wp-json\/wp\/v2\/pages\/11542\/revisions"}],"predecessor-version":[{"id":11909,"href":"https:\/\/institutounao.com.mx\/index.php\/wp-json\/wp\/v2\/pages\/11542\/revisions\/11909"}],"wp:attachment":[{"href":"https:\/\/institutounao.com.mx\/index.php\/wp-json\/wp\/v2\/media?parent=11542"}],"curies":[{"name":"wp","href":"https:\/\/api.w.org\/{rel}","templated":true}]}}

SE26-1.45 Maestría en Pedagogía / Estudiantes inscritos al ciclo escolar enero-junio 2026 (2026-2)

<div data-elementor-type="wp-page" data-elementor-id="11542" class="elementor elementor-11542">
						<section class="elementor-section elementor-top-section elementor-element elementor-element-2b34cc1 elementor-section-boxed elementor-section-height-default elementor-section-height-default" data-id="2b34cc1" data-element_type="section" data-e-type="section">
						<div class="elementor-container elementor-column-gap-default">
					<div class="elementor-column elementor-col-100 elementor-top-column elementor-element elementor-element-2a4d2f5" data-id="2a4d2f5" data-element_type="column" data-e-type="column">
			<div class="elementor-widget-wrap elementor-element-populated">
						<div class="elementor-element elementor-element-144d3ae elementor-widget elementor-widget-heading" data-id="144d3ae" data-element_type="widget" data-e-type="widget" data-widget_type="heading.default">
				<div class="elementor-widget-container">
					<h2 class="elementor-heading-title elementor-size-default">Maestría en Pedagogía.</h2>				</div>
				</div>
					</div>
		</div>
					</div>
		</section>
				<section class="elementor-section elementor-top-section elementor-element elementor-element-bce0f44 elementor-section-boxed elementor-section-height-default elementor-section-height-default" data-id="bce0f44" data-element_type="section" data-e-type="section">
						<div class="elementor-container elementor-column-gap-default">
					<div class="elementor-column elementor-col-100 elementor-top-column elementor-element elementor-element-c2e0fe1" data-id="c2e0fe1" data-element_type="column" data-e-type="column">
			<div class="elementor-widget-wrap elementor-element-populated">
						<div class="elementor-element elementor-element-23fa867 elementor-widget__width-initial elementor-widget elementor-widget-text-editor" data-id="23fa867" data-element_type="widget" data-e-type="widget" data-widget_type="text-editor.default">
				<div class="elementor-widget-container">
									<p><span style="font-family: Poppins, sans-serif; font-size: 16px;">Estudiantes inscritos al ciclo escolar enero &#8211; junio  2026 (2026-2) en la Maestría en Pedagogía y que recibieron de conformidad la siguiente documentación: </span></p>								</div>
				</div>
					</div>
		</div>
					</div>
		</section>
				<section class="elementor-section elementor-top-section elementor-element elementor-element-ed51710 elementor-section-boxed elementor-section-height-default elementor-section-height-default" data-id="ed51710" data-element_type="section" data-e-type="section">
						<div class="elementor-container elementor-column-gap-default">
					<div class="elementor-column elementor-col-100 elementor-top-column elementor-element elementor-element-79d3674" data-id="79d3674" data-element_type="column" data-e-type="column">
			<div class="elementor-widget-wrap elementor-element-populated">
						<div class="elementor-element elementor-element-f991e8c elementor-widget elementor-widget-text-editor" data-id="f991e8c" data-element_type="widget" data-e-type="widget" data-widget_type="text-editor.default">
				<div class="elementor-widget-container">
									<ul style="font-size: 16px; font-family: Poppins, sans-serif;"><li>Formato de inscripción al plan de estudios.</li><li>Solicitud de beca.</li><li>Oficio de asignación de beca.</li><li>Carta compromiso de pagos.</li></ul>								</div>
				</div>
					</div>
		</div>
					</div>
		</section>
				<section class="elementor-section elementor-top-section elementor-element elementor-element-57bdbf6 elementor-section-boxed elementor-section-height-default elementor-section-height-default" data-id="57bdbf6" data-element_type="section" data-e-type="section">
						<div class="elementor-container elementor-column-gap-default">
					<div class="elementor-column elementor-col-100 elementor-top-column elementor-element elementor-element-49a9bf0" data-id="49a9bf0" data-element_type="column" data-e-type="column">
			<div class="elementor-widget-wrap elementor-element-populated">
						<div class="elementor-element elementor-element-a6c42a5 elementor-widget elementor-widget-text-editor" data-id="a6c42a5" data-element_type="widget" data-e-type="widget" data-widget_type="text-editor.default">
				<div class="elementor-widget-container">
									<p><ul><li>PAOLA IVONNE GARCIA GARCIA.</li><li>LUIS JESUS PEREZ SANTIAGO.</li><li>MINERVA MERINO MEJIA.</li><li>MARTINA GUADALUPE CHAVEZ JUAREZ.</li><li>YAEL ADILENY AQUINO CABALLERO.</li><li>BRENDA CONCEPCION CORTES LOPEZ.</li><li>PATRICIA DOLORES MENDEZ GOMEZ.</li><li>TERESA NOEMI GARCIA MEDINA.</li><li>PATRICIA PELAEZ MARTINEZ.</li><li>JEANETTE MELINA MARTINEZ GOMEZ.</li></ul></p><p><br></p>								</div>
				</div>
					</div>
		</div>
					</div>
		</section>
				</div>

<p>Maestría en Pedagogía. Estudiantes inscritos al ciclo escolar enero &#8211; junio  2026 (2026-2) en la Maestría en Pedagogía y que recibieron de conformidad la siguiente documentación:  Formato de inscripción al plan de estudios. Solicitud de beca. Oficio de asignación de beca. Carta compromiso de pagos. PAOLA IVONNE GARCIA GARCIA. LUIS <a class="read-more" href="https://institutounao.com.mx/index.php/se26-1-45-maestria-en-pedagogia-estudiantes-inscritos-al-ciclo-escolar-enero-junio-2026-2026-2/">Read More&#8230;</a></p>
