{"id":10983,"date":"2025-09-12T23:38:09","date_gmt":"2025-09-12T23:38:09","guid":{"rendered":"https:\/\/institutounao.com.mx\/?page_id=10983"},"modified":"2025-11-06T02:30:29","modified_gmt":"2025-11-06T02:30:29","slug":"ecp26-1-22-taller-pedagogico-letras-en-construccion-principios-de-emilia-ferreiro-para-la-lectura","status":"publish","type":"page","link":"https:\/\/institutounao.com.mx\/index.php\/ecp26-1-22-taller-pedagogico-letras-en-construccion-principios-de-emilia-ferreiro-para-la-lectura\/","title":{"rendered":"ECP26-1.22 TALLER PEDAG\u00d3GICO LETRAS EN CONSTRUCCI\u00d3N: PRINCIPIOS DE EMILIA FERREIRO PARA LA LECTURA."},"content":{"rendered":"\t\t<div data-elementor-type=\"wp-page\" data-elementor-id=\"10983\" class=\"elementor elementor-10983\">\n\t\t\t\t\t\t<section class=\"elementor-section elementor-top-section elementor-element elementor-element-bc81344 elementor-section-boxed elementor-section-height-default elementor-section-height-default\" data-id=\"bc81344\" data-element_type=\"section\" data-e-type=\"section\">\n\t\t\t\t\t\t<div class=\"elementor-container elementor-column-gap-default\">\n\t\t\t\t\t<div class=\"elementor-column elementor-col-100 elementor-top-column elementor-element elementor-element-b6a6e37\" data-id=\"b6a6e37\" data-element_type=\"column\" data-e-type=\"column\">\n\t\t\t<div class=\"elementor-widget-wrap\">\n\t\t\t\t\t\t\t<\/div>\n\t\t<\/div>\n\t\t\t\t\t<\/div>\n\t\t<\/section>\n\t\t\t\t<section class=\"elementor-section elementor-top-section elementor-element elementor-element-05e0409 elementor-section-boxed elementor-section-height-default elementor-section-height-default\" data-id=\"05e0409\" data-element_type=\"section\" data-e-type=\"section\">\n\t\t\t\t\t\t<div class=\"elementor-container elementor-column-gap-default\">\n\t\t\t\t\t<div class=\"elementor-column elementor-col-100 elementor-top-column elementor-element elementor-element-74e9611\" data-id=\"74e9611\" data-element_type=\"column\" data-e-type=\"column\">\n\t\t\t<div class=\"elementor-widget-wrap elementor-element-populated\">\n\t\t\t\t\t\t<div class=\"elementor-element elementor-element-6e787b5 elementor-widget elementor-widget-heading\" data-id=\"6e787b5\" data-element_type=\"widget\" data-e-type=\"widget\" data-widget_type=\"heading.default\">\n\t\t\t\t<div class=\"elementor-widget-container\">\n\t\t\t\t\t<h4 class=\"elementor-heading-title elementor-size-default\">TALLER PEDAG\u00d3GICO LETRAS EN CONSTRUCCI\u00d3N: PRINCIPIOS DE EMILIA FERREIRO PARA LA LECTURA.<\/h4>\t\t\t\t<\/div>\n\t\t\t\t<\/div>\n\t\t\t\t\t<\/div>\n\t\t<\/div>\n\t\t\t\t\t<\/div>\n\t\t<\/section>\n\t\t\t\t<section class=\"elementor-section elementor-top-section elementor-element elementor-element-4763da4 elementor-section-boxed elementor-section-height-default elementor-section-height-default\" data-id=\"4763da4\" data-element_type=\"section\" data-e-type=\"section\">\n\t\t\t\t\t\t<div class=\"elementor-container elementor-column-gap-default\">\n\t\t\t\t\t<div class=\"elementor-column elementor-col-100 elementor-top-column elementor-element elementor-element-0762d37\" data-id=\"0762d37\" data-element_type=\"column\" data-e-type=\"column\">\n\t\t\t<div class=\"elementor-widget-wrap elementor-element-populated\">\n\t\t\t\t\t\t<div class=\"elementor-element elementor-element-0d5f54d elementor-widget elementor-widget-text-editor\" data-id=\"0d5f54d\" data-element_type=\"widget\" data-e-type=\"widget\" data-widget_type=\"text-editor.default\">\n\t\t\t\t<div class=\"elementor-widget-container\">\n\t\t\t\t\t\t\t\t\t<p style=\"text-align: center;\"><strong>Acreditaci\u00f3n de Actividades.<\/strong><\/p><p><strong>Datos Generales:<\/strong><\/p><p>Instituci\u00f3n: Instituto Universitario Antequera de Oaxaca.<br \/>Clave de Plantel: 20MSY0104Y.<br \/>Periodo: 28 y 29 de octubre de 2025.<br \/>Modalidad:\u00a0Virtual.<br \/>Horas lectivas: 10 horas lectivas.<br \/>Imparte: MTRA. VERONICA CAMACHO AVILA.<\/p><p><strong>Participantes que acreditaron:\u00a0<\/strong><\/p><ol><li>ALICIA GUTIERREZ GARCIA<\/li><li>ANGELICA ORTIZ PAZ<\/li><li>AUREA IRMA CISNEROS CHAVEZ<\/li><li>BRENDA DANIELA GALINDO BAUTISTA<\/li><li>EDER GIOVANNI GOMEZ RAMIREZ<\/li><li>EDUARDO ALEJANDRO RICO MARTINEZ<\/li><li>GABRIELA ROMAN CARNALLA<\/li><li>JORGE SOTO OCHOA<\/li><li>JORGE ZU\u00d1IGA PICHARDO<\/li><li>KARELY MU\u00d1OZ CORTES<\/li><li>MARBELLA MAY REYES<\/li><li>MARIA ISABEL CAROLINA MEDINA RODRIGUEZ<\/li><li>MARIANA HERNANDEZ ALCANTARA<\/li><li>PRIMITIVO MANZANO MORENO<\/li><li>RAQUEL TORRES ORTEGA<\/li><li>REINA SANTIAGO LOPEZ<\/li><li>WENDY PAOLA GOMEZ MARTINEZ<\/li><\/ol>\t\t\t\t\t\t\t\t<\/div>\n\t\t\t\t<\/div>\n\t\t\t\t\t<\/div>\n\t\t<\/div>\n\t\t\t\t\t<\/div>\n\t\t<\/section>\n\t\t\t\t<\/div>\n\t\t","protected":false},"excerpt":{"rendered":"<p>TALLER PEDAG\u00d3GICO LETRAS EN CONSTRUCCI\u00d3N: PRINCIPIOS DE EMILIA FERREIRO PARA LA LECTURA. Acreditaci\u00f3n de Actividades. Datos Generales: Instituci\u00f3n: Instituto Universitario Antequera de Oaxaca.Clave de Plantel: 20MSY0104Y.Periodo: 28 y 29 de octubre de 2025.Modalidad:\u00a0Virtual.Horas lectivas: 10 horas lectivas.Imparte: MTRA. VERONICA CAMACHO AVILA. Participantes que acreditaron:\u00a0 ALICIA GUTIERREZ GARCIA ANGELICA ORTIZ PAZ <a class=\"read-more\" href=\"https:\/\/institutounao.com.mx\/index.php\/ecp26-1-22-taller-pedagogico-letras-en-construccion-principios-de-emilia-ferreiro-para-la-lectura\/\">Read More&#8230;<\/a><\/p>\n","protected":false},"author":1,"featured_media":0,"parent":0,"menu_order":0,"comment_status":"closed","ping_status":"closed","template":"","meta":{"_joinchat":[],"footnotes":""},"class_list":["post-10983","page","type-page","status-publish","hentry"],"jetpack_sharing_enabled":true,"_links":{"self":[{"href":"https:\/\/institutounao.com.mx\/index.php\/wp-json\/wp\/v2\/pages\/10983","targetHints":{"allow":["GET"]}}],"collection":[{"href":"https:\/\/institutounao.com.mx\/index.php\/wp-json\/wp\/v2\/pages"}],"about":[{"href":"https:\/\/institutounao.com.mx\/index.php\/wp-json\/wp\/v2\/types\/page"}],"author":[{"embeddable":true,"href":"https:\/\/institutounao.com.mx\/index.php\/wp-json\/wp\/v2\/users\/1"}],"replies":[{"embeddable":true,"href":"https:\/\/institutounao.com.mx\/index.php\/wp-json\/wp\/v2\/comments?post=10983"}],"version-history":[{"count":10,"href":"https:\/\/institutounao.com.mx\/index.php\/wp-json\/wp\/v2\/pages\/10983\/revisions"}],"predecessor-version":[{"id":11221,"href":"https:\/\/institutounao.com.mx\/index.php\/wp-json\/wp\/v2\/pages\/10983\/revisions\/11221"}],"wp:attachment":[{"href":"https:\/\/institutounao.com.mx\/index.php\/wp-json\/wp\/v2\/media?parent=10983"}],"curies":[{"name":"wp","href":"https:\/\/api.w.org\/{rel}","templated":true}]}}