{"id":10623,"date":"2025-07-10T22:26:12","date_gmt":"2025-07-10T22:26:12","guid":{"rendered":"https:\/\/institutounao.com.mx\/?page_id=10623"},"modified":"2025-08-16T21:18:26","modified_gmt":"2025-08-16T21:18:26","slug":"se25-40-especialidad-en-intervencion-pedagogica-en-el-lenguaje-estudiantes-inscritos-al-ciclo-escolar-julio-diciembre-2025-2026-1","status":"publish","type":"page","link":"https:\/\/institutounao.com.mx\/index.php\/se25-40-especialidad-en-intervencion-pedagogica-en-el-lenguaje-estudiantes-inscritos-al-ciclo-escolar-julio-diciembre-2025-2026-1\/","title":{"rendered":"SE25.40 Especialidad en Intervenci\u00f3n Pedag\u00f3gica en el Lenguaje\/ Estudiantes inscritos al ciclo escolar julio-diciembre 2025 (2026-1)"},"content":{"rendered":"\t\t<div data-elementor-type=\"wp-page\" data-elementor-id=\"10623\" class=\"elementor elementor-10623\">\n\t\t\t\t\t\t<section class=\"elementor-section elementor-top-section elementor-element elementor-element-82fe517 elementor-section-boxed elementor-section-height-default elementor-section-height-default\" data-id=\"82fe517\" data-element_type=\"section\" data-e-type=\"section\">\n\t\t\t\t\t\t<div class=\"elementor-container elementor-column-gap-default\">\n\t\t\t\t\t<div class=\"elementor-column elementor-col-100 elementor-top-column elementor-element elementor-element-659540e\" data-id=\"659540e\" data-element_type=\"column\" data-e-type=\"column\">\n\t\t\t<div class=\"elementor-widget-wrap elementor-element-populated\">\n\t\t\t\t\t\t<div class=\"elementor-element elementor-element-45a22e6 elementor-widget elementor-widget-heading\" data-id=\"45a22e6\" data-element_type=\"widget\" data-e-type=\"widget\" data-widget_type=\"heading.default\">\n\t\t\t\t<div class=\"elementor-widget-container\">\n\t\t\t\t\t<h2 class=\"elementor-heading-title elementor-size-default\">Especialidad en Intervenci\u00f3n Pedag\u00f3gica en el Lenguaje.<\/h2>\t\t\t\t<\/div>\n\t\t\t\t<\/div>\n\t\t\t\t\t<\/div>\n\t\t<\/div>\n\t\t\t\t\t<\/div>\n\t\t<\/section>\n\t\t\t\t<section class=\"elementor-section elementor-top-section elementor-element elementor-element-2b97d81 elementor-section-boxed elementor-section-height-default elementor-section-height-default\" data-id=\"2b97d81\" data-element_type=\"section\" data-e-type=\"section\">\n\t\t\t\t\t\t<div class=\"elementor-container elementor-column-gap-default\">\n\t\t\t\t\t<div class=\"elementor-column elementor-col-100 elementor-top-column elementor-element elementor-element-b8ed781\" data-id=\"b8ed781\" data-element_type=\"column\" data-e-type=\"column\">\n\t\t\t<div class=\"elementor-widget-wrap elementor-element-populated\">\n\t\t\t\t\t\t<div class=\"elementor-element elementor-element-31802df elementor-widget__width-initial elementor-widget elementor-widget-text-editor\" data-id=\"31802df\" data-element_type=\"widget\" data-e-type=\"widget\" data-widget_type=\"text-editor.default\">\n\t\t\t\t<div class=\"elementor-widget-container\">\n\t\t\t\t\t\t\t\t\t<p><span style=\"font-family: Poppins, sans-serif; font-size: 16px;\">Estudiantes inscritos al ciclo escolar julio &#8211; diciembre\u00a0 2025 (2026-1) en la Especialidad en Intervenci\u00f3n Pedag\u00f3gica en el Lenguaje y que recibieron de conformidad la siguiente documentaci\u00f3n:\u00a0<\/span><\/p>\t\t\t\t\t\t\t\t<\/div>\n\t\t\t\t<\/div>\n\t\t\t\t\t<\/div>\n\t\t<\/div>\n\t\t\t\t\t<\/div>\n\t\t<\/section>\n\t\t\t\t<section class=\"elementor-section elementor-top-section elementor-element elementor-element-5a69ee8 elementor-section-boxed elementor-section-height-default elementor-section-height-default\" data-id=\"5a69ee8\" data-element_type=\"section\" data-e-type=\"section\">\n\t\t\t\t\t\t<div class=\"elementor-container elementor-column-gap-default\">\n\t\t\t\t\t<div class=\"elementor-column elementor-col-100 elementor-top-column elementor-element elementor-element-b8261e7\" data-id=\"b8261e7\" data-element_type=\"column\" data-e-type=\"column\">\n\t\t\t<div class=\"elementor-widget-wrap elementor-element-populated\">\n\t\t\t\t\t\t<div class=\"elementor-element elementor-element-39e26be elementor-widget elementor-widget-text-editor\" data-id=\"39e26be\" data-element_type=\"widget\" data-e-type=\"widget\" data-widget_type=\"text-editor.default\">\n\t\t\t\t<div class=\"elementor-widget-container\">\n\t\t\t\t\t\t\t\t\t<ul style=\"font-size: 16px; font-family: Poppins, sans-serif;\"><li>Formato de inscripci\u00f3n al plan de estudios.<\/li><li>Solicitud de beca.<\/li><li>Oficio de asignaci\u00f3n de beca.<\/li><li>Carta compromiso de pagos.<\/li><\/ul>\t\t\t\t\t\t\t\t<\/div>\n\t\t\t\t<\/div>\n\t\t\t\t\t<\/div>\n\t\t<\/div>\n\t\t\t\t\t<\/div>\n\t\t<\/section>\n\t\t\t\t<section class=\"elementor-section elementor-top-section elementor-element elementor-element-0235c73 elementor-section-boxed elementor-section-height-default elementor-section-height-default\" data-id=\"0235c73\" data-element_type=\"section\" data-e-type=\"section\">\n\t\t\t\t\t\t<div class=\"elementor-container elementor-column-gap-default\">\n\t\t\t\t\t<div class=\"elementor-column elementor-col-100 elementor-top-column elementor-element elementor-element-1ee5744\" data-id=\"1ee5744\" data-element_type=\"column\" data-e-type=\"column\">\n\t\t\t<div class=\"elementor-widget-wrap elementor-element-populated\">\n\t\t\t\t\t\t<div class=\"elementor-element elementor-element-3dc4a2b elementor-widget elementor-widget-text-editor\" data-id=\"3dc4a2b\" data-element_type=\"widget\" data-e-type=\"widget\" data-widget_type=\"text-editor.default\">\n\t\t\t\t<div class=\"elementor-widget-container\">\n\t\t\t\t\t\t\t\t\t<p>Primer\u00a0 Semestre.<\/p>\t\t\t\t\t\t\t\t<\/div>\n\t\t\t\t<\/div>\n\t\t\t\t\t<\/div>\n\t\t<\/div>\n\t\t\t\t\t<\/div>\n\t\t<\/section>\n\t\t\t\t<section class=\"elementor-section elementor-top-section elementor-element elementor-element-b1e469f elementor-section-boxed elementor-section-height-default elementor-section-height-default\" data-id=\"b1e469f\" data-element_type=\"section\" data-e-type=\"section\">\n\t\t\t\t\t\t<div class=\"elementor-container elementor-column-gap-default\">\n\t\t\t\t\t<div class=\"elementor-column elementor-col-100 elementor-top-column elementor-element elementor-element-00b89ef\" data-id=\"00b89ef\" data-element_type=\"column\" data-e-type=\"column\">\n\t\t\t<div class=\"elementor-widget-wrap elementor-element-populated\">\n\t\t\t\t\t\t<div class=\"elementor-element elementor-element-063f410 elementor-widget elementor-widget-text-editor\" data-id=\"063f410\" data-element_type=\"widget\" data-e-type=\"widget\" data-widget_type=\"text-editor.default\">\n\t\t\t\t<div class=\"elementor-widget-container\">\n\t\t\t\t\t\t\t\t\t<p>1. VALERIA HERNANDEZ LUNA.<br>2. CLARA MORENO URIBE.<br>3. MARIA ANGELA SOLIS RIOS.<br>4. DARLINCA VALENZUELA GARCIA.<br>5. NORMA LISETH FRANK ALMARAZ.<br>6. HAIDE NORMA TEJEDA CELIS.<br>7. BRENDA ARACELY CAMPISTA VARGAS.<br>8. MARIA ESTHER GONZALEZ LOZANO.<br>9. DIANA PAOLA GARCIA CHAVEZ.<br>10. CINTHIA BIANEY AGUILAR OCHOA.<br>11. JERED GUADALUPE CHAVEZ PORRAS.<br>12. GLORIA CHAVEZ PIEDRA.<br>13. ARMANDO ALEJANDRO BURGOS MANJARREZ.<br>14. GERARDO RIOS CEDE\u00d1O.<br>15. MONICA LOPEZ MU\u00d1OZ.<br>16. JESUS GERMAN CARRO CANCHE.<br>17. DANIELA HIDEKEL HAROS HERNANDEZ.<br>18. VERONICA RUIZ GABRIEL.<br>19. YAZMIN MARTINEZ NAVARRO.<br>20.ALMA PATRICIA ABARCA GARCIA.<br>21. ARIANNA ACOSTA VARGAS.<br>22. IRENE MARIEL MORALES ORTEGA.<br>23. KARLA MONSERRAT CASTILLO ROJAS.<br>24. LAURA GABRIELA FLORES GONZALEZ.<br>25. MARIA DE LOURDES VALDIVIESO PERALTA.<br>26. BERTHA ANGELICA SOSA REYES.<\/p>\t\t\t\t\t\t\t\t<\/div>\n\t\t\t\t<\/div>\n\t\t\t\t\t<\/div>\n\t\t<\/div>\n\t\t\t\t\t<\/div>\n\t\t<\/section>\n\t\t\t\t<\/div>\n\t\t","protected":false},"excerpt":{"rendered":"<p>Especialidad en Intervenci\u00f3n Pedag\u00f3gica en el Lenguaje. Estudiantes inscritos al ciclo escolar julio &#8211; diciembre\u00a0 2025 (2026-1) en la Especialidad en Intervenci\u00f3n Pedag\u00f3gica en el Lenguaje y que recibieron de conformidad la siguiente documentaci\u00f3n:\u00a0 Formato de inscripci\u00f3n al plan de estudios. Solicitud de beca. Oficio de asignaci\u00f3n de beca. Carta <a class=\"read-more\" href=\"https:\/\/institutounao.com.mx\/index.php\/se25-40-especialidad-en-intervencion-pedagogica-en-el-lenguaje-estudiantes-inscritos-al-ciclo-escolar-julio-diciembre-2025-2026-1\/\">Read More&#8230;<\/a><\/p>\n","protected":false},"author":1,"featured_media":0,"parent":0,"menu_order":0,"comment_status":"closed","ping_status":"closed","template":"","meta":{"_joinchat":[],"footnotes":""},"class_list":["post-10623","page","type-page","status-publish","hentry"],"jetpack_sharing_enabled":true,"_links":{"self":[{"href":"https:\/\/institutounao.com.mx\/index.php\/wp-json\/wp\/v2\/pages\/10623","targetHints":{"allow":["GET"]}}],"collection":[{"href":"https:\/\/institutounao.com.mx\/index.php\/wp-json\/wp\/v2\/pages"}],"about":[{"href":"https:\/\/institutounao.com.mx\/index.php\/wp-json\/wp\/v2\/types\/page"}],"author":[{"embeddable":true,"href":"https:\/\/institutounao.com.mx\/index.php\/wp-json\/wp\/v2\/users\/1"}],"replies":[{"embeddable":true,"href":"https:\/\/institutounao.com.mx\/index.php\/wp-json\/wp\/v2\/comments?post=10623"}],"version-history":[{"count":10,"href":"https:\/\/institutounao.com.mx\/index.php\/wp-json\/wp\/v2\/pages\/10623\/revisions"}],"predecessor-version":[{"id":10893,"href":"https:\/\/institutounao.com.mx\/index.php\/wp-json\/wp\/v2\/pages\/10623\/revisions\/10893"}],"wp:attachment":[{"href":"https:\/\/institutounao.com.mx\/index.php\/wp-json\/wp\/v2\/media?parent=10623"}],"curies":[{"name":"wp","href":"https:\/\/api.w.org\/{rel}","templated":true}]}}

SE25.40 Especialidad en Intervención Pedagógica en el Lenguaje/ Estudiantes inscritos al ciclo escolar julio-diciembre 2025 (2026-1)

<div data-elementor-type="wp-page" data-elementor-id="10623" class="elementor elementor-10623">
						<section class="elementor-section elementor-top-section elementor-element elementor-element-82fe517 elementor-section-boxed elementor-section-height-default elementor-section-height-default" data-id="82fe517" data-element_type="section" data-e-type="section">
						<div class="elementor-container elementor-column-gap-default">
					<div class="elementor-column elementor-col-100 elementor-top-column elementor-element elementor-element-659540e" data-id="659540e" data-element_type="column" data-e-type="column">
			<div class="elementor-widget-wrap elementor-element-populated">
						<div class="elementor-element elementor-element-45a22e6 elementor-widget elementor-widget-heading" data-id="45a22e6" data-element_type="widget" data-e-type="widget" data-widget_type="heading.default">
				<div class="elementor-widget-container">
					<h2 class="elementor-heading-title elementor-size-default">Especialidad en Intervención Pedagógica en el Lenguaje.</h2>				</div>
				</div>
					</div>
		</div>
					</div>
		</section>
				<section class="elementor-section elementor-top-section elementor-element elementor-element-2b97d81 elementor-section-boxed elementor-section-height-default elementor-section-height-default" data-id="2b97d81" data-element_type="section" data-e-type="section">
						<div class="elementor-container elementor-column-gap-default">
					<div class="elementor-column elementor-col-100 elementor-top-column elementor-element elementor-element-b8ed781" data-id="b8ed781" data-element_type="column" data-e-type="column">
			<div class="elementor-widget-wrap elementor-element-populated">
						<div class="elementor-element elementor-element-31802df elementor-widget__width-initial elementor-widget elementor-widget-text-editor" data-id="31802df" data-element_type="widget" data-e-type="widget" data-widget_type="text-editor.default">
				<div class="elementor-widget-container">
									<p><span style="font-family: Poppins, sans-serif; font-size: 16px;">Estudiantes inscritos al ciclo escolar julio &#8211; diciembre  2025 (2026-1) en la Especialidad en Intervención Pedagógica en el Lenguaje y que recibieron de conformidad la siguiente documentación: </span></p>								</div>
				</div>
					</div>
		</div>
					</div>
		</section>
				<section class="elementor-section elementor-top-section elementor-element elementor-element-5a69ee8 elementor-section-boxed elementor-section-height-default elementor-section-height-default" data-id="5a69ee8" data-element_type="section" data-e-type="section">
						<div class="elementor-container elementor-column-gap-default">
					<div class="elementor-column elementor-col-100 elementor-top-column elementor-element elementor-element-b8261e7" data-id="b8261e7" data-element_type="column" data-e-type="column">
			<div class="elementor-widget-wrap elementor-element-populated">
						<div class="elementor-element elementor-element-39e26be elementor-widget elementor-widget-text-editor" data-id="39e26be" data-element_type="widget" data-e-type="widget" data-widget_type="text-editor.default">
				<div class="elementor-widget-container">
									<ul style="font-size: 16px; font-family: Poppins, sans-serif;"><li>Formato de inscripción al plan de estudios.</li><li>Solicitud de beca.</li><li>Oficio de asignación de beca.</li><li>Carta compromiso de pagos.</li></ul>								</div>
				</div>
					</div>
		</div>
					</div>
		</section>
				<section class="elementor-section elementor-top-section elementor-element elementor-element-0235c73 elementor-section-boxed elementor-section-height-default elementor-section-height-default" data-id="0235c73" data-element_type="section" data-e-type="section">
						<div class="elementor-container elementor-column-gap-default">
					<div class="elementor-column elementor-col-100 elementor-top-column elementor-element elementor-element-1ee5744" data-id="1ee5744" data-element_type="column" data-e-type="column">
			<div class="elementor-widget-wrap elementor-element-populated">
						<div class="elementor-element elementor-element-3dc4a2b elementor-widget elementor-widget-text-editor" data-id="3dc4a2b" data-element_type="widget" data-e-type="widget" data-widget_type="text-editor.default">
				<div class="elementor-widget-container">
									<p>Primer  Semestre.</p>								</div>
				</div>
					</div>
		</div>
					</div>
		</section>
				<section class="elementor-section elementor-top-section elementor-element elementor-element-b1e469f elementor-section-boxed elementor-section-height-default elementor-section-height-default" data-id="b1e469f" data-element_type="section" data-e-type="section">
						<div class="elementor-container elementor-column-gap-default">
					<div class="elementor-column elementor-col-100 elementor-top-column elementor-element elementor-element-00b89ef" data-id="00b89ef" data-element_type="column" data-e-type="column">
			<div class="elementor-widget-wrap elementor-element-populated">
						<div class="elementor-element elementor-element-063f410 elementor-widget elementor-widget-text-editor" data-id="063f410" data-element_type="widget" data-e-type="widget" data-widget_type="text-editor.default">
				<div class="elementor-widget-container">
									<p>1. VALERIA HERNANDEZ LUNA.<br>2. CLARA MORENO URIBE.<br>3. MARIA ANGELA SOLIS RIOS.<br>4. DARLINCA VALENZUELA GARCIA.<br>5. NORMA LISETH FRANK ALMARAZ.<br>6. HAIDE NORMA TEJEDA CELIS.<br>7. BRENDA ARACELY CAMPISTA VARGAS.<br>8. MARIA ESTHER GONZALEZ LOZANO.<br>9. DIANA PAOLA GARCIA CHAVEZ.<br>10. CINTHIA BIANEY AGUILAR OCHOA.<br>11. JERED GUADALUPE CHAVEZ PORRAS.<br>12. GLORIA CHAVEZ PIEDRA.<br>13. ARMANDO ALEJANDRO BURGOS MANJARREZ.<br>14. GERARDO RIOS CEDEÑO.<br>15. MONICA LOPEZ MUÑOZ.<br>16. JESUS GERMAN CARRO CANCHE.<br>17. DANIELA HIDEKEL HAROS HERNANDEZ.<br>18. VERONICA RUIZ GABRIEL.<br>19. YAZMIN MARTINEZ NAVARRO.<br>20.ALMA PATRICIA ABARCA GARCIA.<br>21. ARIANNA ACOSTA VARGAS.<br>22. IRENE MARIEL MORALES ORTEGA.<br>23. KARLA MONSERRAT CASTILLO ROJAS.<br>24. LAURA GABRIELA FLORES GONZALEZ.<br>25. MARIA DE LOURDES VALDIVIESO PERALTA.<br>26. BERTHA ANGELICA SOSA REYES.</p>								</div>
				</div>
					</div>
		</div>
					</div>
		</section>
				</div>

<p>Especialidad en Intervención Pedagógica en el Lenguaje. Estudiantes inscritos al ciclo escolar julio &#8211; diciembre  2025 (2026-1) en la Especialidad en Intervención Pedagógica en el Lenguaje y que recibieron de conformidad la siguiente documentación:  Formato de inscripción al plan de estudios. Solicitud de beca. Oficio de asignación de beca. Carta <a class="read-more" href="https://institutounao.com.mx/index.php/se25-40-especialidad-en-intervencion-pedagogica-en-el-lenguaje-estudiantes-inscritos-al-ciclo-escolar-julio-diciembre-2025-2026-1/">Read More&#8230;</a></p>
