{"id":10540,"date":"2025-07-03T20:10:57","date_gmt":"2025-07-03T20:10:57","guid":{"rendered":"https:\/\/institutounao.com.mx\/?page_id=10540"},"modified":"2025-12-29T03:37:58","modified_gmt":"2025-12-29T03:37:58","slug":"se25-30-especialidad-en-docencia-estudiantes-reinscritos-al-ciclo-escolar-julio-diciembre-2025-2026-1","status":"publish","type":"page","link":"https:\/\/institutounao.com.mx\/index.php\/se25-30-especialidad-en-docencia-estudiantes-reinscritos-al-ciclo-escolar-julio-diciembre-2025-2026-1\/","title":{"rendered":"SE25.30 Especialidad en Docencia\/ Estudiantes reinscritos al ciclo escolar julio-diciembre 2025 (2026-1)."},"content":{"rendered":"\t\t<div data-elementor-type=\"wp-page\" data-elementor-id=\"10540\" class=\"elementor elementor-10540\">\n\t\t\t\t\t\t<section class=\"elementor-section elementor-top-section elementor-element elementor-element-937b99b elementor-section-boxed elementor-section-height-default elementor-section-height-default\" data-id=\"937b99b\" data-element_type=\"section\" data-e-type=\"section\">\n\t\t\t\t\t\t<div class=\"elementor-container elementor-column-gap-default\">\n\t\t\t\t\t<div class=\"elementor-column elementor-col-100 elementor-top-column elementor-element elementor-element-1c1456f\" data-id=\"1c1456f\" data-element_type=\"column\" data-e-type=\"column\">\n\t\t\t<div class=\"elementor-widget-wrap elementor-element-populated\">\n\t\t\t\t\t\t<div class=\"elementor-element elementor-element-2d1e4b5 elementor-widget elementor-widget-heading\" data-id=\"2d1e4b5\" data-element_type=\"widget\" data-e-type=\"widget\" data-widget_type=\"heading.default\">\n\t\t\t\t<div class=\"elementor-widget-container\">\n\t\t\t\t\t<h2 class=\"elementor-heading-title elementor-size-default\">Especialidad en Docencia.<\/h2>\t\t\t\t<\/div>\n\t\t\t\t<\/div>\n\t\t\t\t\t<\/div>\n\t\t<\/div>\n\t\t\t\t\t<\/div>\n\t\t<\/section>\n\t\t\t\t<section class=\"elementor-section elementor-top-section elementor-element elementor-element-7652508 elementor-section-boxed elementor-section-height-default elementor-section-height-default\" data-id=\"7652508\" data-element_type=\"section\" data-e-type=\"section\">\n\t\t\t\t\t\t<div class=\"elementor-container elementor-column-gap-default\">\n\t\t\t\t\t<div class=\"elementor-column elementor-col-100 elementor-top-column elementor-element elementor-element-fb91fbb\" data-id=\"fb91fbb\" data-element_type=\"column\" data-e-type=\"column\">\n\t\t\t<div class=\"elementor-widget-wrap elementor-element-populated\">\n\t\t\t\t\t\t<div class=\"elementor-element elementor-element-6e45a87 elementor-widget__width-initial elementor-widget elementor-widget-text-editor\" data-id=\"6e45a87\" data-element_type=\"widget\" data-e-type=\"widget\" data-widget_type=\"text-editor.default\">\n\t\t\t\t<div class=\"elementor-widget-container\">\n\t\t\t\t\t\t\t\t\t<p><span style=\"font-family: Poppins, sans-serif; font-size: 16px;\">Estudiantes reinscritos al ciclo escolar julio &#8211; diciembre 2025 (2026-1) en la Especialidda en Docencia y que recibieron de conformidad la siguiente documentaci\u00f3n:\u00a0<\/span><\/p>\t\t\t\t\t\t\t\t<\/div>\n\t\t\t\t<\/div>\n\t\t\t\t\t<\/div>\n\t\t<\/div>\n\t\t\t\t\t<\/div>\n\t\t<\/section>\n\t\t\t\t<section class=\"elementor-section elementor-top-section elementor-element elementor-element-d00cb24 elementor-section-boxed elementor-section-height-default elementor-section-height-default\" data-id=\"d00cb24\" data-element_type=\"section\" data-e-type=\"section\">\n\t\t\t\t\t\t<div class=\"elementor-container elementor-column-gap-default\">\n\t\t\t\t\t<div class=\"elementor-column elementor-col-100 elementor-top-column elementor-element elementor-element-b04d656\" data-id=\"b04d656\" data-element_type=\"column\" data-e-type=\"column\">\n\t\t\t<div class=\"elementor-widget-wrap elementor-element-populated\">\n\t\t\t\t\t\t<div class=\"elementor-element elementor-element-dbbf9ec elementor-widget elementor-widget-text-editor\" data-id=\"dbbf9ec\" data-element_type=\"widget\" data-e-type=\"widget\" data-widget_type=\"text-editor.default\">\n\t\t\t\t<div class=\"elementor-widget-container\">\n\t\t\t\t\t\t\t\t\t<ul style=\"font-size: 16px; font-family: Poppins, sans-serif;\"><li>Formato de reinscripci\u00f3n al plan de estudios.<\/li><li>Renovaci\u00f3n de beca.<\/li><li>Oficio de asignaci\u00f3n de beca.<\/li><li>Carta compromiso de pagos.<\/li><\/ul>\t\t\t\t\t\t\t\t<\/div>\n\t\t\t\t<\/div>\n\t\t\t\t\t<\/div>\n\t\t<\/div>\n\t\t\t\t\t<\/div>\n\t\t<\/section>\n\t\t\t\t<section class=\"elementor-section elementor-top-section elementor-element elementor-element-d37c2ae elementor-section-boxed elementor-section-height-default elementor-section-height-default\" data-id=\"d37c2ae\" data-element_type=\"section\" data-e-type=\"section\">\n\t\t\t\t\t\t<div class=\"elementor-container elementor-column-gap-default\">\n\t\t\t\t\t<div class=\"elementor-column elementor-col-100 elementor-top-column elementor-element elementor-element-47b8633\" data-id=\"47b8633\" data-element_type=\"column\" data-e-type=\"column\">\n\t\t\t<div class=\"elementor-widget-wrap elementor-element-populated\">\n\t\t\t\t\t\t<div class=\"elementor-element elementor-element-ad2a9a8 elementor-widget elementor-widget-text-editor\" data-id=\"ad2a9a8\" data-element_type=\"widget\" data-e-type=\"widget\" data-widget_type=\"text-editor.default\">\n\t\t\t\t<div class=\"elementor-widget-container\">\n\t\t\t\t\t\t\t\t\t<p>Segundo Semestre.<\/p>\t\t\t\t\t\t\t\t<\/div>\n\t\t\t\t<\/div>\n\t\t\t\t\t<\/div>\n\t\t<\/div>\n\t\t\t\t\t<\/div>\n\t\t<\/section>\n\t\t\t\t<section class=\"elementor-section elementor-top-section elementor-element elementor-element-87e9555 elementor-section-boxed elementor-section-height-default elementor-section-height-default\" data-id=\"87e9555\" data-element_type=\"section\" data-e-type=\"section\">\n\t\t\t\t\t\t<div class=\"elementor-container elementor-column-gap-default\">\n\t\t\t\t\t<div class=\"elementor-column elementor-col-100 elementor-top-column elementor-element elementor-element-259f93e\" data-id=\"259f93e\" data-element_type=\"column\" data-e-type=\"column\">\n\t\t\t<div class=\"elementor-widget-wrap elementor-element-populated\">\n\t\t\t\t\t\t<div class=\"elementor-element elementor-element-8e7e5cd elementor-widget elementor-widget-text-editor\" data-id=\"8e7e5cd\" data-element_type=\"widget\" data-e-type=\"widget\" data-widget_type=\"text-editor.default\">\n\t\t\t\t<div class=\"elementor-widget-container\">\n\t\t\t\t\t\t\t\t\t<ul>\n<li><span style=\"font-size: 0.875rem;\">PED2&nbsp; 2025-2&nbsp; &nbsp; &nbsp;NAYELI DEL ROSARIO LOPEZ D\u00cdAZ.<\/span><\/li>\n<li><span style=\"font-size: 0.875rem;\">PED4&nbsp; 2025-2&nbsp; &nbsp; &nbsp;JOSE ANTONIO PEREZ RAMOS.<\/span><\/li>\n<li><span style=\"font-size: 0.875rem;\">PED6&nbsp; 2025-2&nbsp; &nbsp; &nbsp;JEANETT KARINA GIRON GONZALEZ .<\/span><\/li>\n<li><span style=\"font-size: 0.875rem;\">PED7&nbsp; 2025-2&nbsp; &nbsp; &nbsp;DELIA SEHLEM MARTINEZ RUIZ.<\/span><\/li>\n<li><span style=\"font-size: 0.875rem;\">PED8 2025-2&nbsp; &nbsp; &nbsp; LUIS ARTURO QUINTO CAMACHO.<\/span><\/li>\n<li><span style=\"font-size: 0.875rem;\">PED9 2025-2&nbsp; &nbsp; &nbsp; MARIA ELENA ALCANTARA VARGAS.<\/span><\/li>\n<li><span style=\"font-size: 0.875rem;\">PED10 2025-2&nbsp; &nbsp; FABIOLA CASTRO LOPEZ.<\/span><\/li>\n<li><span style=\"font-size: 0.875rem;\">PED11 2025-2&nbsp; &nbsp; EDGAR MORALES MEDINA.<\/span><\/li>\n<li><span style=\"font-size: 0.875rem;\">PED12 2025-2&nbsp; &nbsp; ERIKA GONZALEZ DE SALCEDA DE RAMIREZ.<\/span><\/li>\n<li><span style=\"font-size: 0.875rem;\">PED13 2025-2&nbsp; &nbsp; MARCELA ROMO RIVERO.<\/span><\/li>\n<\/ul>\t\t\t\t\t\t\t\t<\/div>\n\t\t\t\t<\/div>\n\t\t\t\t\t<\/div>\n\t\t<\/div>\n\t\t\t\t\t<\/div>\n\t\t<\/section>\n\t\t\t\t<\/div>\n\t\t","protected":false},"excerpt":{"rendered":"<p>Especialidad en Docencia. Estudiantes reinscritos al ciclo escolar julio &#8211; diciembre 2025 (2026-1) en la Especialidda en Docencia y que recibieron de conformidad la siguiente documentaci\u00f3n:\u00a0 Formato de reinscripci\u00f3n al plan de estudios. Renovaci\u00f3n de beca. Oficio de asignaci\u00f3n de beca. Carta compromiso de pagos. Segundo Semestre. PED2&nbsp; 2025-2&nbsp; &nbsp; <a class=\"read-more\" href=\"https:\/\/institutounao.com.mx\/index.php\/se25-30-especialidad-en-docencia-estudiantes-reinscritos-al-ciclo-escolar-julio-diciembre-2025-2026-1\/\">Read More&#8230;<\/a><\/p>\n","protected":false},"author":1,"featured_media":0,"parent":0,"menu_order":0,"comment_status":"closed","ping_status":"closed","template":"","meta":{"_joinchat":[],"footnotes":""},"class_list":["post-10540","page","type-page","status-publish","hentry"],"jetpack_sharing_enabled":true,"_links":{"self":[{"href":"https:\/\/institutounao.com.mx\/index.php\/wp-json\/wp\/v2\/pages\/10540","targetHints":{"allow":["GET"]}}],"collection":[{"href":"https:\/\/institutounao.com.mx\/index.php\/wp-json\/wp\/v2\/pages"}],"about":[{"href":"https:\/\/institutounao.com.mx\/index.php\/wp-json\/wp\/v2\/types\/page"}],"author":[{"embeddable":true,"href":"https:\/\/institutounao.com.mx\/index.php\/wp-json\/wp\/v2\/users\/1"}],"replies":[{"embeddable":true,"href":"https:\/\/institutounao.com.mx\/index.php\/wp-json\/wp\/v2\/comments?post=10540"}],"version-history":[{"count":7,"href":"https:\/\/institutounao.com.mx\/index.php\/wp-json\/wp\/v2\/pages\/10540\/revisions"}],"predecessor-version":[{"id":11490,"href":"https:\/\/institutounao.com.mx\/index.php\/wp-json\/wp\/v2\/pages\/10540\/revisions\/11490"}],"wp:attachment":[{"href":"https:\/\/institutounao.com.mx\/index.php\/wp-json\/wp\/v2\/media?parent=10540"}],"curies":[{"name":"wp","href":"https:\/\/api.w.org\/{rel}","templated":true}]}}