{"id":10492,"date":"2025-07-01T20:26:53","date_gmt":"2025-07-01T20:26:53","guid":{"rendered":"https:\/\/institutounao.com.mx\/?page_id=10492"},"modified":"2025-08-19T18:35:32","modified_gmt":"2025-08-19T18:35:32","slug":"ecp26-1-7-taller-pedagogico-aprendizaje-sensorial-estimulando-los-sentidos","status":"publish","type":"page","link":"https:\/\/institutounao.com.mx\/index.php\/ecp26-1-7-taller-pedagogico-aprendizaje-sensorial-estimulando-los-sentidos\/","title":{"rendered":"ECP26-1.7 TALLER PEDAG\u00d3GICO APRENDIZAJE SENSORIAL: ESTIMULANDO LOS SENTIDOS"},"content":{"rendered":"\t\t<div data-elementor-type=\"wp-page\" data-elementor-id=\"10492\" class=\"elementor elementor-10492\">\n\t\t\t\t\t\t<section class=\"elementor-section elementor-top-section elementor-element elementor-element-ee755c3 elementor-section-boxed elementor-section-height-default elementor-section-height-default\" data-id=\"ee755c3\" data-element_type=\"section\" data-e-type=\"section\">\n\t\t\t\t\t\t<div class=\"elementor-container elementor-column-gap-default\">\n\t\t\t\t\t<div class=\"elementor-column elementor-col-100 elementor-top-column elementor-element elementor-element-a34bc74\" data-id=\"a34bc74\" data-element_type=\"column\" data-e-type=\"column\">\n\t\t\t<div class=\"elementor-widget-wrap elementor-element-populated\">\n\t\t\t\t\t\t<div class=\"elementor-element elementor-element-9ccaf91 elementor-widget elementor-widget-heading\" data-id=\"9ccaf91\" data-element_type=\"widget\" data-e-type=\"widget\" data-widget_type=\"heading.default\">\n\t\t\t\t<div class=\"elementor-widget-container\">\n\t\t\t\t\t<h4 class=\"elementor-heading-title elementor-size-default\">TALLER PEDAG\u00d3GICO APRENDIZAJE SENSORIAL: ESTIMULANDO LOS SENTIDOS.<\/h4>\t\t\t\t<\/div>\n\t\t\t\t<\/div>\n\t\t\t\t\t<\/div>\n\t\t<\/div>\n\t\t\t\t\t<\/div>\n\t\t<\/section>\n\t\t\t\t<section class=\"elementor-section elementor-top-section elementor-element elementor-element-8da1edf elementor-section-boxed elementor-section-height-default elementor-section-height-default\" data-id=\"8da1edf\" data-element_type=\"section\" data-e-type=\"section\">\n\t\t\t\t\t\t<div class=\"elementor-container elementor-column-gap-default\">\n\t\t\t\t\t<div class=\"elementor-column elementor-col-100 elementor-top-column elementor-element elementor-element-93d6996\" data-id=\"93d6996\" data-element_type=\"column\" data-e-type=\"column\">\n\t\t\t<div class=\"elementor-widget-wrap elementor-element-populated\">\n\t\t\t\t\t\t<div class=\"elementor-element elementor-element-d95154b elementor-widget elementor-widget-text-editor\" data-id=\"d95154b\" data-element_type=\"widget\" data-e-type=\"widget\" data-widget_type=\"text-editor.default\">\n\t\t\t\t<div class=\"elementor-widget-container\">\n\t\t\t\t\t\t\t\t\t<p style=\"text-align: center;\"><strong>Acreditaci\u00f3n de Actividades.<\/strong><\/p><p><strong>Datos Generales:<\/strong><\/p><p>Instituci\u00f3n: Instituto Universitario Antequera de Oaxaca.<br \/>Clave de Plantel: 20MSY0104Y.<br \/>Periodo: 5 y 6 de agosto de 2025.<br \/>Modalidad:\u00a0Virtual.<br \/>Horas lectivas: 10 horas lectivas.<br \/>Imparte: MTRA. ALEJANDRA RODRIGUEZ FUENTES.<\/p><p><strong>Participantes que acreditaron:\u00a0<\/strong><\/p><ol><li>ADELAIDA GARCIA NAJERA<\/li><li>ADRIANA JAXARI GARCIA CARRERA<\/li><li>ALEJANDRA FLOR RICARDEZ PATI\u00d1O<\/li><li>ANGELICA PAOLA TORRES CHAGOYA<\/li><li>ANINDRA SOSA VELAZQUEZ<\/li><li>BIBIANA VAZQUEZ NITO<\/li><li>CLAUDIA ESPERANZA BALDERRABANO LOPEZ<\/li><li>CLAUDIA OLIVIA CASTRO FERNANDEZ<\/li><li>FERNANDA ALEJANDRA LAMARQUE CALDERA<\/li><li>GABRIEL ARELLANO GORDILLO<\/li><li>GLORIA RAMIREZ GONZALEZ<\/li><li>KARINA GORDILLO MOCTEZUMA<\/li><li>MARIA MARIN SANCHEZ<\/li><li>MARIA TERESA HERNANDEZ CANSECO<\/li><li>MAYRA LISSET MORALES MARTINEZ<\/li><li>MELISSA URUETA SALVATIERRA<\/li><li>MICAELA LORENA BAEZ CARRILLO<\/li><li>MINERVA LARA GOMEZ<\/li><li>MONICA TONATZIN ANGELES TREJO<\/li><li><span data-sheets-root=\"1\">OLGA FLORES VICENCIA<\/span><\/li><li>OSIRIS BAUTISTA MARTINEZ<\/li><li>PABLO RAFAEL DE LOS SANTOS IRRA<\/li><li>QUETZALY VICTORIA RAMIREZ RAMIREZ<\/li><li>REYNALDA CECILIA ZARATE SEBASTIAN<\/li><li>SUSANA FIGUEROA TEJEDA<\/li><li>TANIA LOPEZ ARELLANES<\/li><\/ol>\t\t\t\t\t\t\t\t<\/div>\n\t\t\t\t<\/div>\n\t\t\t\t\t<\/div>\n\t\t<\/div>\n\t\t\t\t\t<\/div>\n\t\t<\/section>\n\t\t\t\t<\/div>\n\t\t","protected":false},"excerpt":{"rendered":"<p>TALLER PEDAG\u00d3GICO APRENDIZAJE SENSORIAL: ESTIMULANDO LOS SENTIDOS. Acreditaci\u00f3n de Actividades. Datos Generales: Instituci\u00f3n: Instituto Universitario Antequera de Oaxaca.Clave de Plantel: 20MSY0104Y.Periodo: 5 y 6 de agosto de 2025.Modalidad:\u00a0Virtual.Horas lectivas: 10 horas lectivas.Imparte: MTRA. ALEJANDRA RODRIGUEZ FUENTES. Participantes que acreditaron:\u00a0 ADELAIDA GARCIA NAJERA ADRIANA JAXARI GARCIA CARRERA ALEJANDRA FLOR RICARDEZ PATI\u00d1O <a class=\"read-more\" href=\"https:\/\/institutounao.com.mx\/index.php\/ecp26-1-7-taller-pedagogico-aprendizaje-sensorial-estimulando-los-sentidos\/\">Read More&#8230;<\/a><\/p>\n","protected":false},"author":1,"featured_media":0,"parent":0,"menu_order":0,"comment_status":"closed","ping_status":"closed","template":"","meta":{"_joinchat":[],"footnotes":""},"class_list":["post-10492","page","type-page","status-publish","hentry"],"jetpack_sharing_enabled":true,"_links":{"self":[{"href":"https:\/\/institutounao.com.mx\/index.php\/wp-json\/wp\/v2\/pages\/10492","targetHints":{"allow":["GET"]}}],"collection":[{"href":"https:\/\/institutounao.com.mx\/index.php\/wp-json\/wp\/v2\/pages"}],"about":[{"href":"https:\/\/institutounao.com.mx\/index.php\/wp-json\/wp\/v2\/types\/page"}],"author":[{"embeddable":true,"href":"https:\/\/institutounao.com.mx\/index.php\/wp-json\/wp\/v2\/users\/1"}],"replies":[{"embeddable":true,"href":"https:\/\/institutounao.com.mx\/index.php\/wp-json\/wp\/v2\/comments?post=10492"}],"version-history":[{"count":14,"href":"https:\/\/institutounao.com.mx\/index.php\/wp-json\/wp\/v2\/pages\/10492\/revisions"}],"predecessor-version":[{"id":10911,"href":"https:\/\/institutounao.com.mx\/index.php\/wp-json\/wp\/v2\/pages\/10492\/revisions\/10911"}],"wp:attachment":[{"href":"https:\/\/institutounao.com.mx\/index.php\/wp-json\/wp\/v2\/media?parent=10492"}],"curies":[{"name":"wp","href":"https:\/\/api.w.org\/{rel}","templated":true}]}}