{"id":10393,"date":"2025-06-26T19:13:52","date_gmt":"2025-06-26T19:13:52","guid":{"rendered":"https:\/\/institutounao.com.mx\/?page_id=10393"},"modified":"2025-12-28T04:57:51","modified_gmt":"2025-12-28T04:57:51","slug":"se25-22-doctorado-en-pedagogia-estudiantes-reinscritos-al-ciclo-escolar-julio-diciembre-2025-2026-1","status":"publish","type":"page","link":"https:\/\/institutounao.com.mx\/index.php\/se25-22-doctorado-en-pedagogia-estudiantes-reinscritos-al-ciclo-escolar-julio-diciembre-2025-2026-1\/","title":{"rendered":"SE25.22 Doctorado en Pedagog\u00eda- Estudiantes reinscritos al ciclo escolar julio-diciembre 2025 (2026-1)."},"content":{"rendered":"\t\t<div data-elementor-type=\"wp-page\" data-elementor-id=\"10393\" class=\"elementor elementor-10393\">\n\t\t\t\t\t\t<section class=\"elementor-section elementor-top-section elementor-element elementor-element-1039d93 elementor-section-boxed elementor-section-height-default elementor-section-height-default\" data-id=\"1039d93\" data-element_type=\"section\" data-e-type=\"section\">\n\t\t\t\t\t\t<div class=\"elementor-container elementor-column-gap-default\">\n\t\t\t\t\t<div class=\"elementor-column elementor-col-100 elementor-top-column elementor-element elementor-element-1ca8054\" data-id=\"1ca8054\" data-element_type=\"column\" data-e-type=\"column\">\n\t\t\t<div class=\"elementor-widget-wrap elementor-element-populated\">\n\t\t\t\t\t\t<div class=\"elementor-element elementor-element-524ee19 elementor-widget elementor-widget-heading\" data-id=\"524ee19\" data-element_type=\"widget\" data-e-type=\"widget\" data-widget_type=\"heading.default\">\n\t\t\t\t<div class=\"elementor-widget-container\">\n\t\t\t\t\t<h2 class=\"elementor-heading-title elementor-size-default\">Doctorado en Pedagog\u00eda.<\/h2>\t\t\t\t<\/div>\n\t\t\t\t<\/div>\n\t\t\t\t\t<\/div>\n\t\t<\/div>\n\t\t\t\t\t<\/div>\n\t\t<\/section>\n\t\t\t\t<section class=\"elementor-section elementor-top-section elementor-element elementor-element-5377bb5 elementor-section-boxed elementor-section-height-default elementor-section-height-default\" data-id=\"5377bb5\" data-element_type=\"section\" data-e-type=\"section\">\n\t\t\t\t\t\t<div class=\"elementor-container elementor-column-gap-default\">\n\t\t\t\t\t<div class=\"elementor-column elementor-col-100 elementor-top-column elementor-element elementor-element-c467f9a\" data-id=\"c467f9a\" data-element_type=\"column\" data-e-type=\"column\">\n\t\t\t<div class=\"elementor-widget-wrap elementor-element-populated\">\n\t\t\t\t\t\t<div class=\"elementor-element elementor-element-61bcde5 elementor-widget__width-initial elementor-widget elementor-widget-text-editor\" data-id=\"61bcde5\" data-element_type=\"widget\" data-e-type=\"widget\" data-widget_type=\"text-editor.default\">\n\t\t\t\t<div class=\"elementor-widget-container\">\n\t\t\t\t\t\t\t\t\t<p><span style=\"font-family: Poppins, sans-serif; font-size: 16px;\">Estudiantes reinscritos al ciclo escolar julio &#8211; diciembre 2025 (2026-1) en el Doctorado en Pedagog\u00eda y que recibieron de conformidad la siguiente documentaci\u00f3n:\u00a0<\/span><\/p>\t\t\t\t\t\t\t\t<\/div>\n\t\t\t\t<\/div>\n\t\t\t\t\t<\/div>\n\t\t<\/div>\n\t\t\t\t\t<\/div>\n\t\t<\/section>\n\t\t\t\t<section class=\"elementor-section elementor-top-section elementor-element elementor-element-1382504 elementor-section-boxed elementor-section-height-default elementor-section-height-default\" data-id=\"1382504\" data-element_type=\"section\" data-e-type=\"section\">\n\t\t\t\t\t\t<div class=\"elementor-container elementor-column-gap-default\">\n\t\t\t\t\t<div class=\"elementor-column elementor-col-100 elementor-top-column elementor-element elementor-element-cfb7c39\" data-id=\"cfb7c39\" data-element_type=\"column\" data-e-type=\"column\">\n\t\t\t<div class=\"elementor-widget-wrap elementor-element-populated\">\n\t\t\t\t\t\t<div class=\"elementor-element elementor-element-a50bc52 elementor-widget elementor-widget-text-editor\" data-id=\"a50bc52\" data-element_type=\"widget\" data-e-type=\"widget\" data-widget_type=\"text-editor.default\">\n\t\t\t\t<div class=\"elementor-widget-container\">\n\t\t\t\t\t\t\t\t\t<ul style=\"font-size: 16px; font-family: Poppins, sans-serif;\"><li>Formato de reinscripci\u00f3n al plan de estudios.<\/li><li>Renovaci\u00f3n de beca.<\/li><li>Oficio de asignaci\u00f3n de beca.<\/li><li>Carta compromiso de pagos.<\/li><\/ul>\t\t\t\t\t\t\t\t<\/div>\n\t\t\t\t<\/div>\n\t\t\t\t\t<\/div>\n\t\t<\/div>\n\t\t\t\t\t<\/div>\n\t\t<\/section>\n\t\t\t\t<section class=\"elementor-section elementor-top-section elementor-element elementor-element-f8a46ef elementor-section-boxed elementor-section-height-default elementor-section-height-default\" data-id=\"f8a46ef\" data-element_type=\"section\" data-e-type=\"section\">\n\t\t\t\t\t\t<div class=\"elementor-container elementor-column-gap-default\">\n\t\t\t\t\t<div class=\"elementor-column elementor-col-100 elementor-top-column elementor-element elementor-element-51d3222\" data-id=\"51d3222\" data-element_type=\"column\" data-e-type=\"column\">\n\t\t\t<div class=\"elementor-widget-wrap elementor-element-populated\">\n\t\t\t\t\t\t<div class=\"elementor-element elementor-element-8faceed elementor-widget elementor-widget-text-editor\" data-id=\"8faceed\" data-element_type=\"widget\" data-e-type=\"widget\" data-widget_type=\"text-editor.default\">\n\t\t\t\t<div class=\"elementor-widget-container\">\n\t\t\t\t\t\t\t\t\t<p>Segundo Semestre.<\/p>\t\t\t\t\t\t\t\t<\/div>\n\t\t\t\t<\/div>\n\t\t\t\t\t<\/div>\n\t\t<\/div>\n\t\t\t\t\t<\/div>\n\t\t<\/section>\n\t\t\t\t<section class=\"elementor-section elementor-top-section elementor-element elementor-element-0c1389f elementor-section-boxed elementor-section-height-default elementor-section-height-default\" data-id=\"0c1389f\" data-element_type=\"section\" data-e-type=\"section\">\n\t\t\t\t\t\t<div class=\"elementor-container elementor-column-gap-default\">\n\t\t\t\t\t<div class=\"elementor-column elementor-col-100 elementor-top-column elementor-element elementor-element-93fa7d3\" data-id=\"93fa7d3\" data-element_type=\"column\" data-e-type=\"column\">\n\t\t\t<div class=\"elementor-widget-wrap elementor-element-populated\">\n\t\t\t\t\t\t<div class=\"elementor-element elementor-element-c11843a elementor-widget elementor-widget-text-editor\" data-id=\"c11843a\" data-element_type=\"widget\" data-e-type=\"widget\" data-widget_type=\"text-editor.default\">\n\t\t\t\t<div class=\"elementor-widget-container\">\n\t\t\t\t\t\t\t\t\t<ul><li><span style=\"font-size: 0.875rem;\">PDP1\u00a0 2025-2\u00a0 \u00a0 KARINA WALESA CRUEVAS ONOFRE.\u00a0<\/span><\/li><li><span style=\"font-size: 0.875rem;\">PDP2\u00a0 2025-2\u00a0 \u00a0 KAREN DANIELA CRUZ QUERO.<\/span><\/li><li><span style=\"font-size: 0.875rem;\">PDP3\u00a0 2025-2\u00a0 \u00a0 MIRIAM HERNANDEZ RAMIREZ.<\/span><\/li><li><span style=\"font-size: 0.875rem;\">PDP4\u00a0 2025-2\u00a0 \u00a0 ANEL ROSADO ANTONIO.<\/span><\/li><li><span style=\"font-size: 0.875rem;\">PDP5\u00a0 2025-2\u00a0 \u00a0 JOSEFINA ROSARIO LOPEZ AGUILAR.<\/span><\/li><\/ul>\t\t\t\t\t\t\t\t<\/div>\n\t\t\t\t<\/div>\n\t\t\t\t\t<\/div>\n\t\t<\/div>\n\t\t\t\t\t<\/div>\n\t\t<\/section>\n\t\t\t\t<\/div>\n\t\t","protected":false},"excerpt":{"rendered":"<p>Doctorado en Pedagog\u00eda. Estudiantes reinscritos al ciclo escolar julio &#8211; diciembre 2025 (2026-1) en el Doctorado en Pedagog\u00eda y que recibieron de conformidad la siguiente documentaci\u00f3n:\u00a0 Formato de reinscripci\u00f3n al plan de estudios. Renovaci\u00f3n de beca. Oficio de asignaci\u00f3n de beca. Carta compromiso de pagos. Segundo Semestre. PDP1\u00a0 2025-2\u00a0 \u00a0 <a class=\"read-more\" href=\"https:\/\/institutounao.com.mx\/index.php\/se25-22-doctorado-en-pedagogia-estudiantes-reinscritos-al-ciclo-escolar-julio-diciembre-2025-2026-1\/\">Read More&#8230;<\/a><\/p>\n","protected":false},"author":1,"featured_media":0,"parent":0,"menu_order":0,"comment_status":"closed","ping_status":"closed","template":"","meta":{"_joinchat":[],"footnotes":""},"class_list":["post-10393","page","type-page","status-publish","hentry"],"jetpack_sharing_enabled":true,"_links":{"self":[{"href":"https:\/\/institutounao.com.mx\/index.php\/wp-json\/wp\/v2\/pages\/10393","targetHints":{"allow":["GET"]}}],"collection":[{"href":"https:\/\/institutounao.com.mx\/index.php\/wp-json\/wp\/v2\/pages"}],"about":[{"href":"https:\/\/institutounao.com.mx\/index.php\/wp-json\/wp\/v2\/types\/page"}],"author":[{"embeddable":true,"href":"https:\/\/institutounao.com.mx\/index.php\/wp-json\/wp\/v2\/users\/1"}],"replies":[{"embeddable":true,"href":"https:\/\/institutounao.com.mx\/index.php\/wp-json\/wp\/v2\/comments?post=10393"}],"version-history":[{"count":10,"href":"https:\/\/institutounao.com.mx\/index.php\/wp-json\/wp\/v2\/pages\/10393\/revisions"}],"predecessor-version":[{"id":11392,"href":"https:\/\/institutounao.com.mx\/index.php\/wp-json\/wp\/v2\/pages\/10393\/revisions\/11392"}],"wp:attachment":[{"href":"https:\/\/institutounao.com.mx\/index.php\/wp-json\/wp\/v2\/media?parent=10393"}],"curies":[{"name":"wp","href":"https:\/\/api.w.org\/{rel}","templated":true}]}}