{"id":10254,"date":"2025-05-30T23:25:24","date_gmt":"2025-05-30T23:25:24","guid":{"rendered":"https:\/\/institutounao.com.mx\/?page_id=10254"},"modified":"2025-07-23T02:22:18","modified_gmt":"2025-07-23T02:22:18","slug":"ecp26-1-4-taller-pedagogico-desarrollando-los-prerrequisitos-del-pensamiento-logico-matematico","status":"publish","type":"page","link":"https:\/\/institutounao.com.mx\/index.php\/ecp26-1-4-taller-pedagogico-desarrollando-los-prerrequisitos-del-pensamiento-logico-matematico\/","title":{"rendered":"ECP26-1.4 TALLER PEDAG\u00d3GICO DESARROLLANDO LOS PRERREQUISITOS DEL PENSAMIENTO L\u00d3GICO MATEM\u00c1TICO"},"content":{"rendered":"\t\t<div data-elementor-type=\"wp-page\" data-elementor-id=\"10254\" class=\"elementor elementor-10254\">\n\t\t\t\t\t\t<section class=\"elementor-section elementor-top-section elementor-element elementor-element-24015ca elementor-section-boxed elementor-section-height-default elementor-section-height-default\" data-id=\"24015ca\" data-element_type=\"section\" data-e-type=\"section\">\n\t\t\t\t\t\t<div class=\"elementor-container elementor-column-gap-default\">\n\t\t\t\t\t<div class=\"elementor-column elementor-col-100 elementor-top-column elementor-element elementor-element-1a12540\" data-id=\"1a12540\" data-element_type=\"column\" data-e-type=\"column\">\n\t\t\t<div class=\"elementor-widget-wrap elementor-element-populated\">\n\t\t\t\t\t\t<div class=\"elementor-element elementor-element-953d41b elementor-widget elementor-widget-heading\" data-id=\"953d41b\" data-element_type=\"widget\" data-e-type=\"widget\" data-widget_type=\"heading.default\">\n\t\t\t\t<div class=\"elementor-widget-container\">\n\t\t\t\t\t<h4 class=\"elementor-heading-title elementor-size-default\">TALLER PEDAG\u00d3GICO DESARROLLANDO LOS PRERREQUISITOS DEL PENSAMIENTO L\u00d3GICO MATEM\u00c1TICO.<\/h4>\t\t\t\t<\/div>\n\t\t\t\t<\/div>\n\t\t\t\t<div class=\"elementor-element elementor-element-e123e6b elementor-widget elementor-widget-text-editor\" data-id=\"e123e6b\" data-element_type=\"widget\" data-e-type=\"widget\" data-widget_type=\"text-editor.default\">\n\t\t\t\t<div class=\"elementor-widget-container\">\n\t\t\t\t\t\t\t\t\t<p style=\"text-align: center;\"><strong>Acreditaci\u00f3n de Actividades.<\/strong><\/p><p><b>Datos Generales:<\/b><\/p><p>Instituci\u00f3n: Instituto Universitario Antequera de Oaxaca.<br \/>Clave de Plantel: 20MSY0104Y.<br \/>Periodo:\u00a0\u00a0<span data-sheets-root=\"1\"> 15 y 16 <\/span>de julio de 2025.<br \/>Modalidad:\u00a0Virtual.<br \/>Horas lectivas: 10 horas lectivas.<br \/>Imparte: MTRA. ZULMA LIZBETH GARCIA ROJAS<span data-sheets-root=\"1\">.<\/span><\/p><p><b>Participantes que acreditaron:\u00a0<\/b><\/p><ol><li>ALBA YANETH GALAZ ESTALA<\/li><li>AMADO JERONIMO HERNANDEZ<\/li><li>NA KARINA TEJEDA GONZALEZ<\/li><li>ANINDRA SOSA VEL\u00c1ZQUEZ<\/li><li>ARLETH ALEJANDRA LOYA CANIZALES<\/li><li>BERENICE VAZQUEZ SANCHEZ<\/li><li>CRISTABEL DEL CARMEN SALVATIERRA DIAZ<\/li><li>CRISTINA SUAREZ ESPINO<\/li><li>DIANA SILVIA GINES LOPEZ<\/li><li>DINORATH PEREZ HERNANDEZ<\/li><li>EDGARDO OLMEDO SOTOMAYOR<\/li><li>ESTEFANIA ALVARADO GUERRA<\/li><li>FATIMA MORENO TORRES<\/li><li>GRACIELA MARTINEZ LOPEZ<\/li><li>IRIDIAN GETZEMANI ALEJANDREZ DEL RIO<\/li><li>JAQUELINE CARMINA ORDU\u00d1A CERVANTES<\/li><li>JESSICA RABADAN CARNALLA<\/li><li>LINA XOCHITL ESCOBAR SOLANO<\/li><li>LOURDES ALEJANDRA TOLEDO CABRERA<\/li><li>LUZ MARIA RODRIGUEZ VILLASE\u00d1OR<\/li><li>MA. DE SAN JUAN GONZALEZ CRUZ<\/li><li>MARIA ISABEL CAROLINA MEDINA RODRIGUEZ<\/li><li>MARIA PETRA MENDEZ MARTINEZ<\/li><li>MARTIN DE JESUS RUBIO HERNANDEZ<\/li><li>MERCEDES PEREZ SANTIAGO<\/li><li>MINERVA ELENA GARCIA RAMIREZ<\/li><li>NADIA ERIKA CINTORA CASTA\u00d1EDA<\/li><li>ROCIO PATRICIA VELASCO JIMENEZ<\/li><li>SILVIA MARGARITA SOLTERO GRADO<\/li><li>SINDY LUZANILLA CHAVEZ<\/li><li>SUSANA DEL CARMEN SANTIAGO GOMEZ<\/li><li>YESSENIA AMADOR ORTIZ<\/li><li>ZURY SARAID MATEOS LOPEZ<\/li><\/ol>\t\t\t\t\t\t\t\t<\/div>\n\t\t\t\t<\/div>\n\t\t\t\t\t<\/div>\n\t\t<\/div>\n\t\t\t\t\t<\/div>\n\t\t<\/section>\n\t\t\t\t<section class=\"elementor-section elementor-top-section elementor-element elementor-element-0a83948 elementor-section-boxed elementor-section-height-default elementor-section-height-default\" data-id=\"0a83948\" data-element_type=\"section\" data-e-type=\"section\">\n\t\t\t\t\t\t<div class=\"elementor-container elementor-column-gap-default\">\n\t\t\t\t\t<div class=\"elementor-column elementor-col-100 elementor-top-column elementor-element elementor-element-491ffd3\" data-id=\"491ffd3\" data-element_type=\"column\" data-e-type=\"column\">\n\t\t\t<div class=\"elementor-widget-wrap\">\n\t\t\t\t\t\t\t<\/div>\n\t\t<\/div>\n\t\t\t\t\t<\/div>\n\t\t<\/section>\n\t\t\t\t<\/div>\n\t\t","protected":false},"excerpt":{"rendered":"<p>TALLER PEDAG\u00d3GICO DESARROLLANDO LOS PRERREQUISITOS DEL PENSAMIENTO L\u00d3GICO MATEM\u00c1TICO. Acreditaci\u00f3n de Actividades. Datos Generales: Instituci\u00f3n: Instituto Universitario Antequera de Oaxaca.Clave de Plantel: 20MSY0104Y.Periodo:\u00a0\u00a0 15 y 16 de julio de 2025.Modalidad:\u00a0Virtual.Horas lectivas: 10 horas lectivas.Imparte: MTRA. ZULMA LIZBETH GARCIA ROJAS. Participantes que acreditaron:\u00a0 ALBA YANETH GALAZ ESTALA AMADO JERONIMO HERNANDEZ NA <a class=\"read-more\" href=\"https:\/\/institutounao.com.mx\/index.php\/ecp26-1-4-taller-pedagogico-desarrollando-los-prerrequisitos-del-pensamiento-logico-matematico\/\">Read More&#8230;<\/a><\/p>\n","protected":false},"author":1,"featured_media":0,"parent":0,"menu_order":0,"comment_status":"closed","ping_status":"closed","template":"","meta":{"_joinchat":[],"footnotes":""},"class_list":["post-10254","page","type-page","status-publish","hentry"],"jetpack_sharing_enabled":true,"_links":{"self":[{"href":"https:\/\/institutounao.com.mx\/index.php\/wp-json\/wp\/v2\/pages\/10254","targetHints":{"allow":["GET"]}}],"collection":[{"href":"https:\/\/institutounao.com.mx\/index.php\/wp-json\/wp\/v2\/pages"}],"about":[{"href":"https:\/\/institutounao.com.mx\/index.php\/wp-json\/wp\/v2\/types\/page"}],"author":[{"embeddable":true,"href":"https:\/\/institutounao.com.mx\/index.php\/wp-json\/wp\/v2\/users\/1"}],"replies":[{"embeddable":true,"href":"https:\/\/institutounao.com.mx\/index.php\/wp-json\/wp\/v2\/comments?post=10254"}],"version-history":[{"count":11,"href":"https:\/\/institutounao.com.mx\/index.php\/wp-json\/wp\/v2\/pages\/10254\/revisions"}],"predecessor-version":[{"id":10744,"href":"https:\/\/institutounao.com.mx\/index.php\/wp-json\/wp\/v2\/pages\/10254\/revisions\/10744"}],"wp:attachment":[{"href":"https:\/\/institutounao.com.mx\/index.php\/wp-json\/wp\/v2\/media?parent=10254"}],"curies":[{"name":"wp","href":"https:\/\/api.w.org\/{rel}","templated":true}]}}