{"id":10133,"date":"2025-05-01T02:58:11","date_gmt":"2025-05-01T02:58:11","guid":{"rendered":"https:\/\/institutounao.com.mx\/?page_id=10133"},"modified":"2025-06-26T20:48:45","modified_gmt":"2025-06-26T20:48:45","slug":"ecp25-69-taller-pedagogico-saberes-y-pensamiento-cientifico-desarrollo-del-pensamiento-matematico-nem","status":"publish","type":"page","link":"https:\/\/institutounao.com.mx\/index.php\/ecp25-69-taller-pedagogico-saberes-y-pensamiento-cientifico-desarrollo-del-pensamiento-matematico-nem\/","title":{"rendered":"ECP25.69 TALLER PEDAG\u00d3GICO SABERES Y PENSAMIENTO CIENT\u00cdFICO: DESARROLLO DEL PENSAMIENTO MATEM\u00c1TICO (NEM)"},"content":{"rendered":"\t\t<div data-elementor-type=\"wp-page\" data-elementor-id=\"10133\" class=\"elementor elementor-10133\">\n\t\t\t\t\t\t<section class=\"elementor-section elementor-top-section elementor-element elementor-element-a9f4dde elementor-section-boxed elementor-section-height-default elementor-section-height-default\" data-id=\"a9f4dde\" data-element_type=\"section\" data-e-type=\"section\">\n\t\t\t\t\t\t<div class=\"elementor-container elementor-column-gap-default\">\n\t\t\t\t\t<div class=\"elementor-column elementor-col-100 elementor-top-column elementor-element elementor-element-e632078\" data-id=\"e632078\" data-element_type=\"column\" data-e-type=\"column\">\n\t\t\t<div class=\"elementor-widget-wrap elementor-element-populated\">\n\t\t\t\t\t\t<div class=\"elementor-element elementor-element-e3ef764 elementor-widget elementor-widget-heading\" data-id=\"e3ef764\" data-element_type=\"widget\" data-e-type=\"widget\" data-widget_type=\"heading.default\">\n\t\t\t\t<div class=\"elementor-widget-container\">\n\t\t\t\t\t<h4 class=\"elementor-heading-title elementor-size-default\">TALLER PEDAG\u00d3GICO SABERES Y PENSAMIENTO CIENT\u00cdFICO: DESARROLLO DEL PENSAMIENTO MATEM\u00c1TICO (NEM).<\/h4>\t\t\t\t<\/div>\n\t\t\t\t<\/div>\n\t\t\t\t\t<\/div>\n\t\t<\/div>\n\t\t\t\t\t<\/div>\n\t\t<\/section>\n\t\t\t\t<section class=\"elementor-section elementor-top-section elementor-element elementor-element-d05e7a2 elementor-section-boxed elementor-section-height-default elementor-section-height-default\" data-id=\"d05e7a2\" data-element_type=\"section\" data-e-type=\"section\">\n\t\t\t\t\t\t<div class=\"elementor-container elementor-column-gap-default\">\n\t\t\t\t\t<div class=\"elementor-column elementor-col-100 elementor-top-column elementor-element elementor-element-e4a245a\" data-id=\"e4a245a\" data-element_type=\"column\" data-e-type=\"column\">\n\t\t\t<div class=\"elementor-widget-wrap elementor-element-populated\">\n\t\t\t\t\t\t<div class=\"elementor-element elementor-element-f4bff3f elementor-widget elementor-widget-text-editor\" data-id=\"f4bff3f\" data-element_type=\"widget\" data-e-type=\"widget\" data-widget_type=\"text-editor.default\">\n\t\t\t\t<div class=\"elementor-widget-container\">\n\t\t\t\t\t\t\t\t\t<p style=\"text-align: center;\"><strong>Acreditaci\u00f3n de Actividades.<\/strong><\/p><p><b>Datos Generales:<\/b><\/p><p>Instituci\u00f3n: Instituto Universitario Antequera de Oaxaca.<br \/>Clave de Plantel: 20MSY0104Y.<br \/>Periodo:\u00a0 <span data-sheets-root=\"1\">\u00a03 y 4 <\/span>de junio de 2025.<br \/>Modalidad:\u00a0Virtual.<br \/>Horas lectivas: 10 horas lectivas.<br \/>Imparte: MTRA. VERONICA CAMACHO AVILA.<\/p><p><b>Participantes que acreditaron:\u00a0<\/b><\/p><ol><li>ALICIA LUCERO GONZALEZ<\/li><li>ALMA LETICIA PEREZ BAEZ<\/li><li>ALMARELI GARCIA BAUTISTA<\/li><li>ANGELICA MARTINEZ ORTEGA<\/li><li>CARMEN ANTONIO LOPEZ<\/li><li>CLAUDIA ESPERANZA BALDERRABANO LOPEZ<\/li><li>CLAUDIA ZENTENO PERIANZA.<\/li><li>DEISY LIZZETH REYES PACHECO<\/li><li>DIANA CARBAJAL DIAZ<\/li><li>DIANA MARIA DEL SOCORRO BAEZA DOMINGUEZ<\/li><li>GABRIELA PAZ LOBACO<\/li><li>GRACIELA MARTINEZ LOPEZ<\/li><li>HERLINDA LOPEZ SANCHEZ<\/li><li>IYARI BETSHAVE SANDOVAL LOPEZ<\/li><li>KARLA ALEJANDRA MU\u00d1OS ALVARADO<\/li><li>LESLIE CERVANTES LEMUS<\/li><li>LETICIA GISELA MORENO HUERTA<\/li><li>LINA XOCHITL ESCOBAR SOLANO<\/li><li>LUCELY SANTIAGO PINTO DE LEON<\/li><li>MARIA CECILIA CRUZ CRUZ<\/li><li>MARIA DE LA LUZ QUINTANA FLORES<\/li><li>MARIA ISABEL CAROLINA MEDINA RODRIGUEZ<\/li><li>MIGUEL VIVEROS SOBERANO<\/li><li>NATALIA FLORES GONZALEZ<\/li><li>PAMELA GARRIDO AVILA<\/li><li>ROSA EVELIA SAUCEDO CAUDANA<\/li><li>SHEYLA GONZALEZ ROJAS<\/li><li>TAYDE ARRIAGA MARTINEZ<\/li><li>TEODORA PETRA LINO IXTLAHUACA<\/li><li>VANESSA CARRASCO CERVANTES<\/li><li>VERONICA ORTEGA GOMEZ<\/li><li>YESSICA LOPEZ VARGAS<\/li><li>ZULMA ABRIL GARCIA LOPEZ<\/li><\/ol><p>.<\/p>\t\t\t\t\t\t\t\t<\/div>\n\t\t\t\t<\/div>\n\t\t\t\t\t<\/div>\n\t\t<\/div>\n\t\t\t\t\t<\/div>\n\t\t<\/section>\n\t\t\t\t<\/div>\n\t\t","protected":false},"excerpt":{"rendered":"<p>TALLER PEDAG\u00d3GICO SABERES Y PENSAMIENTO CIENT\u00cdFICO: DESARROLLO DEL PENSAMIENTO MATEM\u00c1TICO (NEM). Acreditaci\u00f3n de Actividades. Datos Generales: Instituci\u00f3n: Instituto Universitario Antequera de Oaxaca.Clave de Plantel: 20MSY0104Y.Periodo:\u00a0 \u00a03 y 4 de junio de 2025.Modalidad:\u00a0Virtual.Horas lectivas: 10 horas lectivas.Imparte: MTRA. VERONICA CAMACHO AVILA. Participantes que acreditaron:\u00a0 ALICIA LUCERO GONZALEZ ALMA LETICIA PEREZ BAEZ <a class=\"read-more\" href=\"https:\/\/institutounao.com.mx\/index.php\/ecp25-69-taller-pedagogico-saberes-y-pensamiento-cientifico-desarrollo-del-pensamiento-matematico-nem\/\">Read More&#8230;<\/a><\/p>\n","protected":false},"author":1,"featured_media":0,"parent":0,"menu_order":0,"comment_status":"closed","ping_status":"closed","template":"","meta":{"_joinchat":[],"footnotes":""},"class_list":["post-10133","page","type-page","status-publish","hentry"],"jetpack_sharing_enabled":true,"_links":{"self":[{"href":"https:\/\/institutounao.com.mx\/index.php\/wp-json\/wp\/v2\/pages\/10133","targetHints":{"allow":["GET"]}}],"collection":[{"href":"https:\/\/institutounao.com.mx\/index.php\/wp-json\/wp\/v2\/pages"}],"about":[{"href":"https:\/\/institutounao.com.mx\/index.php\/wp-json\/wp\/v2\/types\/page"}],"author":[{"embeddable":true,"href":"https:\/\/institutounao.com.mx\/index.php\/wp-json\/wp\/v2\/users\/1"}],"replies":[{"embeddable":true,"href":"https:\/\/institutounao.com.mx\/index.php\/wp-json\/wp\/v2\/comments?post=10133"}],"version-history":[{"count":13,"href":"https:\/\/institutounao.com.mx\/index.php\/wp-json\/wp\/v2\/pages\/10133\/revisions"}],"predecessor-version":[{"id":10432,"href":"https:\/\/institutounao.com.mx\/index.php\/wp-json\/wp\/v2\/pages\/10133\/revisions\/10432"}],"wp:attachment":[{"href":"https:\/\/institutounao.com.mx\/index.php\/wp-json\/wp\/v2\/media?parent=10133"}],"curies":[{"name":"wp","href":"https:\/\/api.w.org\/{rel}","templated":true}]}}

ECP25.69 TALLER PEDAGÓGICO SABERES Y PENSAMIENTO CIENTÍFICO: DESARROLLO DEL PENSAMIENTO MATEMÁTICO (NEM)

<div data-elementor-type="wp-page" data-elementor-id="10133" class="elementor elementor-10133">
						<section class="elementor-section elementor-top-section elementor-element elementor-element-a9f4dde elementor-section-boxed elementor-section-height-default elementor-section-height-default" data-id="a9f4dde" data-element_type="section" data-e-type="section">
						<div class="elementor-container elementor-column-gap-default">
					<div class="elementor-column elementor-col-100 elementor-top-column elementor-element elementor-element-e632078" data-id="e632078" data-element_type="column" data-e-type="column">
			<div class="elementor-widget-wrap elementor-element-populated">
						<div class="elementor-element elementor-element-e3ef764 elementor-widget elementor-widget-heading" data-id="e3ef764" data-element_type="widget" data-e-type="widget" data-widget_type="heading.default">
				<div class="elementor-widget-container">
					<h4 class="elementor-heading-title elementor-size-default">TALLER PEDAGÓGICO SABERES Y PENSAMIENTO CIENTÍFICO: DESARROLLO DEL PENSAMIENTO MATEMÁTICO (NEM).</h4>				</div>
				</div>
					</div>
		</div>
					</div>
		</section>
				<section class="elementor-section elementor-top-section elementor-element elementor-element-d05e7a2 elementor-section-boxed elementor-section-height-default elementor-section-height-default" data-id="d05e7a2" data-element_type="section" data-e-type="section">
						<div class="elementor-container elementor-column-gap-default">
					<div class="elementor-column elementor-col-100 elementor-top-column elementor-element elementor-element-e4a245a" data-id="e4a245a" data-element_type="column" data-e-type="column">
			<div class="elementor-widget-wrap elementor-element-populated">
						<div class="elementor-element elementor-element-f4bff3f elementor-widget elementor-widget-text-editor" data-id="f4bff3f" data-element_type="widget" data-e-type="widget" data-widget_type="text-editor.default">
				<div class="elementor-widget-container">
									<p style="text-align: center;"><strong>Acreditación de Actividades.</strong></p><p><b>Datos Generales:</b></p><p>Institución: Instituto Universitario Antequera de Oaxaca.<br />Clave de Plantel: 20MSY0104Y.<br />Periodo:  <span data-sheets-root="1"> 3 y 4 </span>de junio de 2025.<br />Modalidad: Virtual.<br />Horas lectivas: 10 horas lectivas.<br />Imparte: MTRA. VERONICA CAMACHO AVILA.</p><p><b>Participantes que acreditaron: </b></p><ol><li>ALICIA LUCERO GONZALEZ</li><li>ALMA LETICIA PEREZ BAEZ</li><li>ALMARELI GARCIA BAUTISTA</li><li>ANGELICA MARTINEZ ORTEGA</li><li>CARMEN ANTONIO LOPEZ</li><li>CLAUDIA ESPERANZA BALDERRABANO LOPEZ</li><li>CLAUDIA ZENTENO PERIANZA.</li><li>DEISY LIZZETH REYES PACHECO</li><li>DIANA CARBAJAL DIAZ</li><li>DIANA MARIA DEL SOCORRO BAEZA DOMINGUEZ</li><li>GABRIELA PAZ LOBACO</li><li>GRACIELA MARTINEZ LOPEZ</li><li>HERLINDA LOPEZ SANCHEZ</li><li>IYARI BETSHAVE SANDOVAL LOPEZ</li><li>KARLA ALEJANDRA MUÑOS ALVARADO</li><li>LESLIE CERVANTES LEMUS</li><li>LETICIA GISELA MORENO HUERTA</li><li>LINA XOCHITL ESCOBAR SOLANO</li><li>LUCELY SANTIAGO PINTO DE LEON</li><li>MARIA CECILIA CRUZ CRUZ</li><li>MARIA DE LA LUZ QUINTANA FLORES</li><li>MARIA ISABEL CAROLINA MEDINA RODRIGUEZ</li><li>MIGUEL VIVEROS SOBERANO</li><li>NATALIA FLORES GONZALEZ</li><li>PAMELA GARRIDO AVILA</li><li>ROSA EVELIA SAUCEDO CAUDANA</li><li>SHEYLA GONZALEZ ROJAS</li><li>TAYDE ARRIAGA MARTINEZ</li><li>TEODORA PETRA LINO IXTLAHUACA</li><li>VANESSA CARRASCO CERVANTES</li><li>VERONICA ORTEGA GOMEZ</li><li>YESSICA LOPEZ VARGAS</li><li>ZULMA ABRIL GARCIA LOPEZ</li></ol><p>.</p>								</div>
				</div>
					</div>
		</div>
					</div>
		</section>
				</div>

<p>TALLER PEDAGÓGICO SABERES Y PENSAMIENTO CIENTÍFICO: DESARROLLO DEL PENSAMIENTO MATEMÁTICO (NEM). Acreditación de Actividades. Datos Generales: Institución: Instituto Universitario Antequera de Oaxaca.Clave de Plantel: 20MSY0104Y.Periodo:   3 y 4 de junio de 2025.Modalidad: Virtual.Horas lectivas: 10 horas lectivas.Imparte: MTRA. VERONICA CAMACHO AVILA. Participantes que acreditaron:  ALICIA LUCERO GONZALEZ ALMA LETICIA PEREZ BAEZ <a class="read-more" href="https://institutounao.com.mx/index.php/ecp25-69-taller-pedagogico-saberes-y-pensamiento-cientifico-desarrollo-del-pensamiento-matematico-nem/">Read More&#8230;</a></p>
